000
CXUS53 KBIS 022141
CLMBIS
CLIMATE REPORT
NATIONAL WEATHER SERVICE BISMARCK, ND
441 PM CDT SUN JUL 02 2023
...................................
...THE BISMARCK ND CLIMATE SUMMARY FOR THE MONTH OF JUNE 2023...
CLIMATE NORMAL PERIOD: 1991 TO 2020
CLIMATE RECORD PERIOD: 1875 TO 2023
WEATHER OBSERVED NORMAL DEPART LAST YEAR`S
VALUE DATE(S) VALUE FROM VALUE DATE(S)
NORMAL
................................................................
TEMPERATURE (F)
RECORD
HIGH 111 06/29/2002
LOW 30 06/02/1969
HIGHEST 96 06/20 101 06/18
LOWEST 47 06/11 35 06/03
06/12
AVG. MAXIMUM 83.3 77.9 5.4 81.5
AVG. MINIMUM 58.1 52.9 5.2 52.5
MEAN 70.7 65.4 5.3 67.0
DAYS MAX >= 90 5 2.5 2.5 4
DAYS MAX <= 32 0 0.0 0.0 0
DAYS MIN <= 32 0 0.1 -0.1 0
DAYS MIN <= 0 0 0.0 0.0 0
PRECIPITATION (INCHES)
RECORD
MAXIMUM 9.90 1914
MINIMUM 0.47 1936
TOTALS 4.56 3.36 1.20 1.21
DAILY AVG. 0.15 0.11 0.04 0.04
DAYS >= .01 11 11.6 -0.6 6
DAYS >= .10 7 6.4 0.6 2
DAYS >= .50 4 2.1 1.9 1
DAYS >= 1.00 1 0.6 0.4 0
GREATEST
24 HR. TOTAL 1.72 06/24 TO 06/24 0.67
SNOWFALL (INCHES)
RECORDS
TOTAL T 2017
TOTALS 0.0 0.0 0.0 0.0
SINCE 7/1 101.2 50.5 50.7 MM
SNOWDEPTH AVG. 0 0
DAYS >= 1.0 0 0.0 0.0 0
GREATEST
SNOW DEPTH 0 0 MM
24 HR TOTAL 0.0 MM
DEGREE DAYS
HEATING TOTAL 16 77 -61
SINCE 7/1 9111 8470 641
COOLING TOTAL 192 88 104
SINCE 1/1 245 105 140
................................................................
WIND (MPH)
HIGHEST WIND SPEED/DIRECTION 31/350 DATE 06/08
31/360 06/24
HIGHEST GUST SPEED/DIRECTION 48/340 DATE 06/24
SKY COVER
POSSIBLE SUNSHINE (PERCENT) MM
NUMBER OF DAYS FAIR 24
NUMBER OF DAYS PC 2
NUMBER OF DAYS CLOUDY 4
WEATHER CONDITIONS. NUMBER OF DAYS WITH
THUNDERSTORM 10 MIXED PRECIP 0
HEAVY RAIN 7 RAIN 7
LIGHT RAIN 16 FREEZING RAIN 0
LT FREEZING RAIN 0 HAIL 0
HEAVY SNOW 0 SNOW 0
LIGHT SNOW 0 SLEET 0
FOG 12 FOG W/VIS <= 1/4 MILE 1
HAZE 5
- INDICATES NEGATIVE NUMBERS.
R INDICATES RECORD WAS SET OR TIED.
MM INDICATES DATA IS MISSING.
T INDICATES TRACE AMOUNT.
$$