000
CXUS53 KGRR 020443
CLSBIV
WRKCLSBIV 000
TTAA00 GRR 020423
CLIMATE REPORT
NATIONAL WEATHER SERVICE GRAND RAPIDS, MICHIGAN
1122 PM EST WED MAR 01 2023
...................................
...THE HOLLAND CLIMATE SUMMARY FOR THE SEASON, FROM
12/1/2022 TO 2/28/2023...
CLIMATE NORMAL PERIOD: 1991 TO 2020
CLIMATE RECORD PERIOD: 1905 TO 2023
WEATHER OBSERVED NORMAL DEPART LAST YEAR`S
VALUE DATE(S) VALUE FROM VALUE DATE(S)
NORMAL
................................................................
TEMPERATURE (F)
RECORD
HIGH 70 12/05/2001
02/11/1999
LOW -24 02/01/1918
HIGHEST 53 12/02 MM MM 66 12/16
LOWEST 6 12/23 MM MM 0 02/13
AVG. MAXIMUM 36.1 34.3 1.8 35.4
AVG. MINIMUM 28.3 22.2 6.1 21.1
MEAN 32.2 28.3 3.9 28.3
DAYS MAX >= 90 0 0.0 0.0 0
DAYS MAX <= 32 14 37.1 -23.1 35
DAYS MIN <= 32 43 76.0 -33.0 MM
DAYS MIN <= 0 0 2.5 -2.5 MM
PRECIPITATION (INCHES)
RECORD
MAXIMUM 12.05 1950
MINIMUM 2.55 2003
TOTALS 8.30 5.75 2.55 6.22
DAILY AVG. 0.09 0.06 0.03 0.07
DAYS >= .01 45 40.7 4.3 44
DAYS >= .10 20 16.0 4.0 19
DAYS >= .50 6 2.9 3.1 2
DAYS >= 1.00 1 0.5 0.5 1
GREATEST
24 HR. TOTAL 1.16 02/27 TO 02/27
DEGREE DAYS
HEATING TOTAL 2601 3303 -702 3277
SINCE 7/1 3784 4602 -818 MM
COOLING TOTAL 0 0 0 0
SINCE 1/1 0 0 0 MM
FREEZE DATES
EARLIEST 10/29
LATEST 04/27
................................................................
WIND (MPH)
AVERAGE WIND SPEED 10.1
RESULTANT WIND SPEED/DIRECTION 3/230
HIGHEST WIND SPEED/DIRECTION 38/240 DATE 02/15
HIGHEST GUST SPEED/DIRECTION 53/230 DATE 02/15
SKY COVER
POSSIBLE SUNSHINE (PERCENT) MM
AVERAGE SKY COVER 0.76
NUMBER OF DAYS FAIR 14
NUMBER OF DAYS PC 15
NUMBER OF DAYS CLOUDY 61
AVERAGE RH (PERCENT) 74
WEATHER CONDITIONS. NUMBER OF DAYS WITH
THUNDERSTORM 1 MIXED PRECIP 0
HEAVY RAIN 6 RAIN 10
LIGHT RAIN 22 FREEZING RAIN 1
LT FREEZING RAIN 3 HAIL 0
HEAVY SNOW 3 SNOW 8
LIGHT SNOW 37 SLEET 0
FOG 43 FOG W/VIS <= 1/4 MILE 5
HAZE 11
- INDICATES NEGATIVE NUMBERS.
R INDICATES RECORD WAS SET OR TIED.
MM INDICATES DATA IS MISSING.
T INDICATES TRACE AMOUNT.
$$