000
CXUS51 KRLX 011138
CF6BKW
PRELIMINARY LOCAL CLIMATOLOGICAL DATA (WS FORM: F-6)
STATION: BECKLEY WV
MONTH: MAY
YEAR: 2022
LATITUDE: 37 46 N
LONGITUDE: 81 7 W
TEMPERATURE IN F: :PCPN: SNOW: WIND :SUNSHINE: SKY :PK WND
================================================================================
1 2 3 4 5 6A 6B 7 8 9 10 11 12 13 14 15 16 17 18
12Z AVG MX 2MIN
DY MAX MIN AVG DEP HDD CDD WTR SNW DPTH SPD SPD DIR MIN PSBL S-S WX SPD DR
================================================================================
1 70 55 63 5 2 0 0.11 0.0 0 8.6 25 260 M M 4 1 37 220
2 76 48 62 4 3 0 0.00 0.0 0 5.8 18 260 M M 1 27 330
3 82 51 67 8 0 2 0.04 0.0 0 9.1 33 250 M M 1 45 240
4 72 54 63 4 2 0 0.03 0.0 0 7.9 20 280 M M 7 1 26 270
5 77 52 65 6 0 0 0.00 0.0 0 5.1 14 150 M M 5 22 200
6 68 55 62 3 3 0 1.22 0.0 0 8.2 17 250 M M 8 13 25 170
7 57 46 52 -8 13 0 0.43 0.0 0 8.0 15 330 M M 10 1 18 350
8 61 43 52 -8 13 0 0.00 0.0 0 7.9 16 120 M M 7 25 140
9 72 42 57 -3 8 0 0.00 0.0 0 7.1 18 130 M M 1 27 130
10 79 46 63 3 2 0 0.00 0.0 0 5.7 16 130 M M 0 24 140
11 79 52 66 6 0 1 0.00 0.0 0 6.9 16 350 M M 0 21 10
12 78 50 64 4 1 0 0.00 0.0 0 8.1 18 120 M M 2 24 110
13 75 58 67 6 0 2 T 0.0 0 8.3 16 120 M M 6 1 26 120
14 72 56 64 3 1 0 0.02 0.0 0 5.3 14 220 M M 6 1 18 140
15 76 55 66 5 0 1 0.25 0.0 0 5.0 17 360 M M 4 12 22 340
16 68 52 60 -1 5 0 0.09 0.0 0 8.0 21 300 M M 5 1 29 270
17 75 50 63 2 2 0 0.00 0.0 0 8.9 22 290 M M 3 30 280
18 77 49 63 1 2 0 0.15 0.0 0 4.5 16 190 M M 3 1 23 170
19 79 59 69 7 0 4 0.05 0.0 0 7.7 17 280 M M 6 1 24 260
20 87 64 76 14 0 11 0.00 0.0 0 9.8 23 230 M M 0 31 210
21 84 61 73 11 0 8 0.11 0.0 0 6.2 21 240 M M 2 13 30 250
22 78 59 69 7 0 4 0.11 0.0 0 7.7 20 320 M M 4 1 24 330
23 65 56 61 -2 4 0 0.62 0.0 0 4.7 14 130 M M 10 12 18 120
24 63 55 59 -4 6 0 0.06 0.0 0 6.9 13 130 M M 10 1 18 130
25 67 56 62 -1 3 0 0.00 0.0 0 12.6 20 130 M M 9 27 130
26 69 59 64 1 1 0 0.15 0.0 0 12.2 18 140 M M 9 1 26 140
27 70 54 62 -2 3 0 1.17 0.0 0 5.9 24 270 M M 9 1 31 280
28 70 54 62 -2 3 0 0.15 0.0 0 5.2 12 330 M M 9 1 16 270
29 79 50 65 1 0 0 0.00 0.0 0 5.2 13 250 M M 1 1 16 270
30 84 59 72 8 0 7 0.00 0.0 0 6.2 12 260 M M 3 15 230
31 84 61 73 9 0 8 0.00 0.0 0 3.7 10 360 M M 2 14 290
================================================================================
SM 2293 1661 77 48 4.76 0.0 222.4 M 147
================================================================================
AV 74.0 53.6 7.2 FASTST M M 5 MAX(MPH)
MISC ----> 33 250 45 240
================================================================================
NOTES:
# LAST OF SEVERAL OCCURRENCES
COLUMN 17 PEAK WIND IN M.P.H.
PRELIMINARY LOCAL CLIMATOLOGICAL DATA (WS FORM: F-6) , PAGE 2
STATION: BECKLEY WV
MONTH: MAY
YEAR: 2022
LATITUDE: 37 46 N
LONGITUDE: 81 7 W
[TEMPERATURE DATA] [PRECIPITATION DATA] SYMBOLS USED IN COLUMN 16
AVERAGE MONTHLY: 63.8 TOTAL FOR MONTH: 4.76 1 = FOG OR MIST
DPTR FM NORMAL: 2.5 DPTR FM NORMAL: 0.08 2 = FOG REDUCING VISIBILITY
HIGHEST: 87 ON 20 GRTST 24HR 1.35 ON 6- 7 TO 1/4 MILE OR LESS
LOWEST: 42 ON 9 3 = THUNDER
SNOW, ICE PELLETS, HAIL 4 = ICE PELLETS
TOTAL MONTH: 0.0 INCH 5 = HAIL
GRTST 24HR 0.0 6 = FREEZING RAIN OR DRIZZLE
GRTST DEPTH: 0 7 = DUSTSTORM OR SANDSTORM:
VSBY 1/2 MILE OR LESS
8 = SMOKE OR HAZE
[NO. OF DAYS WITH] [WEATHER - DAYS WITH] 9 = BLOWING SNOW
X = TORNADO
MAX 32 OR BELOW: 0 0.01 INCH OR MORE: 17
MAX 90 OR ABOVE: 0 0.10 INCH OR MORE: 11
MIN 32 OR BELOW: 0 0.50 INCH OR MORE: 3
MIN 0 OR BELOW: 0 1.00 INCH OR MORE: 2
[HDD (BASE 65) ]
TOTAL THIS MO. 77 CLEAR (SCALE 0-3) 11
DPTR FM NORMAL -85 PTCLDY (SCALE 4-7) 13
TOTAL FM JUL 1 4564 CLOUDY (SCALE 8-10) 7
DPTR FM NORMAL -466
[CDD (BASE 65) ]
TOTAL THIS MO. 48
DPTR FM NORMAL 1 [PRESSURE DATA]
TOTAL FM JAN 1 69 HIGHEST SLP 30.31 ON 10
DPTR FM NORMAL 7 LOWEST SLP 29.49 ON 6
[REMARKS]
#FINAL-05-22#