000
CXUS51 KRNK 010604
CF6BLF
PRELIMINARY LOCAL CLIMATOLOGICAL DATA (WS FORM: F-6)
STATION: BLUEFIELD WV
MONTH: SEPTEMBER
YEAR: 2023
LATITUDE: 37 17 N
LONGITUDE: 81 12 W
TEMPERATURE IN F: :PCPN: SNOW: WIND :SUNSHINE: SKY :PK WND
================================================================================
1 2 3 4 5 6A 6B 7 8 9 10 11 12 13 14 15 16 17 18
12Z AVG MX 2MIN
DY MAX MIN AVG DEP HDD CDD WTR SNW DPTH SPD SPD DIR MIN PSBL S-S WX SPD DR
================================================================================
1 77 55 66 -1 0 1 0.00 0.0 0 3.8 9 160 M M 1 15 130
2 79 55 67 0 0 2 0.00 0.0 0 3.5 12 290 M M 1 16 290
3 80 60 70 3 0 5 0.00 0.0 0 5.0 12 260 M M 2 M M
4 81 61 71 4 0 6 0.00 0.0 0 3.4 10 250 M M 1 14 290
5 83 62 73 7 0 8 0.00 0.0 0 2.7 12 250 M M 0 17 250
6 82 61 72 6 0 7 0.00 0.0 0 4.6 14 250 M M 0 12 18 240
7 80 63 72 6 0 7 0.04 0.0 0 4.6 16 230 M M 5 3 22 200
8 79 61 70 4 0 5 0.16 0.0 0 2.1 13 270 M M 8 13 16 300
9 76 60 68 2 0 3 0.03 0.0 0 2.6 10 120 M M 6 123 18 120
10 69 60 65 0 0 0 0.20 0.0 0 1.9 9 250 M M 10 1 12 260
11 74 59 67 2 0 2 0.00 0.0 0 2.3 10 270 M M 7 12 14 280
12 74 56 65 0 0 0 0.08 0.0 0 3.3 13 250 M M 4 12 18 250
13 73 56 65 1 0 0 0.01 0.0 0 3.5 10 290 M M 6 12 14 290
14 71 50 61 -3 4 0 0.00 0.0 0 2.3 10 10 M M 1 16 90
15 73 49 61 -3 4 0 0.00 0.0 0 2.4 10 260 M M 3 14 280
16 75 51 63 -1 2 0 0.03 0.0 0 2.3 13 270 M M 4 19 270
17 66 52 59 -4 6 0 0.18 0.0 0 5.6 17 240 M M 8 1 23 220
18 65 51 58 -5 7 0 0.01 0.0 0 6.1 14 290 M M 6 1 20 270
19 67 50 59 -4 6 0 0.00 0.0 0 4.5 12 270 M M 2 17 270
20 73 48 61 -1 4 0 0.00 0.0 0 2.1 10 280 M M 3 1 13 340
21 73 52 63 1 2 0 0.00 0.0 0 1.7 7 70 M M 5 1 10 80
22 70 52 61 -1 4 0 0.00 0.0 0 3.9 13 10 M M 2 12 19 40
23 64 50 57 -4 8 0 0.14 0.0 0 5.1 14 310 M M 8 1 23 310
24 59 52 56 -5 9 0 0.04 0.0 0 5.2 10 280 M M 10 1 15 280
25 62 51 57 -4 8 0 0.01 0.0 0 2.4 8 300 M M 10 12 10 290
26 70 53 62 2 3 0 0.00 0.0 0 4.2 15 110 M M 7 12 24 110
27 64 53 59 -1 6 0 0.00 0.0 0 5.5 12 110 M M 9 19 140
28 70 50 60 0 5 0 0.16 0.0 0 3.3 10 10 M M 7 1 15 120
29 72 50 61 2 4 0 0.00 0.0 0 2.0 9 10 M M 5 12 11 10
30 74 53 64 5 1 0 0.00 0.0 0 1.9 9 10 M M 2 1 14 330
================================================================================
SM 2175 1636 83 46 1.09 0.0 103.8 M 143
================================================================================
AV 72.5 54.5 3.5 FASTST M M 5 MAX(MPH)
MISC ----> 17 240 24 110
================================================================================
NOTES:
# LAST OF SEVERAL OCCURRENCES
COLUMN 17 PEAK WIND IN M.P.H.
PRELIMINARY LOCAL CLIMATOLOGICAL DATA (WS FORM: F-6) , PAGE 2
STATION: BLUEFIELD WV
MONTH: SEPTEMBER
YEAR: 2023
LATITUDE: 37 17 N
LONGITUDE: 81 12 W
[TEMPERATURE DATA] [PRECIPITATION DATA] SYMBOLS USED IN COLUMN 16
AVERAGE MONTHLY: 63.5 TOTAL FOR MONTH: 1.09 1 = FOG OR MIST
DPTR FM NORMAL: 0.0 DPTR FM NORMAL: -2.15 2 = FOG REDUCING VISIBILITY
HIGHEST: 83 ON 5 GRTST 24HR 0.21 ON 16-17 TO 1/4 MILE OR LESS
LOWEST: 48 ON 20 3 = THUNDER
SNOW, ICE PELLETS, HAIL 4 = ICE PELLETS
TOTAL MONTH: 0.0 INCH 5 = HAIL
GRTST 24HR 0.0 6 = FREEZING RAIN OR DRIZZLE
GRTST DEPTH: 0 7 = DUSTSTORM OR SANDSTORM:
VSBY 1/2 MILE OR LESS
8 = SMOKE OR HAZE
[NO. OF DAYS WITH] [WEATHER - DAYS WITH] 9 = BLOWING SNOW
X = TORNADO
MAX 32 OR BELOW: 0 0.01 INCH OR MORE: 13
MAX 90 OR ABOVE: 0 0.10 INCH OR MORE: 5
MIN 32 OR BELOW: 0 0.50 INCH OR MORE: 0
MIN 0 OR BELOW: 0 1.00 INCH OR MORE: 0
[HDD (BASE 65) ]
TOTAL THIS MO. 83 CLEAR (SCALE 0-3) 12
DPTR FM NORMAL -18 PTCLDY (SCALE 4-7) 13
TOTAL FM JUL 1 92 CLOUDY (SCALE 8-10) 5
DPTR FM NORMAL -29
[CDD (BASE 65) ]
TOTAL THIS MO. 46
DPTR FM NORMAL -10 [PRESSURE DATA]
TOTAL FM JAN 1 399 HIGHEST SLP M ON M
DPTR FM NORMAL -130 LOWEST SLP 29.81 ON 7
[REMARKS]
#FINAL-09-23#