000
CXUS55 KPSR 011005
CF6BLH
PRELIMINARY LOCAL CLIMATOLOGICAL DATA (WS FORM: F-6)
STATION: BLYTHE CA
MONTH: AUGUST
YEAR: 2022
LATITUDE: 33 37 N
LONGITUDE: 114 43 W
TEMPERATURE IN F: :PCPN: SNOW: WIND :SUNSHINE: SKY :PK WND
================================================================================
1 2 3 4 5 6A 6B 7 8 9 10 11 12 13 14 15 16 17 18
12Z AVG MX 2MIN
DY MAX MIN AVG DEP HDD CDD WTR SNW DPTH SPD SPD DIR MIN PSBL S-S WX SPD DR
================================================================================
1 106 84 95 -1 0 30 0.00 M M 8.9 18 240 M M 0 23 240
2 109 89 99 3 0 34 0.00 M M 8.8 15 240 M M 0 21 170
3 110 88 99 3 0 34 0.00 M M 13.0 21 180 M M 0 26 150
4 92 77 85 -11 0 20 0.29 M M 8.0 25 90 M M 2 18 35 90
5 104 78 91 -5 0 26 0.00 M M 4.0 10 140 M M 0 8 16 130
6 110 87 99 3 0 34 0.00 M M 4.1 15 150 M M 0 20 150
7 107 86 97 2 0 32 T M M 12.0 43 170 M M 1 8 56 180
8 96 79 88 -7 0 23 0.15 M M 10.6 31 120 M M 1 38 120
9 103 80 92 -3 0 27 T M M 3.6 24 90 M M 1 34 70
10 106 83 95 0 0 30 0.00 M M 7.2 25 190 M M 0 31 190
11 105 84 95 0 0 30 T M M 5.9 18 60 M M 1 25 60
12 104 87 96 1 0 31 T M M 7.5 23 60 M M 1 29 110
13 105 82 94 -1 0 29 0.00 M M 7.2 29 250 M M 1 8 35 250
14 108 77 93 -2 0 28 0.71 M M 9.3 32 30 M M 1 8 46 90
15 103 78 91 -4 0 26 0.00 M M 4.1 14 350 M M 1 16 360
16 105 86 96 1 0 31 0.00 M M 7.4 23 270 M M 0 29 260
17 108 88 98 3 0 33 0.00 M M 8.9 22 130 M M 0 30 180
18 106 82 94 -1 0 29 T M M 11.3 39 60 M M 0 8 51 50
19 104 80 92 -3 0 27 0.00 M M 9.0 28 120 M M 1 8 37 110
20 103 80 92 -3 0 27 0.00 M M 10.3 20 170 M M 0 25 170
21 103 72 88 -6 0 23 0.35 M M 14.4 46 70 M M 0 138 64 50
22 103 74 89 -5 0 24 0.01 M M 7.7 23 250 M M 0 29 260
23 107 84 96 2 0 31 T M M 8.7 37 60 M M 0 8 46 60
24 105 75 90 -4 0 25 0.77 M M 9.9 47 150 M M 1 18 69 200
25 101 78 90 -4 0 25 0.00 M M 4.0 14 80 M M 0 19 70
26 108 84 96 2 0 31 0.00 M M 7.0 16 210 M M 0 18 210
27 109 86 98 4 0 33 0.00 M M 11.6 20 220 M M 0 26 170
28 104 85 95 1 0 30 0.00 M M 10.8 17 180 M M 0 25 160
29 107 85 96 3 0 31 0.00 M M 5.3 15 260 M M 0 18 260
30 115 85 100 7 0 35 0.00 M M 4.8 10 260 M M 2 14 20
31 112 86 99 6 0 34 0.00 M M 6.1 14 190 M M 0 19 190
================================================================================
SM 3268 2549 0 903 2.28 M 251.4 M 14
================================================================================
AV105.4 82.2 8.1 FASTST M M 0 MAX(MPH)
MISC ----> 47 150 69 200
================================================================================
NOTES:
# LAST OF SEVERAL OCCURRENCES
COLUMN 17 PEAK WIND IN M.P.H.
PRELIMINARY LOCAL CLIMATOLOGICAL DATA (WS FORM: F-6) , PAGE 2
STATION: BLYTHE CA
MONTH: AUGUST
YEAR: 2022
LATITUDE: 33 37 N
LONGITUDE: 114 43 W
[TEMPERATURE DATA] [PRECIPITATION DATA] SYMBOLS USED IN COLUMN 16
AVERAGE MONTHLY: 93.8 TOTAL FOR MONTH: 2.28 1 = FOG OR MIST
DPTR FM NORMAL: -0.9 DPTR FM NORMAL: 1.88 2 = FOG REDUCING VISIBILITY
HIGHEST: 115 ON 30 GRTST 24HR 0.77 ON 23-24 TO 1/4 MILE OR LESS
LOWEST: 72 ON 21 3 = THUNDER
SNOW, ICE PELLETS, HAIL 4 = ICE PELLETS
TOTAL MONTH: M 5 = HAIL
GRTST 24HR M ON M 6 = FREEZING RAIN OR DRIZZLE
GRTST DEPTH: M ON M 7 = DUSTSTORM OR SANDSTORM:
VSBY 1/2 MILE OR LESS
8 = SMOKE OR HAZE
[NO. OF DAYS WITH] [WEATHER - DAYS WITH] 9 = BLOWING SNOW
X = TORNADO
MAX 32 OR BELOW: 0 0.01 INCH OR MORE: 6
MAX 90 OR ABOVE: 31 0.10 INCH OR MORE: 5
MIN 32 OR BELOW: 0 0.50 INCH OR MORE: 2
MIN 0 OR BELOW: 0 1.00 INCH OR MORE: 0
[HDD (BASE 65) ]
TOTAL THIS MO. 0 CLEAR (SCALE 0-3) 31
DPTR FM NORMAL 0 PTCLDY (SCALE 4-7) 0
TOTAL FM JUL 1 0 CLOUDY (SCALE 8-10) 0
DPTR FM NORMAL 0
[CDD (BASE 65) ]
TOTAL THIS MO. 903
DPTR FM NORMAL -18 [PRESSURE DATA]
TOTAL FM JAN 1 3704 HIGHEST SLP M ON M
DPTR FM NORMAL 318 LOWEST SLP 29.56 ON 27
[REMARKS]
#FINAL-08-22#