000
CXUS55 KPSR 011544
CF6BLH
PRELIMINARY LOCAL CLIMATOLOGICAL DATA (WS FORM: F-6)
STATION: BLYTHE CA
MONTH: FEBRUARY
YEAR: 2022
LATITUDE: 33 37 N
LONGITUDE: 114 43 W
TEMPERATURE IN F: :PCPN: SNOW: WIND :SUNSHINE: SKY :PK WND
================================================================================
1 2 3 4 5 6A 6B 7 8 9 10 11 12 13 14 15 16 17 18
12Z AVG MX 2MIN
DY MAX MIN AVG DEP HDD CDD WTR SNW DPTH SPD SPD DIR MIN PSBL S-S WX SPD DR
================================================================================
1 72 47 60 3 5 0 0.00 M M 7.0 20 350 M M 0 26 350
2 57 44 51 -6 14 0 0.00 M M 19.5 38 350 M M 1 8 52 340
3 61 44 53 -5 12 0 0.00 M M 17.3 29 360 M M 0 38 10
4 65 39 52 -6 13 0 0.00 M M 7.7 17 50 M M 0 22 40
5 70 36 53 -5 12 0 0.00 M M 6.0 17 360 M M 0 23 360
6 76 35 56 -2 9 0 0.00 M M 11.8 29 10 M M 0 39 350
7 74 46 60 2 5 0 0.00 M M 5.4 15 350 M M 0 18 10
8 79 42 61 3 4 0 0.00 M M 7.2 20 350 M M 0 28 340
9 84 52 68 10 0 3 0.00 M M 12.2 22 10 M M 0 28 20
10 83 59 71 13 0 6 0.00 M M 14.5 32 350 M M 0 43 350
11 88 48 68 10 0 3 0.00 M M 8.1 21 340 M M 0 28 360
12 85 55 70 11 0 5 0.00 M M 7.6 17 330 M M 0 21 340
13 83 42 63 4 2 0 0.00 M M 2.8 9 310 M M 0 11 50
14 80 39 60 1 5 0 0.00 M M 3.3 12 180 M M 0 8 14 180
15 77 51 64 5 1 0 0.00 M M 13.9 35 210 M M 1 8 44 200
16 72 39 56 -3 9 0 0.00 M M 8.2 18 240 M M 0 23 240
17 71 48 60 0 5 0 0.00 M M 12.4 28 350 M M 0 36 350
18 75 38 57 -3 8 0 0.00 M M 5.6 16 340 M M M 21 350
19 79 44 62 2 3 0 0.00 M M 3.2 9 10 M M M 14 30
20 80 41 61 1 4 0 0.00 M M 7.5 22 170 M M M 32 170
21 72 51 62 2 3 0 0.00 M M 17.9 32 220 M M M 41 240
22 68 48 58 -2 7 0 T M M 19.0 33 240 M M M 48 230
23 58 40 49 -12 16 0 0.04 M M 10.8 26 300 M M M 33 290
24 61 35 48 -13 17 0 0.00 M M 5.3 14 10 M M M 20 10
25 68 30 49 -12 16 0 0.00 M M 6.6 15 340 M M M 21 350
26 69 44 57 -4 8 0 0.00 M M 11.8 26 360 M M M 34 350
27 71 38 55 -7 10 0 0.00 M M 6.6 16 330 M M M 20 350
28 82 48 65 3 0 0 0.00 M M 8.3 21 360 M M M 33 360
================================================================================
SM 2060 1223 188 17 0.04 M 267.5 M 2
================================================================================
AV 73.6 43.7 9.6 FASTST M M 0 MAX(MPH)
MISC ----> 38 350 52 340
================================================================================
NOTES:
# LAST OF SEVERAL OCCURRENCES
COLUMN 17 PEAK WIND IN M.P.H.
PRELIMINARY LOCAL CLIMATOLOGICAL DATA (WS FORM: F-6) , PAGE 2
STATION: BLYTHE CA
MONTH: FEBRUARY
YEAR: 2022
LATITUDE: 33 37 N
LONGITUDE: 114 43 W
[TEMPERATURE DATA] [PRECIPITATION DATA] SYMBOLS USED IN COLUMN 16
AVERAGE MONTHLY: 58.6 TOTAL FOR MONTH: 0.04 1 = FOG OR MIST
DPTR FM NORMAL: -0.7 DPTR FM NORMAL: -0.58 2 = FOG REDUCING VISIBILITY
HIGHEST: 88 ON 11 GRTST 24HR 0.04 ON 23-23 TO 1/4 MILE OR LESS
LOWEST: 30 ON 25 3 = THUNDER
SNOW, ICE PELLETS, HAIL 4 = ICE PELLETS
TOTAL MONTH: M 5 = HAIL
GRTST 24HR M ON M 6 = FREEZING RAIN OR DRIZZLE
GRTST DEPTH: M ON M 7 = DUSTSTORM OR SANDSTORM:
VSBY 1/2 MILE OR LESS
8 = SMOKE OR HAZE
[NO. OF DAYS WITH] [WEATHER - DAYS WITH] 9 = BLOWING SNOW
X = TORNADO
MAX 32 OR BELOW: 0 0.01 INCH OR MORE: 1
MAX 90 OR ABOVE: 0 0.10 INCH OR MORE: 0
MIN 32 OR BELOW: 1 0.50 INCH OR MORE: 0
MIN 0 OR BELOW: 0 1.00 INCH OR MORE: 0
[HDD (BASE 65) ]
TOTAL THIS MO. 188 CLEAR (SCALE 0-3) 17
DPTR FM NORMAL 15 PTCLDY (SCALE 4-7) 0
TOTAL FM JUL 1 746 CLOUDY (SCALE 8-10) 11
DPTR FM NORMAL -180
[CDD (BASE 65) ]
TOTAL THIS MO. 17
DPTR FM NORMAL 5 [PRESSURE DATA]
TOTAL FM JAN 1 18 HIGHEST SLP M ON M
DPTR FM NORMAL 9 LOWEST SLP 29.73 ON 21
[REMARKS]
#FINAL-02-22#