000
CXUS53 KILX 010900
CF6BMI
PRELIMINARY LOCAL CLIMATOLOGICAL DATA (WS FORM: F-6)
STATION: BLOOMINGTON IL AIRPORT
MONTH: JULY
YEAR: 2022
LATITUDE: 40 28 N
LONGITUDE: 88 56 W
TEMPERATURE IN F: :PCPN: SNOW: WIND :SUNSHINE: SKY :PK WND
================================================================================
1 2 3 4 5 6A 6B 7 8 9 10 11 12 13 14 15 16 17 18
12Z AVG MX 2MIN
DY MAX MIN AVG DEP HDD CDD WTR SNW DPTH SPD SPD DIR MIN PSBL S-S WX SPD DR
================================================================================
1 79 68 74 M 0 9 0.16 M M 8.6 16 290 M M 5 23 290
2 83 64 74 M 0 9 0.00 M M 6.3 12 40 M M 2 M M
3 86 59 73 M 0 8 0.00 M M 6.7 13 120 M M 0 M M
4 90 64 77 M 0 12 0.00 M M 10.3 20 200 M M 2 27 200
5 95 76 86 M 0 21 0.00 M M 10.9 16 230 M M 0 22 220
6 88 71 80 M 0 15 T M M 7.9 23 310 M M 3 31 300
7 78 70 74 M 0 9 0.64 M M 5.2 13 110 M M 8 1 M M
8 76 68 72 M 0 7 0.53 M M 8.4 17 40 M M 9 1 23 40
9 82 61 72 M 0 7 0.00 M M 13.2 17 50 M M 4 1 21 70
10 80 58 69 M 0 4 0.00 M M 5.9 9 20 M M 0 M M
11 85 63 74 M 0 9 T M M 10.2 17 260 M M 2 22 260
12 83 66 75 M 0 10 0.00 M M 11.7 17 340 M M 0 21 300
13 85 65 75 M 0 10 0.04 M M 9.6 17 270 M M 3 3 24 260
14 83 61 72 M 0 7 0.00 M M 5.3 9 50 M M 2 M M
15 75 66 71 M 0 6 0.20 M M 7.1 14 160 M M 9 1 M M
16 86 69 78 M 0 13 0.01 M M 7.0 10 30 M M 7 1 M M
17 81 69 75 M 0 10 0.06 M M 7.5 10 310 M M 7 1 M M
18 86 68 77 M 0 12 0.00 M M 7.0 14 360 M M 1 1 M M
19 87 65 76 M 0 11 0.00 M M 8.4 15 190 M M 1 22 190
20 88 72 80 M 0 15 0.00 M M 12.6 22 280 M M 1 1 29 280
21 89 67 78 M 0 13 0.00 M M 10.2 17 230 M M 0 24 240
22 87 65 76 M 0 11 0.00 M M 6.9 10 160 M M 0 M M
23 94 75 85 M 0 20 0.00 M M 11.3 23 100 M M 1 39 100
24 84 70 77 M 0 12 0.21 M M 12.1 17 210 M M 3 25 210
25 80 64 72 M 0 7 0.00 M M 5.8 12 360 M M 0 M M
26 73 65 69 M 0 4 T M M 4.8 9 140 M M 9 1 M M
27 84 65 75 M 0 10 T M M 8.0 15 270 M M 7 12 18 300
28 83 62 73 M 0 8 0.00 M M 7.8 14 310 M M 1 12 18 310
29 81 58 70 M 0 5 0.00 M M 9.3 15 300 M M 2 M M
30 82 59 71 M 0 6 0.00 M M 3.9 9 160 M M 1 M M
31 83 58 71 M 0 6 0.00 M M 6.6 14 210 M M 3 20 200
================================================================================
SM 2596 2031 0 306 1.85 M 256.5 M 93
================================================================================
AV 83.7 65.5 8.3 FASTST M M 3 MAX(MPH)
MISC ----> # 23 310 39 100
================================================================================
NOTES:
# LAST OF SEVERAL OCCURRENCES
COLUMN 17 PEAK WIND IN M.P.H.
PRELIMINARY LOCAL CLIMATOLOGICAL DATA (WS FORM: F-6) , PAGE 2
STATION: BLOOMINGTON IL AIRPORT
MONTH: JULY
YEAR: 2022
LATITUDE: 40 28 N
LONGITUDE: 88 56 W
[TEMPERATURE DATA] [PRECIPITATION DATA] SYMBOLS USED IN COLUMN 16
AVERAGE MONTHLY: 74.6 TOTAL FOR MONTH: 1.85 1 = FOG OR MIST
DPTR FM NORMAL: 0.0 DPTR FM NORMAL: M 2 = FOG REDUCING VISIBILITY
HIGHEST: 95 ON 5 GRTST 24HR 0.64 ON 7- 7 TO 1/4 MILE OR LESS
LOWEST: 58 ON 31,29 3 = THUNDER
SNOW, ICE PELLETS, HAIL 4 = ICE PELLETS
TOTAL MONTH: M 5 = HAIL
GRTST 24HR M ON M 6 = FREEZING RAIN OR DRIZZLE
GRTST DEPTH: M ON M 7 = DUSTSTORM OR SANDSTORM:
VSBY 1/2 MILE OR LESS
8 = SMOKE OR HAZE
[NO. OF DAYS WITH] [WEATHER - DAYS WITH] 9 = BLOWING SNOW
X = TORNADO
MAX 32 OR BELOW: 0 0.01 INCH OR MORE: 8
MAX 90 OR ABOVE: 3 0.10 INCH OR MORE: 5
MIN 32 OR BELOW: 0 0.50 INCH OR MORE: 2
MIN 0 OR BELOW: 0 1.00 INCH OR MORE: 0
[HDD (BASE 65) ]
TOTAL THIS MO. 0 CLEAR (SCALE 0-3) 20
DPTR FM NORMAL M PTCLDY (SCALE 4-7) 7
TOTAL FM JUL 1 0 CLOUDY (SCALE 8-10) 4
DPTR FM NORMAL M
[CDD (BASE 65) ]
TOTAL THIS MO. 306
DPTR FM NORMAL M [PRESSURE DATA]
TOTAL FM JAN 1 699 HIGHEST SLP M ON M
DPTR FM NORMAL M LOWEST SLP M ON M
[REMARKS]
#FINAL-07-22#