865
CXUS53 KILX 011000
CF6BMI
PRELIMINARY LOCAL CLIMATOLOGICAL DATA (WS FORM: F-6)
STATION: BLOOMINGTON IL AIRPORT
MONTH: JANUARY
YEAR: 2021
LATITUDE: 40 28 N
LONGITUDE: 88 56 W
TEMPERATURE IN F: :PCPN: SNOW: WIND :SUNSHINE: SKY :PK WND
================================================================================
1 2 3 4 5 6A 6B 7 8 9 10 11 12 13 14 15 16 17 18
12Z AVG MX 2MIN
DY MAX MIN AVG DEP HDD CDD WTR SNW DPTH SPD SPD DIR MIN PSBL S-S WX SPD DR
================================================================================
1 32 22 27 M 38 0 0.65 M M 15.3 27 50 M M 9 16 33 40
2 31 29 30 M 35 0 0.05 M M 6.4 14 330 M M 10 1268 M M
3 32 22 27 M 38 0 M M M 5.4 9 210 M M 10 126 M M
4 30 19 25 M 40 0 T M M 6.2 17 310 M M 10 126 20 310
5 33 23 28 M 37 0 0.00 M M 7.5 18 310 M M 10 12 M M
6 36 21 29 M 36 0 0.00 M M 6.5 12 120 M M 7 12 M M
7 35 20 28 M 37 0 0.00 M M 3.6 7 350 M M 7 1 M M
8 31 27 29 M 36 0 0.00 M M 10.9 20 350 M M 10 1 20 350
9 31 24 28 M 37 0 0.00 M M 9.8 16 330 M M 10 M M
10 27 21 24 M 41 0 T M M 7.4 14 290 M M 10 18 M M
11 29 20 25 M 40 0 T M M 10.2 16 220 M M 9 1 22 250
12 36 21 29 M 36 0 0.00 M M 10.7 15 200 M M 0 M M
13 38 30 34 M 31 0 0.00 M M 12.1 15 220 M M 0 M M
14 37 29 33 M 32 0 0.11 M M 12.9 21 250 M M 6 1 28 250
15 34 29 32 M 33 0 T M M 9.9 16 220 M M 10 16 22 210
16 36 22 29 M 36 0 0.02 M M 12.0 17 270 M M 9 12 23 280
17 29 22 26 M 39 0 T M M 12.3 16 270 M M 10 1 20 260
18 34 22 28 M 37 0 T M M 8.2 14 290 M M 7 1 M M
19 35 15 25 M 40 0 T M M 12.9 30 290 M M 6 39 290
20 34 11 23 M 42 0 0.00 M M 15.5 24 190 M M 2 30 190
21 47 29 38 M 27 0 0.00 M M 15.0 21 300 M M 0 36 320
22 30 11 21 M 44 0 0.00 M M 13.6 18 320 M M 0 27 310
23 33 8 21 M 44 0 0.00 M M 8.1 15 130 M M 3 23 130
24 37 29 33 M 32 0 T M M 9.7 17 140 M M 10 M M
25 35 29 32 M 33 0 0.05 M M 18.8 32 60 M M 10 16 39 50
26 32 22 27 M 38 0 0.02 M M 11.1 20 330 M M 10 16 M M
27 25 12 19 M 46 0 T M M 11.2 15 20 M M 7 1 18 350
28 31 8 20 M 45 0 0.00 M M 6.3 10 330 M M 0 M M
29 32 14 23 M 42 0 0.00 M M 12.5 17 140 M M 0 M M
30 35 28 32 M 33 0 0.75 M M 22.1 30 130 M M 8 16 39 120
31 34 29 32 M 33 0 0.09 M M 17.8 23 340 M M 10 1 30 340
================================================================================
SM 1031 668 1158 0 1.74 M 341.9 M 210
================================================================================
AV 33.3 21.5 11.0 FASTST M M 7 MAX(MPH)
MISC ----> 32 60 # 39 290
================================================================================
NOTES:
# LAST OF SEVERAL OCCURRENCES
COLUMN 17 PEAK WIND IN M.P.H.
PRELIMINARY LOCAL CLIMATOLOGICAL DATA (WS FORM: F-6) , PAGE 2
STATION: BLOOMINGTON IL AIRPORT
MONTH: JANUARY
YEAR: 2021
LATITUDE: 40 28 N
LONGITUDE: 88 56 W
[TEMPERATURE DATA] [PRECIPITATION DATA] SYMBOLS USED IN COLUMN 16
AVERAGE MONTHLY: 27.4 TOTAL FOR MONTH: 1.74 1 = FOG OR MIST
DPTR FM NORMAL: 0.0 DPTR FM NORMAL: M 2 = FOG REDUCING VISIBILITY
HIGHEST: 47 ON 21 GRTST 24HR 1.23 ON 30-31 TO 1/4 MILE OR LESS
LOWEST: 8 ON 28,23 3 = THUNDER
SNOW, ICE PELLETS, HAIL 4 = ICE PELLETS
TOTAL MONTH: M 5 = HAIL
GRTST 24HR M ON M 6 = FREEZING RAIN OR DRIZZLE
GRTST DEPTH: M ON M 7 = DUSTSTORM OR SANDSTORM:
VSBY 1/2 MILE OR LESS
8 = SMOKE OR HAZE
[NO. OF DAYS WITH] [WEATHER - DAYS WITH] 9 = BLOWING SNOW
X = TORNADO
MAX 32 OR BELOW: 14 0.01 INCH OR MORE: 8
MAX 90 OR ABOVE: 0 0.10 INCH OR MORE: 3
MIN 32 OR BELOW: 31 0.50 INCH OR MORE: 2
MIN 0 OR BELOW: 0 1.00 INCH OR MORE: 0
[HDD (BASE 65) ]
TOTAL THIS MO. 1158 CLEAR (SCALE 0-3) 7
DPTR FM NORMAL M PTCLDY (SCALE 4-7) 8
TOTAL FM JUL 1 3241 CLOUDY (SCALE 8-10) 16
DPTR FM NORMAL M
[CDD (BASE 65) ]
TOTAL THIS MO. 0
DPTR FM NORMAL M [PRESSURE DATA]
TOTAL FM JAN 1 0 HIGHEST SLP M ON M
DPTR FM NORMAL M LOWEST SLP M ON M
[REMARKS]
#FINAL-01-21#