000
CXUS54 KEWX 011110
CF6BMQ
PRELIMINARY LOCAL CLIMATOLOGICAL DATA (WS FORM: F-6)
STATION: BURNET
MONTH: FEBRUARY
YEAR: 2021
LATITUDE: 30 43 N
LONGITUDE: 98 14 W
TEMPERATURE IN F: :PCPN: SNOW: WIND :SUNSHINE: SKY :PK WND
================================================================================
1 2 3 4 5 6A 6B 7 8 9 10 11 12 13 14 15 16 17 18
12Z AVG MX 2MIN
DY MAX MIN AVG DEP HDD CDD WTR SNW DPTH SPD SPD DIR MIN PSBL S-S WX SPD DR
================================================================================
1 64 39 52 2 13 0 0.00 M M 5.2 14 10 M M 0 22 360
2 68 39 54 4 11 0 0.00 M M 4.0 12 170 M M 0 20 170
3 74 45 60 10 5 0 0.00 M M 9.8 18 190 M M 0 30 180
4 80 50 65 15 0 0 0.00 M M 10.4 20 330 M M 3 29 180
5 60 41 51 1 14 0 0.05 M M 7.9 15 100 M M 4 3 24 110
6 72 46 59 9 6 0 0.00 M M 9.1 25 310 M M 4 1 36 320
7 69 35 52 2 13 0 0.00 M M 7.8 20 180 M M 0 1 29 160
8 74 50 62 12 3 0 0.00 M M 6.9 20 210 M M 4 1 28 220
9 60 41 51 0 14 0 0.00 M M 8.7 15 60 M M 8 8 24 70
10 42 32 37 -14 28 0 T M M 9.2 14 10 M M 10 18 22 40
11 32 28 30 -21 35 0 0.19 M M 10.6 18 10 M M 10 136 29 30
12 29 25 27 -24 38 0 0.00 M M 10.6 17 10 M M 10 1 28 360
13 29 23 26 -25 39 0 T M M 9.1 16 20 M M 10 168 28 360
14 27 8 18 -34 47 0 T M M 13.0 23 340 M M 10 168 33 350
15 20 4 12 -40 53 0 T M M 11.7 18 330 M M 1 19 33 320
16 23 3 13 -39 52 0 T M M 5.5 12 150 M M 7 18 18 140
17 32 23 28 -24 37 0 M M M 8.8 15 360 M M 10 16 26 360
18 30 22 26 -26 39 0 T M M 10.3 17 340 M M 8 25 340
19 38 16 27 -26 38 0 0.00 M M 4.1 12 330 M M 0 17 320
20 58 26 42 -11 23 0 0.00 M M 6.9 17 190 M M 0 1 28 180
21 73 45 59 6 6 0 0.00 M M 9.9 22 210 M M 4 35 220
22 72 35 54 1 11 0 0.00 M M 2.8 12 190 M M 0 20 190
23 77 41 59 5 6 0 0.00 M M 7.4 20 190 M M 0 33 160
24 81 58 70 16 0 5 0.00 M M 8.5 14 30 M M 5 22 190
25 58 44 51 -3 14 0 0.05 M M 8.6 15 70 M M 10 18 22 20
26 58 44 51 -3 14 0 T M M 3.5 13 330 M M 10 1 18 330
27 73 57 65 11 0 0 0.02 M M 5.9 16 190 M M 9 128 25 170
28 74 54 64 9 1 0 0.02 M M 8.6 21 20 M M 9 1 29 20
================================================================================
SM 1547 974 560 5 0.33 M 224.8 M 146
================================================================================
AV 55.3 34.8 8.0 FASTST M M 5 MAX(MPH)
MISC ----> 25 310 36 320
================================================================================
NOTES:
# LAST OF SEVERAL OCCURRENCES
COLUMN 17 PEAK WIND IN M.P.H.
PRELIMINARY LOCAL CLIMATOLOGICAL DATA (WS FORM: F-6) , PAGE 2
STATION: BURNET
MONTH: FEBRUARY
YEAR: 2021
LATITUDE: 30 43 N
LONGITUDE: 98 14 W
[TEMPERATURE DATA] [PRECIPITATION DATA] SYMBOLS USED IN COLUMN 16
AVERAGE MONTHLY: 45.0 TOTAL FOR MONTH: 0.33 1 = FOG OR MIST
DPTR FM NORMAL: -6.8 DPTR FM NORMAL: -1.70 2 = FOG REDUCING VISIBILITY
HIGHEST: 81 ON 24 GRTST 24HR 0.19 ON 11-11 TO 1/4 MILE OR LESS
LOWEST: 3 ON 16 3 = THUNDER
SNOW, ICE PELLETS, HAIL 4 = ICE PELLETS
TOTAL MONTH: M 5 = HAIL
GRTST 24HR M ON M 6 = FREEZING RAIN OR DRIZZLE
GRTST DEPTH: M ON M 7 = DUSTSTORM OR SANDSTORM:
VSBY 1/2 MILE OR LESS
8 = SMOKE OR HAZE
[NO. OF DAYS WITH] [WEATHER - DAYS WITH] 9 = BLOWING SNOW
X = TORNADO
MAX 32 OR BELOW: 8 0.01 INCH OR MORE: 5
MAX 90 OR ABOVE: 0 0.10 INCH OR MORE: 1
MIN 32 OR BELOW: 11 0.50 INCH OR MORE: 0
MIN 0 OR BELOW: 0 1.00 INCH OR MORE: 0
[HDD (BASE 65) ]
TOTAL THIS MO. 560 CLEAR (SCALE 0-3) 9
DPTR FM NORMAL 183 PTCLDY (SCALE 4-7) 9
TOTAL FM JUL 1 1581 CLOUDY (SCALE 8-10) 10
DPTR FM NORMAL -144
[CDD (BASE 65) ]
TOTAL THIS MO. 5
DPTR FM NORMAL -3 [PRESSURE DATA]
TOTAL FM JAN 1 5 HIGHEST SLP 30.59 ON 19
DPTR FM NORMAL 0 LOWEST SLP 29.74 ON 4
[REMARKS]
#FINAL-02-21#