000
CXUS55 KBOI 130208
CF6BOI
PRELIMINARY LOCAL CLIMATOLOGICAL DATA (WS FORM: F-6)
STATION: BOISE ID
MONTH: FEBRUARY
YEAR: 2023
LATITUDE: 43 34 N
LONGITUDE: 116 13 W
TEMPERATURE IN F: :PCPN: SNOW: WIND :SUNSHINE: SKY :PK WND
================================================================================
1 2 3 4 5 6A 6B 7 8 9 10 11 12 13 14 15 16 17 18
12Z AVG MX 2MIN
DY MAX MIN AVG DEP HDD CDD WTR SNW DPTH SPD SPD DIR MIN PSBL S-S WX SPD DR
================================================================================
1 34 15 25 -9 40 0 0.00 0.0 T 5.2 12 140 M M 0 15 150
2 40 16 28 -6 37 0 0.00 0.0 0 3.8 10 140 M M 0 15 150
3 45 22 34 -1 31 0 0.00 0.0 0 3.1 15 160 M M 4 19 150
4 50 23 37 2 28 0 0.00 0.0 0 5.4 15 180 M M 2 8 22 180
5 51 37 44 9 21 0 0.04 T 0 9.5 21 300 M M 8 1 29 320
6 48 30 39 4 26 0 T 0.0 0 9.3 21 300 M M 8 27 310
7 50 29 40 4 25 0 T 0.0 0 7.5 16 150 M M 3 24 160
8 45 28 37 1 28 0 T T 0 9.4 21 320 M M 3 26 330
9 46 25 36 0 29 0 0.00 0.0 0 10.5 18 140 M M 0 25 130
10 50 29 40 4 25 0 0.00 0.0 0 11.3 21 170 M M 0 28 160
11 47 23 35 -1 30 0 0.00 0.0 0 4.2 10 130 M M 0 13 130
12 48 25 37 0 28 0 0.00 0.0 0 4.3 10 130 M M 0 14 130
13 49 26 38 1 27 0 0.06 1.0 0 9.5 29 300 M M 4 18 37 300
14 35 25 30 -7 35 0 0.05 1.1 2 14.4 24 300 M M 6 1 32 290
15 43 25 34 -4 31 0 0.00 0.0 1 10.3 21 310 M M 0 28 310
16 44 23 34 -4 31 0 0.00 0.0 T 11.5 18 130 M M 0 23 140
17 44 21 33 -5 32 0 0.00 0.0 0 6.8 18 150 M M 0 23 160
18 39 23 31 -7 34 0 0.00 0.0 0 3.9 13 130 M M 5 18 130
19 48 23 36 -3 29 0 0.00 0.0 0 3.6 12 330 M M 4 16 330
20 55 35 45 6 20 0 T 0.0 0 5.3 20 320 M M 6 26 320
21 51 27 39 0 26 0 T 0.0 0 13.0 31 300 M M 5 44 300
22 40 25 33 -7 32 0 T 0.2 T 9.2 21 290 M M 7 30 300
23 37 24 31 -9 34 0 T T 0 16.3 30 130 M M 6 48 38 140
24 45 20 33 -7 32 0 0.00 0.0 0 10.2 24 140 M M 0 31 140
25 53 23 38 -2 27 0 0.00 0.0 0 5.7 13 170 M M 0 18 180
26 41 29 35 -6 30 0 0.11 0.3 T 5.2 20 290 M M 7 1 28 280
27 42 26 34 -7 31 0 0.19 0.8 1 10.6 25 120 M M 4 18 33 140
28 40 30 35 -6 30 0 0.04 0.3 1 8.5 22 140 M M 8 1 32 140
================================================================================
SM 1260 707 829 0 0.49 3.7 227.5 M 90
================================================================================
AV 45.0 25.3 8.1 FASTST M M 3 MAX(MPH)
MISC ----> 31 300 44 300
================================================================================
NOTES:
# LAST OF SEVERAL OCCURRENCES
COLUMN 17 PEAK WIND IN M.P.H.
PRELIMINARY LOCAL CLIMATOLOGICAL DATA (WS FORM: F-6) , PAGE 2
STATION: BOISE ID
MONTH: FEBRUARY
YEAR: 2023
LATITUDE: 43 34 N
LONGITUDE: 116 13 W
[TEMPERATURE DATA] [PRECIPITATION DATA] SYMBOLS USED IN COLUMN 16
AVERAGE MONTHLY: 35.1 TOTAL FOR MONTH: 0.49 1 = FOG OR MIST
DPTR FM NORMAL: -2.4 DPTR FM NORMAL: -0.51 2 = FOG REDUCING VISIBILITY
HIGHEST: 55 ON 20 GRTST 24HR 0.19 ON 27-27 TO 1/4 MILE OR LESS
LOWEST: 15 ON 1 3 = THUNDER
SNOW, ICE PELLETS, HAIL 4 = ICE PELLETS
TOTAL MONTH: 3.7 INCHES 5 = HAIL
GRTST 24HR 1.1 ON 14-14 6 = FREEZING RAIN OR DRIZZLE
GRTST DEPTH: 2 ON 14 7 = DUSTSTORM OR SANDSTORM:
VSBY 1/2 MILE OR LESS
8 = SMOKE OR HAZE
[NO. OF DAYS WITH] [WEATHER - DAYS WITH] 9 = BLOWING SNOW
X = TORNADO
MAX 32 OR BELOW: 0 0.01 INCH OR MORE: 6
MAX 90 OR ABOVE: 0 0.10 INCH OR MORE: 2
MIN 32 OR BELOW: 26 0.50 INCH OR MORE: 0
MIN 0 OR BELOW: 0 1.00 INCH OR MORE: 0
[HDD (BASE 65) ]
TOTAL THIS MO. 829 CLEAR (SCALE 0-3) 14
DPTR FM NORMAL 59 PTCLDY (SCALE 4-7) 13
TOTAL FM JUL 1 4088 CLOUDY (SCALE 8-10) 1
DPTR FM NORMAL 66
[CDD (BASE 65) ]
TOTAL THIS MO. 0
DPTR FM NORMAL 0 [PRESSURE DATA]
TOTAL FM JAN 1 0 HIGHEST SLP 30.61 ON 9
DPTR FM NORMAL 0 LOWEST SLP 29.39 ON 22
[REMARKS]
#FINAL-02-23#