000
CXUS51 KBOX 010755
CLMBOS
CLIMATE REPORT
NATIONAL WEATHER SERVICE BOSTON/NORTON MA
255 AM EST FRI MAR 01 2024
...................................
...THE BOSTON MA CLIMATE SUMMARY FOR THE MONTH OF FEBRUARY 2024...
CLIMATE NORMAL PERIOD 1991 TO 2020
CLIMATE RECORD PERIOD 1872 TO 2024
WEATHER OBSERVED NORMAL DEPART LAST YEAR`S
VALUE DATE(S) VALUE FROM VALUE
NORMAL
..............................................................
TEMPERATURE (F)
RECORD
HIGH 73 02/24/2017
LOW -18 02/09/1934
HIGHEST 60 02/10 62
LOWEST 16 02/25 -10
AVG. MAXIMUM 42.2 39.0 3.2
AVG. MINIMUM 28.2 24.6 3.6
MEAN 35.2 31.8 3.4
DAYS MAX >= 90 0 0.0 0.0
DAYS MAX <= 32 0 6.7 -6.7
DAYS MIN <= 32 22 21.7 0.3
DAYS MIN <= 0 0 0.2 -0.2
PRECIPITATION (INCHES)
RECORD
MAXIMUM 7.94 2008
MINIMUM 0.45 1877
TOTALS 0.65 3.21 -2.56
DAILY AVG. 0.02 NAN NAN
DAYS >= .01 9 10.6 -1.6
DAYS >= .10 1 6.2 -5.2
DAYS >= .50 0 2.3 -2.3
DAYS >= 1.00 0 0.6 -0.6
GREATEST
24 HR. TOTAL 0.24 02/13 TO 02/13
SNOWFALL (INCHES)
RECORDS
MAXIMUM 64.8 2015
MINIMUM 0.0 1927
TOTALS 0.5 14.4 -13.9
LIQUID EQUIV 0.10
SINCE 7/1 9.7 38.6 -28.9
DAYS >= TRACE 5 6.2 -1.2
DAYS >= 1.0 0 2.9 -2.9
GREATEST
24 HR TOTAL 0.4 02/15 TO 02/15
DEGREE DAYS
HEATING TOTAL 857 930 -73
SINCE 7/1 3485 3998 -513
COOLING TOTAL 0 0 0
SINCE 1/1 0 0 0
..............................................................
WIND (MPH)
AVERAGE WIND SPEED 11.2
RESULTANT WIND SPEED/DIRECTION 5/280
HIGHEST WIND SPEED/DIRECTION 40/290 DATE 02/28
HIGHEST GUST SPEED/DIRECTION 59/300 DATE 02/29
SKY COVER
POSSIBLE SUNSHINE (PERCENT) MM
AVERAGE SKY COVER 0.54
NUMBER OF DAYS FAIR 8
NUMBER OF DAYS PC 15
NUMBER OF DAYS CLOUDY 6
AVERAGE RH (PERCENT) 65
WEATHER CONDITIONS. NUMBER OF DAYS WITH
THUNDERSTORM 0 MIXED PRECIP 1
HEAVY RAIN 1 RAIN 3
LIGHT RAIN 8 FREEZING RAIN 0
LT FREEZING RAIN 0 HAIL 0
HEAVY SNOW 0 SNOW 1
LIGHT SNOW 7 SLEET 0
FOG 8 FOG W/VIS <= 1/4 MILE 0
HAZE 2
- INDICATES NEGATIVE NUMBERS.
R INDICATES RECORD WAS SET OR TIED.
MM INDICATES DATA IS MISSING.
T INDICATES TRACE AMOUNT.
$$