000
CXUS54 KMAF 011110
CF6BPG
PRELIMINARY LOCAL CLIMATOLOGICAL DATA (WS FORM: F-6)
STATION: BIG SPRING MCMAHON-WRINKLE FI
MONTH: MARCH
YEAR: 2022
LATITUDE: 32 12 N
LONGITUDE: 101 31 W
TEMPERATURE IN F: :PCPN: SNOW: WIND :SUNSHINE: SKY :PK WND
================================================================================
1 2 3 4 5 6A 6B 7 8 9 10 11 12 13 14 15 16 17 18
12Z AVG MX 2MIN
DY MAX MIN AVG DEP HDD CDD WTR SNW DPTH SPD SPD DIR MIN PSBL S-S WX SPD DR
================================================================================
1 68 37 53 M 12 0 M M M 6.2 10 160 M M 0 M M
2 76 36 56 M 9 0 M M M 5.2 10 140 M M 0 M M
3 77 36 57 M 8 0 M M M 7.0 15 160 M M 0 20 160
4 82 53 68 M 0 3 M M M 15.9 26 200 M M 2 33 170
5 79 51 65 M 0 0 M M M 15.4 29 170 M M 1 36 170
6 68 34 51 M 14 0 M M M 14.1 21 60 M M 3 24 40
7 46 25 36 M 29 0 M M M 11.7 18 40 M M 0 26 40
8 53 30 42 M 23 0 M M M 6.7 14 70 M M 0 17 50
9 66 26 46 M 19 0 M M M 11.3 21 150 M M 0 29 180
10 64 33 49 M 16 0 M M M 14.5 29 40 M M 0 36 40
11 42 26 34 M 31 0 M M M 16.4 23 30 M M 6 30 40
12 59 17 38 M 27 0 M M M 11.1 21 200 M M 0 25 200
13 70 31 51 M 14 0 M M M 16.9 23 170 M M 0 29 200
14 70 45 58 M 7 0 M M M 17.1 25 300 M M 2 8 31 350
15 73 33 53 M 12 0 M M M 6.0 12 140 M M 0 21 10
16 84 44 64 M 1 0 M M M 14.7 24 190 M M 0 30 180
17 76 43 60 M 5 0 M M M 21.3 35 280 M M 4 8 45 250
18 63 33 48 M 17 0 M M M 8.4 22 340 M M 0 26 330
19 76 36 56 M 9 0 M M M 8.9 18 170 M M 0 24 190
20 78 51 65 M 0 0 M M M 23.0 33 170 M M 2 8 44 170
21 72 45 59 M 6 0 M M M 22.7 32 240 M M 4 8 43 220
22 57 40 49 M 16 0 M M M 18.9 28 350 M M 6 8 35 350
23 63 37 50 M 15 0 M M M 12.3 30 300 M M 2 37 300
24 76 28 52 M 13 0 M M M 6.4 16 330 M M 0 28 320
25 86 39 63 M 2 0 M M M 5.7 14 130 M M 0 26 270
26 89 45 67 M 0 2 M M M 7.1 12 150 M M 0 16 240
27 94 57 76 M 0 11 M M M 13.9 20 190 M M 0 22 190
28 94 58 76 M 0 11 M M M 15.7 21 180 M M 0 28 180
29 90 65 78 M 0 13 M M M 17.8 31 280 M M 1 8 41 280
30 67 50 59 M 6 0 M M M 15.7 25 340 M M 3 8 35 350
31 69 40 55 M 10 0 M M M 7.1 17 10 M M 0 33 160
================================================================================
SM 2227 1224 321 40 M M 395.3 M 36
================================================================================
AV 71.8 39.5 12.8 FASTST M M 1 MAX(MPH)
MISC ----> 35 280 45 250
================================================================================
NOTES:
# LAST OF SEVERAL OCCURRENCES
COLUMN 17 PEAK WIND IN M.P.H.
PRELIMINARY LOCAL CLIMATOLOGICAL DATA (WS FORM: F-6) , PAGE 2
STATION: BIG SPRING MCMAHON-WRINKLE FI
MONTH: MARCH
YEAR: 2022
LATITUDE: 32 12 N
LONGITUDE: 101 31 W
[TEMPERATURE DATA] [PRECIPITATION DATA] SYMBOLS USED IN COLUMN 16
AVERAGE MONTHLY: 55.7 TOTAL FOR MONTH: M 1 = FOG OR MIST
DPTR FM NORMAL: 0.0 DPTR FM NORMAL: M 2 = FOG REDUCING VISIBILITY
HIGHEST: 94 ON 28,27 GRTST 24HR M ON M TO 1/4 MILE OR LESS
LOWEST: 17 ON 12 3 = THUNDER
SNOW, ICE PELLETS, HAIL 4 = ICE PELLETS
TOTAL MONTH: M 5 = HAIL
GRTST 24HR M ON M 6 = FREEZING RAIN OR DRIZZLE
GRTST DEPTH: M ON M 7 = DUSTSTORM OR SANDSTORM:
VSBY 1/2 MILE OR LESS
8 = SMOKE OR HAZE
[NO. OF DAYS WITH] [WEATHER - DAYS WITH] 9 = BLOWING SNOW
X = TORNADO
MAX 32 OR BELOW: 0 0.01 INCH OR MORE: 0
MAX 90 OR ABOVE: 3 0.10 INCH OR MORE: 0
MIN 32 OR BELOW: 7 0.50 INCH OR MORE: 0
MIN 0 OR BELOW: 0 1.00 INCH OR MORE: 0
[HDD (BASE 65) ]
TOTAL THIS MO. 321 CLEAR (SCALE 0-3) 26
DPTR FM NORMAL M PTCLDY (SCALE 4-7) 5
TOTAL FM JUL 1 2221 CLOUDY (SCALE 8-10) 0
DPTR FM NORMAL M
[CDD (BASE 65) ]
TOTAL THIS MO. 40
DPTR FM NORMAL M [PRESSURE DATA]
TOTAL FM JAN 1 40 HIGHEST SLP M ON M
DPTR FM NORMAL M LOWEST SLP M ON M
[REMARKS]
#FINAL-03-22#