000
CXUS54 KBRO 011121
CF6BRO
PRELIMINARY LOCAL CLIMATOLOGICAL DATA (WS FORM: F-6)
STATION: BROWNSVILLE
MONTH: FEBRUARY
YEAR: 2023
LATITUDE: 25 53 N
LONGITUDE: 97 26 W
TEMPERATURE IN F: :PCPN: SNOW: WIND :SUNSHINE: SKY :PK WND
================================================================================
1 2 3 4 5 6A 6B 7 8 9 10 11 12 13 14 15 16 17 18
12Z AVG MX 2MIN
DY MAX MIN AVG DEP HDD CDD WTR SNW DPTH SPD SPD DIR MIN PSBL S-S WX SPD DR
================================================================================
1 41 37 39 -25 26 0 0.03 0.0 0 11.7 21 320 M M 10 1 31 310
2 51 39 45 -20 20 0 0.05 0.0 0 10.5 18 320 M M 9 1 27 330
3 61 41 51 -14 14 0 0.00 0.0 0 11.1 18 20 M M 6 27 10
4 74 46 60 -5 5 0 0.00 0.0 0 6.2 15 90 M M 2 21 120
5 80 50 65 0 0 0 0.00 0.0 0 6.7 18 150 M M 2 12 24 150
6 79 57 68 3 0 3 0.00 0.0 0 15.8 26 160 M M 6 35 140
7 83 69 76 11 0 11 0.00 0.0 0 19.6 33 160 M M 7 45 140
8 76 58 67 1 0 2 T 0.0 0 10.2 22 310 M M 8 1 32 330
9 75 54 65 -1 0 0 0.00 0.0 0 5.8 15 50 M M 7 21 80
10 68 50 59 -7 6 0 0.20 0.0 0 11.7 24 360 M M 6 13 34 20
11 68 38 53 -13 12 0 0.00 0.0 0 7.0 20 330 M M 0 30 340
12 71 38 55 -11 10 0 0.00 0.0 0 4.5 16 120 M M 0 21 120
13 75 50 63 -3 2 0 0.00 0.0 0 14.3 28 150 M M 5 39 130
14 84 64 74 8 0 9 0.00 0.0 0 19.3 36 170 M M 4 18 48 170
15 83 63 73 6 0 8 0.00 0.0 0 16.1 33 160 M M 9 128 43 160
16 73 55 64 -3 1 0 T 0.0 0 13.3 28 340 M M 9 1 39 340
17 62 45 54 -13 11 0 0.00 0.0 0 12.3 23 340 M M 3 35 340
18 71 45 58 -9 7 0 0.00 0.0 0 6.6 16 60 M M 2 22 50
19 82 51 67 0 0 2 0.00 0.0 0 8.2 22 130 M M 4 1 30 140
20 85 68 77 10 0 12 T 0.0 0 15.0 25 160 M M 6 31 180
21 83 68 76 8 0 11 0.00 0.0 0 21.3 32 150 M M 8 1 43 160
22 87 70 79 11 0 14 0.00 0.0 0 20.7 36 180 M M 5 18 45 180
23 92 69 81 13 0 16 0.00 0.0 0 16.3 32 170 M M 5 1 39 170
24 85 70 78 10 0 13 0.00 0.0 0 13.8 24 150 M M 5 1 33 150
25 86 68 77 9 0 12 0.00 0.0 0 12.4 21 140 M M 7 1 27 140
26 85 70 78 10 0 13 0.00 0.0 0 17.1 28 160 M M 9 1 38 140
27 89 72 81 13 0 16 0.00 0.0 0 15.3 26 180 M M 6 18 35 170
28 86 72 79 10 0 14 0.00 0.0 0 14.4 22 140 M M 8 30 150
================================================================================
SM 2135 1577 114 156 0.28 0.0 357.2 M 158
================================================================================
AV 76.3 56.3 12.8 FASTST M M 6 MAX(MPH)
MISC ----> # 36 170 48 170
================================================================================
NOTES:
# LAST OF SEVERAL OCCURRENCES
COLUMN 17 PEAK WIND IN M.P.H.
PRELIMINARY LOCAL CLIMATOLOGICAL DATA (WS FORM: F-6) , PAGE 2
STATION: BROWNSVILLE
MONTH: FEBRUARY
YEAR: 2023
LATITUDE: 25 53 N
LONGITUDE: 97 26 W
[TEMPERATURE DATA] [PRECIPITATION DATA] SYMBOLS USED IN COLUMN 16
AVERAGE MONTHLY: 66.3 TOTAL FOR MONTH: 0.28 1 = FOG OR MIST
DPTR FM NORMAL: -0.2 DPTR FM NORMAL: -0.75 2 = FOG REDUCING VISIBILITY
HIGHEST: 92 ON 23 GRTST 24HR 0.20 ON 10-10 TO 1/4 MILE OR LESS
LOWEST: 37 ON 1 3 = THUNDER
SNOW, ICE PELLETS, HAIL 4 = ICE PELLETS
TOTAL MONTH: 0.0 INCH 5 = HAIL
GRTST 24HR 0.0 6 = FREEZING RAIN OR DRIZZLE
GRTST DEPTH: 0 7 = DUSTSTORM OR SANDSTORM:
VSBY 1/2 MILE OR LESS
8 = SMOKE OR HAZE
[NO. OF DAYS WITH] [WEATHER - DAYS WITH] 9 = BLOWING SNOW
X = TORNADO
MAX 32 OR BELOW: 0 0.01 INCH OR MORE: 3
MAX 90 OR ABOVE: 1 0.10 INCH OR MORE: 1
MIN 32 OR BELOW: 0 0.50 INCH OR MORE: 0
MIN 0 OR BELOW: 0 1.00 INCH OR MORE: 0
[HDD (BASE 65) ]
TOTAL THIS MO. 114 CLEAR (SCALE 0-3) 5
DPTR FM NORMAL 38 PTCLDY (SCALE 4-7) 16
TOTAL FM JUL 1 445 CLOUDY (SCALE 8-10) 7
DPTR FM NORMAL 57
[CDD (BASE 65) ]
TOTAL THIS MO. 156
DPTR FM NORMAL 37 [PRESSURE DATA]
TOTAL FM JAN 1 288 HIGHEST SLP 30.56 ON 3
DPTR FM NORMAL 94 LOWEST SLP 29.60 ON 22
[REMARKS]
#FINAL-02-23#