000
CXUS54 KBRO 011143
CF6BRO
PRELIMINARY LOCAL CLIMATOLOGICAL DATA (WS FORM: F-6)
STATION: BROWNSVILLE
MONTH: MARCH
YEAR: 2024
LATITUDE: 25 53 N
LONGITUDE: 97 26 W
TEMPERATURE IN F: :PCPN: SNOW: WIND :SUNSHINE: SKY :PK WND
================================================================================
1 2 3 4 5 6A 6B 7 8 9 10 11 12 13 14 15 16 17 18
12Z AVG MX 2MIN
DY MAX MIN AVG DEP HDD CDD WTR SNW DPTH SPD SPD DIR MIN PSBL S-S WX SPD DR
================================================================================
1 63 55 59 -10 6 0 0.00 0.0 0 6.8 14 340 M M 10 19 340
2 80 57 69 0 0 4 0.00 0.0 0 5.0 15 130 M M 5 1 21 110
3 83 67 75 6 0 10 0.00 0.0 0 9.5 21 160 M M 8 12 31 160
4 84 72 78 9 0 13 0.00 0.0 0 7.8 18 160 M M 6 18 26 170
5 91 70 81 12 0 16 0.00 0.0 0 6.5 17 70 M M 7 128 23 60
6 86 69 78 8 0 13 0.00 0.0 0 9.8 20 100 M M 9 128 27 110
7 81 73 77 7 0 12 0.00 0.0 0 14.2 28 160 M M 9 18 37 160
8 85 67 76 6 0 11 0.00 0.0 0 7.8 17 340 M M 5 18 27 320
9 74 60 67 -3 0 2 0.00 0.0 0 12.4 24 340 M M 2 1 36 350
10 73 60 67 -3 0 2 0.00 0.0 0 7.8 15 40 M M 7 20 40
11 80 60 70 0 0 5 0.00 0.0 0 8.5 17 130 M M 6 24 110
12 80 65 73 3 0 8 0.00 0.0 0 11.4 21 130 M M 4 28 130
13 88 71 80 9 0 15 0.00 0.0 0 16.7 28 160 M M 5 1 36 160
14 84 74 79 8 0 14 0.00 0.0 0 16.1 28 150 M M 9 18 37 160
15 89 75 82 11 0 17 0.00 0.0 0 12.7 22 160 M M 6 18 29 150
16 89 67 78 7 0 13 0.03 0.0 0 11.7 23 130 M M 5 1 29 120
17 86 69 78 7 0 13 0.16 0.0 0 M 16 30 M M 9 138 22 30
18 70 65 68 -4 0 3 0.27 0.0 0 12.6 24 30 M M 10 13 34 50
19 69 62 66 -6 0 1 0.00 0.0 0 8.2 17 50 M M 10 24 40
20 73 66 70 -2 0 5 0.19 0.0 0 6.4 15 120 M M 10 18 20 120
21 82 68 75 3 0 10 0.09 0.0 0 6.1 16 150 M M 8 1 23 150
22 93 63 78 6 0 13 0.00 0.0 0 6.8 18 310 M M 2 128 26 330
23 79 59 69 -3 0 4 0.00 0.0 0 8.1 18 90 M M 0 27 70
24 84 66 75 2 0 10 0.00 0.0 0 19.0 35 160 M M 8 60 170
25 92 70 81 8 0 16 0.00 0.0 0 12.8 28 180 M M 4 18 36 180
26 84 63 74 1 0 9 0.00 0.0 0 10.2 22 50 M M 0 31 70
27 82 61 72 -1 0 7 0.00 0.0 0 8.8 22 40 M M 1 32 40
28 84 57 71 -3 0 6 0.00 0.0 0 8.0 20 130 M M 0 27 110
29 83 66 75 1 0 10 0.00 0.0 0 16.4 30 150 M M 2 42 160
30 81 70 76 2 0 11 0.00 0.0 0 14.4 25 170 M M 6 33 160
31 86 69 78 4 0 13 0.00 0.0 0 14.2 23 170 M M 10 1 30 150
================================================================================
SM 2538 2036 6 286 0.74 0.0 316.7 M 183
================================================================================
AV 81.9 65.7 10.6 FASTST M M 6 MAX(MPH)
MISC ----> 35 160 60 170
================================================================================
NOTES:
# LAST OF SEVERAL OCCURRENCES
COLUMN 17 PEAK WIND IN M.P.H.
PRELIMINARY LOCAL CLIMATOLOGICAL DATA (WS FORM: F-6) , PAGE 2
STATION: BROWNSVILLE
MONTH: MARCH
YEAR: 2024
LATITUDE: 25 53 N
LONGITUDE: 97 26 W
[TEMPERATURE DATA] [PRECIPITATION DATA] SYMBOLS USED IN COLUMN 16
AVERAGE MONTHLY: 73.8 TOTAL FOR MONTH: 0.74 1 = FOG OR MIST
DPTR FM NORMAL: 2.5 DPTR FM NORMAL: -0.71 2 = FOG REDUCING VISIBILITY
HIGHEST: 93 ON 22 GRTST 24HR 0.43 ON 17-18 TO 1/4 MILE OR LESS
LOWEST: 55 ON 1 3 = THUNDER
SNOW, ICE PELLETS, HAIL 4 = ICE PELLETS
TOTAL MONTH: 0.0 INCH 5 = HAIL
GRTST 24HR 0.0 6 = FREEZING RAIN OR DRIZZLE
GRTST DEPTH: 0 7 = DUSTSTORM OR SANDSTORM:
VSBY 1/2 MILE OR LESS
8 = SMOKE OR HAZE
[NO. OF DAYS WITH] [WEATHER - DAYS WITH] 9 = BLOWING SNOW
X = TORNADO
MAX 32 OR BELOW: 0 0.01 INCH OR MORE: 5
MAX 90 OR ABOVE: 3 0.10 INCH OR MORE: 3
MIN 32 OR BELOW: 0 0.50 INCH OR MORE: 0
MIN 0 OR BELOW: 0 1.00 INCH OR MORE: 0
[HDD (BASE 65) ]
TOTAL THIS MO. 6 CLEAR (SCALE 0-3) 7
DPTR FM NORMAL -23 PTCLDY (SCALE 4-7) 14
TOTAL FM JUL 1 308 CLOUDY (SCALE 8-10) 10
DPTR FM NORMAL -109
[CDD (BASE 65) ]
TOTAL THIS MO. 286
DPTR FM NORMAL 61 [PRESSURE DATA]
TOTAL FM JAN 1 487 HIGHEST SLP 30.27 ON 10
DPTR FM NORMAL 67 LOWEST SLP 29.43 ON 25
[REMARKS]
#FINAL-03-24#