000
CXAK56 PAFG 011713
CF6BRW
PRELIMINARY LOCAL CLIMATOLOGICAL DATA (WS FORM: F-6)
STATION: UTQIAGVIK (BARROW) AK
MONTH: NOVEMBER
YEAR: 2021
LATITUDE: 71 17 N
LONGITUDE: 156 47 W
TEMPERATURE IN F: :PCPN: SNOW: WIND :SUNSHINE: SKY :PK WND
================================================================================
1 2 3 4 5 6A 6B 7 8 9 10 11 12 13 14 15 16 17 18
12Z AVG MX 2MIN
DY MAX MIN AVG DEP HDD CDD WTR SNW DPTH SPD SPD DIR MIN PSBL S-S WX SPD DR
================================================================================
1 29 -2 14 0 51 0 T M M 16.9 33 240 M M 8 18 38 240
2 25 -6 10 -3 55 0 T M M 11.4 23 130 M M 7 128 29 110
3 26 25 26 13 39 0 T M M 15.6 23 360 M M 10 168 30 360
4 26 14 20 8 45 0 0.00 M M 17.1 23 360 M M 4 8 29 360
5 28 14 21 9 44 0 0.00 M M 25.5 35 70 M M 8 18 39 90
6 28 8 18 7 47 0 0.00 M M 11.0 29 100 M M 6 12 35 100
7 27 8 18 7 47 0 T M M 11.3 17 10 M M 7 18 22 360
8 24 19 22 12 43 0 T M M 11.6 21 120 M M 10 18 25 130
9 22 19 21 11 44 0 0.01 M M 13.8 23 70 M M 10 18 26 70
10 22 17 20 11 45 0 0.03 M M 15.9 22 60 M M 10 18 25 70
11 22 17 20 12 45 0 0.07 M M 16.0 22 330 M M 10 189 28 10
12 20 14 17 9 48 0 0.02 M M 10.4 22 310 M M 10 18 26 320
13 20 14 17 10 48 0 0.01 M M 12.2 22 240 M M 10 25 240
14 22 7 15 8 50 0 0.04 M M 15.4 23 270 M M 9 18 29 260
15 11 -1 5 -1 60 0 T M M 15.2 22 360 M M 10 189 30 320
16 4 -1 2 -4 63 0 T M M 10.8 17 360 M M 9 8 21 360
17 10 3 7 2 58 0 T M M 9.3 15 350 M M 6 18 18 360
18 15 8 12 7 53 0 T M M 18.4 30 290 M M 3 18 37 290
19 15 9 12 8 53 0 0.04 M M 10.1 28 290 M M 10 18 34 290
20 10 -4 3 -1 62 0 T M M 9.1 14 40 M M 7 18 17 40
21 -3 -7 -5 -8 70 0 0.00 M M 10.5 16 40 M M 5 8 18 40
22 -1 -6 -3 -6 68 0 0.00 M M 7.5 13 30 M M 3 8 15 20
23 4 -4 0 -2 65 0 0.01 M M 6.8 15 80 M M 9 8 17 80
24 1 -9 -4 -6 69 0 0.00 M M 11.4 18 60 M M 8 8 22 60
25 -2 -12 -7 -8 72 0 T M M 14.3 20 60 M M 4 8 23 50
26 -8 -19 -13 -14 78 0 T M M 9.3 14 60 M M 6 18 16 60
27 -3 -19 -11 -11 76 0 0.01 M M 4.6 12 30 M M 6 18 14 30
28 -3 -18 -10 -10 75 0 T M M 10.8 16 60 M M 9 8 19 20
29 -14 -22 -18 -18 83 0 0.00 M M 7.7 14 80 M M 6 8 16 70
30 -15 -21 -18 -17 83 0 0.00 M M 10.6 15 60 M M 0 8 20 50
================================================================================
SM 362 45 1739 0 0.24 M 370.5 M 220
================================================================================
AV 12.1 1.5 12.3 FASTST M M 7 MAX(MPH)
MISC ----> 35 70 39 90
================================================================================
NOTES:
# LAST OF SEVERAL OCCURRENCES
COLUMN 17 PEAK WIND IN M.P.H.
PRELIMINARY LOCAL CLIMATOLOGICAL DATA (WS FORM: F-6) , PAGE 2
STATION: UTQIAGVIK (BARROW) AK
MONTH: NOVEMBER
YEAR: 2021
LATITUDE: 71 17 N
LONGITUDE: 156 47 W
[TEMPERATURE DATA] [PRECIPITATION DATA] SYMBOLS USED IN COLUMN 16
AVERAGE MONTHLY: 6.8 TOTAL FOR MONTH: 0.24 1 = FOG OR MIST
DPTR FM NORMAL: 0.6 DPTR FM NORMAL: -0.13 2 = FOG REDUCING VISIBILITY
HIGHEST: 29 ON 1 GRTST 24HR 0.10 ON 10-11 TO 1/4 MILE OR LESS
LOWEST: -22 ON 29 3 = THUNDER
SNOW, ICE PELLETS, HAIL 4 = ICE PELLETS
TOTAL MONTH: M 5 = HAIL
GRTST 24HR M ON M 6 = FREEZING RAIN OR DRIZZLE
GRTST DEPTH: M ON M 7 = DUSTSTORM OR SANDSTORM:
VSBY 1/2 MILE OR LESS
8 = SMOKE OR HAZE
[NO. OF DAYS WITH] [WEATHER - DAYS WITH] 9 = BLOWING SNOW
X = TORNADO
MAX 32 OR BELOW: 30 0.01 INCH OR MORE: 9
MAX 90 OR ABOVE: 0 0.10 INCH OR MORE: 0
MIN 32 OR BELOW: 30 0.50 INCH OR MORE: 0
MIN 0 OR BELOW: 15 1.00 INCH OR MORE: 0
[HDD (BASE 65) ]
TOTAL THIS MO. 1739 CLEAR (SCALE 0-3) 2
DPTR FM NORMAL -23 PTCLDY (SCALE 4-7) 14
TOTAL FM JUL 1 5478 CLOUDY (SCALE 8-10) 14
DPTR FM NORMAL -20
[CDD (BASE 65) ]
TOTAL THIS MO. 0
DPTR FM NORMAL 0 [PRESSURE DATA]
TOTAL FM JAN 1 0 HIGHEST SLP 30.69 ON 18
DPTR FM NORMAL 0 LOWEST SLP 29.28 ON 1
[REMARKS]
#FINAL-11-21#