000
CXAK56 PAFG 011255
CF6BRW
PRELIMINARY LOCAL CLIMATOLOGICAL DATA (WS FORM: F-6)
STATION: UTQIAGVIK (BARROW) AK
MONTH: MARCH
YEAR: 2020
LATITUDE: 71 17 N
LONGITUDE: 156 47 W
TEMPERATURE IN F: :PCPN: SNOW: WIND :SUNSHINE: SKY :PK WND
================================================================================
1 2 3 4 5 6A 6B 7 8 9 10 11 12 13 14 15 16 17 18
12Z AVG MX 2MIN
DY MAX MIN AVG DEP HDD CDD WTR SNW DPTH SPD SPD DIR MIN PSBL S-S WX SPD DR
================================================================================
1 -15 -34 -24 -10 89 0 T M M 9.1 14 40 M M 2 18 16 40
2 -29 -40 -34 -20 99 0 0.00 M M 7.4 10 130 M M 3 18 12 120
3 -21 -34 -27 -13 92 0 T M M 8.6 13 210 M M 3 18 15 320
4 -27 -35 -31 -17 96 0 0.00 M M 7.1 13 160 M M 1 18 13 160
5 -1 -33 -17 -3 82 0 T M M 10.9 15 200 M M 6 18 18 200
6 2 -28 -13 1 78 0 0.00 M M 8.4 14 180 M M 6 18 16 180
7 2 -7 -2 12 67 0 T M M 5.9 10 230 M M 10 18 12 230
8 -7 -22 -14 0 79 0 T M M 6.7 10 220 M M 9 18 12 230
9 -16 -26 -21 -7 86 0 0.00 M M 4.8 9 350 M M 4 18 12 350
10 -23 -34 -28 -14 93 0 0.00 M M 3.5 7 70 M M 2 18 8 50
11 -24 -44 -34 -20 99 0 T M M 9.5 15 200 M M 1 18 17 200
12 27 -26 1 15 64 0 0.36 M M 23.4 41 230 M M 7 128 59 220
13 27 24 26 40 39 0 0.18 M M 35.4 49 240 M M 10 129 62 230
14 27 -4 12 26 53 0 0.05 M M 23.1 39 290 M M 6 189 49 290
15 24 -14 5 19 60 0 0.10 M M 14.9 28 130 M M 5 18 33 130
16 22 6 14 27 51 0 T M M 12.3 25 260 M M 8 128 31 250
17 20 9 15 28 50 0 0.01 M M 13.8 22 130 M M 6 1 26 110
18 28 18 23 36 42 0 0.01 M M 18.9 33 240 M M 8 19 42 240
19 31 20 26 39 39 0 0.04 M M 23.6 31 180 M M 10 128 38 180
20 31 6 19 31 46 0 T M M 24.4 39 240 M M 10 189 46 250
21 11 -6 3 15 62 0 0.03 M M 10.1 18 290 M M 8 18 22 310
22 -1 -19 -10 2 75 0 0.00 M M 10.3 15 260 M M 1 18 18 280
23 11 -9 1 13 64 0 0.06 M M 7.9 18 140 M M 8 18 21 140
24 22 -2 10 21 55 0 0.06 M M 14.1 29 270 M M 6 189 37 270
25 -2 -14 -8 3 73 0 0.00 M M 13.3 20 310 M M 1 18 25 310
26 -12 -18 -15 -5 80 0 0.00 M M 10.1 20 310 M M 0 8 24 310
27 -10 -26 -18 -8 83 0 T M M 7.0 10 50 M M 0 18 11 40
28 -7 -20 -13 -3 78 0 0.00 M M 5.6 9 310 M M 0 1 10 310
29 -4 -25 -14 -5 79 0 0.00 M M 11.5 21 150 M M 0 18 24 150
30 6 -8 -1 8 66 0 0.00 M M 14.2 22 140 M M 0 24 140
31 20 -4 8 16 57 0 0.01 M M 15.2 23 200 M M 3 18 28 210
================================================================================
SM 112 -449 2176 0 0.91 M 391.0 M 144
================================================================================
AV 3.6-14.5 12.6 FASTST M M 5 MAX(MPH)
MISC ----> # 49 240 # 62 230
================================================================================
NOTES:
# LAST OF SEVERAL OCCURRENCES
COLUMN 17 PEAK WIND IN M.P.H.
PRELIMINARY LOCAL CLIMATOLOGICAL DATA (WS FORM: F-6) , PAGE 2
STATION: UTQIAGVIK (BARROW) AK
MONTH: MARCH
YEAR: 2020
LATITUDE: 71 17 N
LONGITUDE: 156 47 W
[TEMPERATURE DATA] [PRECIPITATION DATA] SYMBOLS USED IN COLUMN 16
AVERAGE MONTHLY: -5.4 TOTAL FOR MONTH: 0.91 1 = FOG OR MIST
DPTR FM NORMAL: 7.3 DPTR FM NORMAL: 0.82 2 = FOG REDUCING VISIBILITY
HIGHEST: 31 ON 20,19 GRTST 24HR 0.36 ON 12-12 TO 1/4 MILE OR LESS
LOWEST: -44 ON 11 3 = THUNDER
SNOW, ICE PELLETS, HAIL 4 = ICE PELLETS
TOTAL MONTH: M 5 = HAIL
GRTST 24HR M ON M 6 = FREEZING RAIN OR DRIZZLE
GRTST DEPTH: M ON M 7 = DUSTSTORM OR SANDSTORM:
VSBY 1/2 MILE OR LESS
8 = SMOKE OR HAZE
[NO. OF DAYS WITH] [WEATHER - DAYS WITH] 9 = BLOWING SNOW
X = TORNADO
MAX 32 OR BELOW: 31 0.01 INCH OR MORE: 11
MAX 90 OR ABOVE: 0 0.10 INCH OR MORE: 3
MIN 32 OR BELOW: 31 0.50 INCH OR MORE: 0
MIN 0 OR BELOW: 25 1.00 INCH OR MORE: 0
[HDD (BASE 65) ]
TOTAL THIS MO. 2176 CLEAR (SCALE 0-3) 13
DPTR FM NORMAL -231 PTCLDY (SCALE 4-7) 11
TOTAL FM JUL 1 13715 CLOUDY (SCALE 8-10) 7
DPTR FM NORMAL -1549
[CDD (BASE 65) ]
TOTAL THIS MO. 0
DPTR FM NORMAL 0 [PRESSURE DATA]
TOTAL FM JAN 1 0 HIGHEST SLP 30.58 ON 27
DPTR FM NORMAL 0 LOWEST SLP 29.34 ON 20
[REMARKS]
#FINAL-03-20#