000
CXUS55 KMSO 010900
CF6BTM
PRELIMINARY LOCAL CLIMATOLOGICAL DATA (WS FORM: F-6)
STATION: BUTTE MT
MONTH: JULY
YEAR: 2021
LATITUDE: 45 57 N
LONGITUDE: 112 30 W
TEMPERATURE IN F: :PCPN: SNOW: WIND :SUNSHINE: SKY :PK WND
================================================================================
1 2 3 4 5 6A 6B 7 8 9 10 11 12 13 14 15 16 17 18
12Z AVG MX 2MIN
DY MAX MIN AVG DEP HDD CDD WTR SNW DPTH SPD SPD DIR MIN PSBL S-S WX SPD DR
================================================================================
1 90 53 72 12 0 7 0.06 M M 6.0 26 20 M M 2 3 37 200
2 90 47 69 9 0 4 0.01 M M 5.0 16 310 M M 1 3 20 310
3 91 51 71 10 0 6 0.00 M M 6.8 24 280 M M 1 34 280
4 90 59 75 14 0 10 0.03 M M 5.4 25 300 M M 3 3 35 310
5 81 54 68 7 0 3 0.20 M M 7.7 23 150 M M 2 3 32 150
6 90 48 69 7 0 4 0.00 M M 6.1 22 300 M M 0 31 310
7 90 47 69 7 0 4 0.04 M M 6.3 36 330 M M 1 3 49 310
8 86 46 66 4 0 1 0.00 M M 6.6 20 330 M M 0 29 310
9 82 48 65 3 0 0 0.00 M M 6.4 17 320 M M 1 25 290
10 89 42 66 3 0 1 0.00 M M 4.1 17 290 M M 0 24 340
11 87 47 67 4 0 2 0.00 M M 6.3 20 330 M M 0 8 27 330
12 90 43 67 4 0 2 0.00 M M 4.6 15 210 M M 0 20 100
13 81 54 68 4 0 3 0.00 M M 6.9 28 50 M M 1 42 50
14 87 42 65 1 0 0 0.00 M M 4.3 15 140 M M 0 20 140
15 90 48 69 5 0 4 0.00 M M 4.6 26 20 M M 1 8 38 40
16 86 52 69 5 0 4 T M M 7.5 36 190 M M 2 38 53 190
17 91 44 68 4 0 3 0.00 M M 5.6 17 250 M M 0 8 26 190
18 93 50 72 7 0 7 0.00 M M 5.0 28 160 M M 1 8 39 150
19 86 50 68 3 0 3 T M M 5.8 20 290 M M 3 8 29 310
20 85 59 72 7 0 7 T M M 4.8 20 320 M M 2 3 29 200
21 87 52 70 5 0 5 0.03 M M 5.5 24 290 M M 1 3 34 290
22 87 47 67 2 0 2 0.00 M M 7.4 22 310 M M 0 31 300
23 84 43 64 -1 1 0 0.00 M M 8.6 22 300 M M 0 34 290
24 89 42 66 1 0 1 0.00 M M 3.7 13 150 M M 1 8 17 160
25 89 46 68 3 0 3 0.00 M M 4.5 18 330 M M 0 8 25 340
26 92 46 69 4 0 4 0.00 M M 4.8 22 340 M M 0 8 31 330
27 89 54 72 7 0 7 0.00 M M 3.8 24 260 M M 1 8 37 270
28 86 54 70 5 0 5 0.04 M M 4.4 14 290 M M 4 18 21 50
29 88 54 71 6 0 6 0.02 M M 5.4 24 320 M M 3 138 32 320
30 88 48 68 3 0 3 0.00 M M 6.6 20 130 M M 0 26 140
31 90 57 74 9 0 9 0.00 M M 7.1 28 200 M M 2 39 200
================================================================================
SM 2724 1527 1 120 0.43 M 177.6 M 33
================================================================================
AV 87.9 49.3 5.7 FASTST M M 1 MAX(MPH)
MISC ----> # 36 330 53 190
================================================================================
NOTES:
# LAST OF SEVERAL OCCURRENCES
COLUMN 17 PEAK WIND IN M.P.H.
PRELIMINARY LOCAL CLIMATOLOGICAL DATA (WS FORM: F-6) , PAGE 2
STATION: BUTTE MT
MONTH: JULY
YEAR: 2021
LATITUDE: 45 57 N
LONGITUDE: 112 30 W
[TEMPERATURE DATA] [PRECIPITATION DATA] SYMBOLS USED IN COLUMN 16
AVERAGE MONTHLY: 68.6 TOTAL FOR MONTH: 0.43 1 = FOG OR MIST
DPTR FM NORMAL: 5.0 DPTR FM NORMAL: -0.77 2 = FOG REDUCING VISIBILITY
HIGHEST: 93 ON 18 GRTST 24HR 0.21 ON 4- 5 TO 1/4 MILE OR LESS
LOWEST: 42 ON 24,14 3 = THUNDER
SNOW, ICE PELLETS, HAIL 4 = ICE PELLETS
TOTAL MONTH: M 5 = HAIL
GRTST 24HR M ON M 6 = FREEZING RAIN OR DRIZZLE
GRTST DEPTH: M ON M 7 = DUSTSTORM OR SANDSTORM:
VSBY 1/2 MILE OR LESS
8 = SMOKE OR HAZE
[NO. OF DAYS WITH] [WEATHER - DAYS WITH] 9 = BLOWING SNOW
X = TORNADO
MAX 32 OR BELOW: 0 0.01 INCH OR MORE: 8
MAX 90 OR ABOVE: 12 0.10 INCH OR MORE: 1
MIN 32 OR BELOW: 0 0.50 INCH OR MORE: 0
MIN 0 OR BELOW: 0 1.00 INCH OR MORE: 0
[HDD (BASE 65) ]
TOTAL THIS MO. 1 CLEAR (SCALE 0-3) 30
DPTR FM NORMAL -90 PTCLDY (SCALE 4-7) 1
TOTAL FM JUL 1 1 CLOUDY (SCALE 8-10) 0
DPTR FM NORMAL -93
[CDD (BASE 65) ]
TOTAL THIS MO. 120
DPTR FM NORMAL 72 [PRESSURE DATA]
TOTAL FM JAN 1 153 HIGHEST SLP M ON M
DPTR FM NORMAL 99 LOWEST SLP 29.75 ON 7
[REMARKS]
#FINAL-07-21#