000
CXUS55 KMSO 010900
CF6BTM
PRELIMINARY LOCAL CLIMATOLOGICAL DATA (WS FORM: F-6)
STATION: BUTTE MT
MONTH: SEPTEMBER
YEAR: 2023
LATITUDE: 45 57 N
LONGITUDE: 112 30 W
TEMPERATURE IN F: :PCPN: SNOW: WIND :SUNSHINE: SKY :PK WND
================================================================================
1 2 3 4 5 6A 6B 7 8 9 10 11 12 13 14 15 16 17 18
12Z AVG MX 2MIN
DY MAX MIN AVG DEP HDD CDD WTR SNW DPTH SPD SPD DIR MIN PSBL S-S WX SPD DR
================================================================================
1 82 44 63 5 2 0 0.00 M M 6.5 21 130 M M 0 29 120
2 80 55 68 11 0 3 0.00 M M 4.8 17 210 M M 2 24 190
3 70 50 60 3 5 0 0.67 M M 3.9 17 300 M M 7 13 25 300
4 61 48 55 -2 10 0 0.75 M M 5.8 13 330 M M 9 1 18 300
5 67 45 56 0 9 0 T M M 4.6 21 120 M M 8 3 27 130
6 73 41 57 1 8 0 0.01 M M 6.4 26 300 M M 4 42 300
7 73 47 60 4 5 0 0.09 M M 5.1 22 340 M M 5 13 29 340
8 68 46 57 2 8 0 0.07 M M 5.9 20 330 M M 4 13 27 10
9 70 40 55 0 10 0 0.01 M M 3.7 22 170 M M 1 3 26 180
10 74 40 57 2 8 0 0.00 M M 4.4 15 130 M M 0 21 140
11 76 40 58 4 7 0 0.00 M M 2.4 10 130 M M 2 13 340
12 79 43 61 7 4 0 0.01 M M 5.0 17 260 M M 4 24 270
13 69 42 56 2 9 0 0.00 M M 6.6 22 340 M M 3 29 330
14 69 36 53 -1 12 0 0.00 M M 4.0 14 320 M M 0 17 320
15 75 34 55 2 10 0 0.00 M M 3.7 12 160 M M 0 14 140
16 78 36 57 4 8 0 0.00 M M 2.9 13 200 M M 0 19 180
17 79 36 58 6 7 0 0.00 M M 5.7 21 280 M M 0 34 300
18 74 38 56 4 9 0 0.00 M M 7.0 25 280 M M 1 45 270
19 71 36 54 2 11 0 0.00 M M 4.8 17 250 M M 1 28 270
20 62 31 47 -4 18 0 T M M 4.2 17 50 M M 2 28 40
21 48 37 43 -8 22 0 0.50 M M 4.5 16 340 M M 10 1 22 320
22 50 41 46 -5 19 0 0.23 M M 4.1 10 270 M M 10 1 15 290
23 65 38 52 2 13 0 0.00 M M 2.8 10 210 M M 3 15 210
24 67 32 50 0 15 0 0.00 M M 5.4 16 170 M M 1 23 170
25 75 34 55 5 10 0 0.00 M M 7.6 26 170 M M 0 32 170
26 77 40 59 10 6 0 0.00 M M 6.2 18 190 M M 1 25 220
27 68 35 52 3 13 0 0.00 M M 7.7 23 310 M M 3 34 320
28 60 27 44 -4 21 0 0.00 M M 3.9 13 290 M M 0 18 310
29 62 29 46 -2 19 0 0.00 M M 3.2 14 150 M M 2 19 150
30 60 37 49 2 16 0 0.06 M M 3.9 14 290 M M 5 1 20 290
================================================================================
SM 2082 1178 314 3 2.40 M 146.7 M 88
================================================================================
AV 69.4 39.3 4.9 FASTST M M 3 MAX(MPH)
MISC ----> # 26 300 45 270
================================================================================
NOTES:
# LAST OF SEVERAL OCCURRENCES
COLUMN 17 PEAK WIND IN M.P.H.
PRELIMINARY LOCAL CLIMATOLOGICAL DATA (WS FORM: F-6) , PAGE 2
STATION: BUTTE MT
MONTH: SEPTEMBER
YEAR: 2023
LATITUDE: 45 57 N
LONGITUDE: 112 30 W
[TEMPERATURE DATA] [PRECIPITATION DATA] SYMBOLS USED IN COLUMN 16
AVERAGE MONTHLY: 54.3 TOTAL FOR MONTH: 2.40 1 = FOG OR MIST
DPTR FM NORMAL: 1.5 DPTR FM NORMAL: 1.33 2 = FOG REDUCING VISIBILITY
HIGHEST: 82 ON 1 GRTST 24HR 1.04 ON 3- 4 TO 1/4 MILE OR LESS
LOWEST: 27 ON 28 3 = THUNDER
SNOW, ICE PELLETS, HAIL 4 = ICE PELLETS
TOTAL MONTH: M 5 = HAIL
GRTST 24HR M ON M 6 = FREEZING RAIN OR DRIZZLE
GRTST DEPTH: M ON M 7 = DUSTSTORM OR SANDSTORM:
VSBY 1/2 MILE OR LESS
8 = SMOKE OR HAZE
[NO. OF DAYS WITH] [WEATHER - DAYS WITH] 9 = BLOWING SNOW
X = TORNADO
MAX 32 OR BELOW: 0 0.01 INCH OR MORE: 10
MAX 90 OR ABOVE: 0 0.10 INCH OR MORE: 4
MIN 32 OR BELOW: 4 0.50 INCH OR MORE: 3
MIN 0 OR BELOW: 0 1.00 INCH OR MORE: 0
[HDD (BASE 65) ]
TOTAL THIS MO. 314 CLEAR (SCALE 0-3) 18
DPTR FM NORMAL -54 PTCLDY (SCALE 4-7) 8
TOTAL FM JUL 1 452 CLOUDY (SCALE 8-10) 4
DPTR FM NORMAL -131
[CDD (BASE 65) ]
TOTAL THIS MO. 3
DPTR FM NORMAL 1 [PRESSURE DATA]
TOTAL FM JAN 1 73 HIGHEST SLP M ON M
DPTR FM NORMAL -10 LOWEST SLP 29.75 ON 30
[REMARKS]
#FINAL-09-23#