000
CXUS54 KLIX 061724
CLMBTR


CLIMATE REPORT
NATIONAL WEATHER SERVICE NEW ORLEANS
1109 AM CST TUE MAR 6 2018

...................................

...THE BATON ROUGE  ASOS CLIMATE SUMMARY FOR THE MONTH OF FEBRUARY 2018...

CLIMATE NORMAL PERIOD 1981 TO 2010
CLIMATE RECORD PERIOD 1894 TO 2018

WEATHER         OBSERVED          NORMAL  DEPART  LAST YEAR`S
                 VALUE   DATE(S)  VALUE   FROM    VALUE  DATE(S)
                                          NORMAL
................................................................
TEMPERATURE (F)
RECORD
 HIGH              88   02/19/1922
 LOW                2   02/13/1899
HIGHEST            87   02/22        MM      MM       84  02/28
                        02/20                             02/08
LOWEST             39   02/08        MM      MM       37  02/16
                        02/03
AVG. MAXIMUM     74.4              65.7     8.7     75.3
AVG. MINIMUM     56.0              44.5    11.5     53.7
MEAN             65.2              55.1    10.1     64.5
DAYS MAX >= 90      0               0.0     0.0        0
DAYS MAX <= 32      0               0.0     0.0        0
DAYS MIN <= 32      0               2.9    -2.9        0
DAYS MIN <= 0       0               0.0     0.0        0

PRECIPITATION (INCHES)
RECORD
 MAXIMUM           MM   MM
 MINIMUM           MM   MM
TOTALS           4.02              5.04   -1.02     1.75
DAILY AVG.       0.14              0.18   -0.04     0.06
DAYS >= .01        11               8.8     2.2        7
DAYS >= .10         6               6.2    -0.2        6
DAYS >= .50         3               3.2    -0.2        1
DAYS >= 1.00        2               1.6     0.4        0
GREATEST
 24 HR. TOTAL    1.09   02/10 TO 02/10           02/20 TO 02/21
                                                          02/28 TO 02/28
                                                          02/28 TO 02/28

SNOWFALL (INCHES)
RECORDS
 TOTAL             MM   MM
 24 HR TOTAL       MM
 SNOW DEPTH        MM   MM
TOTALS            0.0               0.1    -0.1      0.0
SINCE 7/1         4.0               0.1     3.9      0.0
SNOWDEPTH AVG.      0                MM      MM        0
DAYS >= TRACE       0               0.0     0.0        0
DAYS >= 1.0         0               0.0     0.0        0
GREATEST
 SNOW DEPTH         0   MM                             0  MM
 24 HR TOTAL      0.0   02/28 TO 02/28           02/28 TO 02/28
                                                          02/28 TO 02/28
                                                          02/28 TO 02/28

DEGREE_DAYS
HEATING TOTAL     108               295    -187       98
 SINCE 7/1       1285              1335     -50      704
COOLING TOTAL     119                18     101       89
 SINCE 1/1        119                31      88      143
.........................................................

WIND (MPH)
AVERAGE WIND SPEED              9.2
HIGHEST WIND SPEED/DIRECTION    29/180    DATE  02/24
HIGHEST GUST SPEED/DIRECTION    36/170    DATE  02/21

SKY COVER
POSSIBLE SUNSHINE (PERCENT)   MM
AVERAGE SKY COVER           0.70
NUMBER OF DAYS FAIR            0
NUMBER OF DAYS PC             11
NUMBER OF DAYS CLOUDY         17

AVERAGE RH (PERCENT)     76

WEATHER CONDITIONS. NUMBER OF DAYS WITH
THUNDERSTORM              0     MIXED PRECIP               0
HEAVY RAIN                5     RAIN                       7
LIGHT RAIN               15     FREEZING RAIN              0
LT FREEZING RAIN          0     HAIL                       0
HEAVY SNOW                0     SNOW                       0
LIGHT SNOW                0     SLEET                      0
FOG                      23     FOG W/VIS <= 1/4 MILE      4
HAZE                      3

-  INDICATES NEGATIVE NUMBERS.
R  INDICATES RECORD WAS SET OR TIED.
MM INDICATES DATA IS MISSING.
T  INDICATES TRACE AMOUNT.

&&

=========================================================================================

...2018 WAS WARMEST FEBRUARY ON RECORD WITH AN AVERAGE TEMPERATURE OF 65.2, BREAKING THE OLD
RECORD OF 64.5 FROM 2017...

$$
