000
CXUS51 KLWX 011038
CF6BWI
PRELIMINARY LOCAL CLIMATOLOGICAL DATA (WS FORM: F-6)
STATION: BALTIMORE MD
MONTH: JUNE
YEAR: 2020
LATITUDE: 39 10 N
LONGITUDE: 76 40 W
TEMPERATURE IN F: :PCPN: SNOW: WIND :SUNSHINE: SKY :PK WND
================================================================================
1 2 3 4 5 6A 6B 7 8 9 10 11 12 13 14 15 16 17 18
12Z AVG MX 2MIN
DY MAX MIN AVG DEP HDD CDD WTR SNW DPTH SPD SPD DIR MIN PSBL S-S WX SPD DR
================================================================================
1 76 47 62 -6 3 0 0.00 0.0 0 5.8 18 270 M M 5 23 280
2 78 52 65 -3 0 0 T 0.0 0 4.4 13 200 M M 7 18 200
3 96 61 79 10 0 14 0.00 0.0 0 10.0 28 270 M M 7 35 280
4 92 69 81 12 0 16 2.18 0.0 0 7.0 30 240 M M 8 13 40 240
5 90 69 80 11 0 15 0.61 0.0 0 4.9 17 310 M M 8 13 22 320
6 91 69 80 10 0 15 0.00 0.0 0 7.3 21 280 M M 7 18 26 280
7 82 61 72 2 0 7 0.00 0.0 0 6.7 17 290 M M 4 23 300
8 83 59 71 1 0 6 0.00 0.0 0 4.6 13 270 M M 2 22 250
9 91 57 74 3 0 9 0.00 0.0 0 4.1 13 150 M M 5 17 230
10 90 73 82 11 0 17 0.09 0.0 0 7.5 16 200 M M 6 13 24 200
11 88 70 79 8 0 14 0.88 0.0 0 7.1 16 290 M M 8 138 20 160
12 87 65 76 4 0 11 0.00 0.0 0 6.1 15 270 M M 3 19 360
13 80 59 70 -2 0 5 T 0.0 0 7.4 13 40 M M 3 18 30
14 76 61 69 -3 0 4 0.00 0.0 0 8.5 16 50 M M 6 21 30
15 78 61 70 -2 0 5 0.00 0.0 0 10.7 18 50 M M 7 28 70
16 78 63 71 -2 0 6 0.00 0.0 0 12.2 23 50 M M 8 30 70
17 74 64 69 -4 0 4 0.39 0.0 0 13.4 21 50 M M 10 1 26 60
18 83 67 75 2 0 10 0.05 0.0 0 8.3 16 80 M M 9 1 19 80
19 84 65 75 1 0 10 0.02 0.0 0 3.8 13 160 M M 6 3 17 160
20 80 66 73 -1 0 8 0.93 0.0 0 2.3 20 120 M M 6 138 26 120
21 84 66 75 1 0 10 0.16 0.0 0 2.1 9 120 M M 6 18 11 130
22 89 68 79 5 0 14 T 0.0 0 4.2 21 290 M M 5 3 24 310
23 89 66 78 3 0 13 0.21 0.0 0 4.0 16 160 M M 7 3 24 150
24 85 71 78 3 0 13 0.00 0.0 0 8.4 17 280 M M 6 25 310
25 86 65 76 1 0 11 0.17 0.0 0 4.3 15 110 M M 7 13 19 280
26 89 62 76 1 0 11 0.00 0.0 0 7.0 17 270 M M 5 22 290
27 91 73 82 6 0 17 T 0.0 0 6.8 24 230 M M 8 31 260
28 90 72 81 5 0 16 0.00 0.0 0 6.2 15 270 M M 7 20 270
29 92 72 82 6 0 17 0.00 0.0 0 6.5 17 310 M M 4 25 350
30 90 69 80 4 0 15 0.26 0.0 0 5.9 14 300 M M 6 1 20 310
================================================================================
SM 2562 1942 3 313 5.95 0.0 197.5 M 186
================================================================================
AV 85.4 64.7 6.6 FASTST M M 6 MAX(MPH)
MISC ----> 30 240 40 240
================================================================================
NOTES:
# LAST OF SEVERAL OCCURRENCES
COLUMN 17 PEAK WIND IN M.P.H.
PRELIMINARY LOCAL CLIMATOLOGICAL DATA (WS FORM: F-6) , PAGE 2
STATION: BALTIMORE MD
MONTH: JUNE
YEAR: 2020
LATITUDE: 39 10 N
LONGITUDE: 76 40 W
[TEMPERATURE DATA] [PRECIPITATION DATA] SYMBOLS USED IN COLUMN 16
AVERAGE MONTHLY: 75.1 TOTAL FOR MONTH: 5.95 1 = FOG OR MIST
DPTR FM NORMAL: 2.7 DPTR FM NORMAL: 2.49 2 = FOG REDUCING VISIBILITY
HIGHEST: 96 ON 3 GRTST 24HR 2.71 ON 4- 5 TO 1/4 MILE OR LESS
LOWEST: 47 ON 1 3 = THUNDER
SNOW, ICE PELLETS, HAIL 4 = ICE PELLETS
TOTAL MONTH: 0.0 INCH 5 = HAIL
GRTST 24HR 0.0 6 = FREEZING RAIN OR DRIZZLE
GRTST DEPTH: 0 7 = DUSTSTORM OR SANDSTORM:
VSBY 1/2 MILE OR LESS
8 = SMOKE OR HAZE
[NO. OF DAYS WITH] [WEATHER - DAYS WITH] 9 = BLOWING SNOW
X = TORNADO
MAX 32 OR BELOW: 0 0.01 INCH OR MORE: 12
MAX 90 OR ABOVE: 10 0.10 INCH OR MORE: 9
MIN 32 OR BELOW: 0 0.50 INCH OR MORE: 4
MIN 0 OR BELOW: 0 1.00 INCH OR MORE: 1
[HDD (BASE 65) ]
TOTAL THIS MO. 3 CLEAR (SCALE 0-3) 2
DPTR FM NORMAL -12 PTCLDY (SCALE 4-7) 23
TOTAL FM JUL 1 3908 CLOUDY (SCALE 8-10) 5
DPTR FM NORMAL -854
[CDD (BASE 65) ]
TOTAL THIS MO. 313
DPTR FM NORMAL 75 [PRESSURE DATA]
TOTAL FM JAN 1 402 HIGHEST SLP 30.39 ON 15
DPTR FM NORMAL 80 LOWEST SLP 29.65 ON 23
[REMARKS]
#FINAL-06-20#