000
CXUS55 KRIW 011110
CF6BYG
PRELIMINARY LOCAL CLIMATOLOGICAL DATA (WS FORM: F-6)
STATION: BUFFALO WY
MONTH: DECEMBER
YEAR: 2022
LATITUDE: 44 22 N
LONGITUDE: 106 43 W
TEMPERATURE IN F: :PCPN: SNOW: WIND :SUNSHINE: SKY :PK WND
================================================================================
1 2 3 4 5 6A 6B 7 8 9 10 11 12 13 14 15 16 17 18
12Z AVG MX 2MIN
DY MAX MIN AVG DEP HDD CDD WTR SNW DPTH SPD SPD DIR MIN PSBL S-S WX SPD DR
================================================================================
1 54 32 43 14 22 0 0.00 M M 17.3 43 240 M M 0 61 250
2 45 7 26 -3 39 0 T M M 10.8 35 240 M M 6 18 50 340
3 39 8 24 -4 41 0 0.00 M M 4.7 13 250 M M 0 15 250
4 52 19 36 8 29 0 0.00 M M 5.8 24 340 M M 3 34 340
5 31 17 24 -4 41 0 T M M 6.7 21 170 M M 4 12 25 160
6 31 12 22 -6 43 0 0.00 M M 7.1 20 150 M M 4 12 24 150
7 42 7 25 -2 40 0 0.00 M M 5.5 12 130 M M 1 12 15 120
8 40 19 30 3 35 0 0.00 M M 4.9 13 300 M M 0 15 300
9 40 18 29 2 36 0 0.00 M M 4.5 13 270 M M 0 17 280
10 37 10 24 -3 41 0 0.00 M M 3.6 12 250 M M 0 14 160
11 53 27 40 13 25 0 0.00 M M 6.0 15 310 M M 0 17 310
12 34 14 24 -3 41 0 T M M 18.3 32 360 M M 7 19 42 330
13 18 12 15 -11 50 0 T M M 29.7 43 350 M M 10 1 55 360
14 27 17 22 -4 43 0 0.01 M M 30.2 40 320 M M 10 1289 57 320
15 22 13 18 -8 47 0 T M M 29.3 44 320 M M 4 189 61 320
16 26 16 21 -5 44 0 T M M 15.1 37 330 M M 3 52 330
17 31 12 22 -4 43 0 0.00 M M 5.7 14 160 M M 4 16 170
18 24 8 16 -10 49 0 T M M 6.9 15 350 M M 8 128 19 330
19 8 2 5 -21 60 0 T M M 5.6 16 340 M M 7 18 21 350
20 9 -2 4 -22 61 0 T M M 5.3 16 320 M M 6 18 26 310
21 21 M M M M M T M M 22.5 44 340 M M 3 18 58 350
22 -9 M M M M M 0.00 M M 7.8 25 350 M M 0 18 32 350
23 11 -17 -3 -29 68 0 0.00 M M 8.4 23 150 M M 5 29 150
24 41 6 24 -2 41 0 0.00 M M 6.2 17 180 M M 5 25 190
25 50 31 41 14 24 0 0.02 M M 16.5 46 330 M M 6 1 65 330
26 51 25 38 11 27 0 0.00 M M 6.5 18 190 M M 1 23 190
27 61 36 49 22 16 0 0.00 M M 10.4 33 190 M M 1 48 180
28 52 27 40 13 25 0 0.00 M M 7.5 16 30 M M 1 23 340
29 35 22 29 2 36 0 0.00 M M 5.2 14 350 M M 6 19 320
30 37 16 27 0 38 0 0.00 M M 4.6 12 250 M M 2 14 250
31 38 25 32 5 33 0 0.00 M M 6.5 20 350 M M 5 24 350
================================================================================
SM 1051 439 1138 0 0.03 M 325.1 M 112
================================================================================
AV 33.9 15.1 10.5 FASTST M M 4 MAX(MPH)
MISC ----> 46 330 65 330
================================================================================
NOTES:
# LAST OF SEVERAL OCCURRENCES
COLUMN 17 PEAK WIND IN M.P.H.
PRELIMINARY LOCAL CLIMATOLOGICAL DATA (WS FORM: F-6) , PAGE 2
STATION: BUFFALO WY
MONTH: DECEMBER
YEAR: 2022
LATITUDE: 44 22 N
LONGITUDE: 106 43 W
[TEMPERATURE DATA] [PRECIPITATION DATA] SYMBOLS USED IN COLUMN 16
AVERAGE MONTHLY: 24.5 TOTAL FOR MONTH: 0.03 1 = FOG OR MIST
DPTR FM NORMAL: -2.5 DPTR FM NORMAL: -0.14 2 = FOG REDUCING VISIBILITY
HIGHEST: 61 ON 27 GRTST 24HR 0.02 ON 25-25 TO 1/4 MILE OR LESS
LOWEST: -17 ON 23 3 = THUNDER
SNOW, ICE PELLETS, HAIL 4 = ICE PELLETS
TOTAL MONTH: M 5 = HAIL
GRTST 24HR M ON M 6 = FREEZING RAIN OR DRIZZLE
GRTST DEPTH: M ON M 7 = DUSTSTORM OR SANDSTORM:
VSBY 1/2 MILE OR LESS
8 = SMOKE OR HAZE
[NO. OF DAYS WITH] [WEATHER - DAYS WITH] 9 = BLOWING SNOW
X = TORNADO
MAX 32 OR BELOW: 13 0.01 INCH OR MORE: 2
MAX 90 OR ABOVE: 0 0.10 INCH OR MORE: 0
MIN 32 OR BELOW: 28 0.50 INCH OR MORE: 0
MIN 0 OR BELOW: 2 1.00 INCH OR MORE: 0
[HDD (BASE 65) ]
TOTAL THIS MO. 1138 CLEAR (SCALE 0-3) 15
DPTR FM NORMAL -41 PTCLDY (SCALE 4-7) 14
TOTAL FM JUL 1 2522 CLOUDY (SCALE 8-10) 2
DPTR FM NORMAL -414
[CDD (BASE 65) ]
TOTAL THIS MO. 0
DPTR FM NORMAL 0 [PRESSURE DATA]
TOTAL FM JAN 1 817 HIGHEST SLP 30.80 ON 22
DPTR FM NORMAL 289 LOWEST SLP 29.12 ON 27
[REMARKS]
#FINAL-12-22#