000
CXUS56 KTFX 011110
CF6BZN
PRELIMINARY LOCAL CLIMATOLOGICAL DATA (WS FORM: F-6)
STATION: BOZEMAN/GALLATIN FIELD MT
MONTH: MAY
YEAR: 2023
LATITUDE: 45 46 N
LONGITUDE: 111 9 W
TEMPERATURE IN F: :PCPN: SNOW: WIND :SUNSHINE: SKY :PK WND
================================================================================
1 2 3 4 5 6A 6B 7 8 9 10 11 12 13 14 15 16 17 18
12Z AVG MX 2MIN
DY MAX MIN AVG DEP HDD CDD WTR SNW DPTH SPD SPD DIR MIN PSBL S-S WX SPD DR
================================================================================
1 80 40 60 14 5 0 0.00 0.0 0 9.0 29 70 M M 0 39 70
2 78 43 61 14 4 0 0.00 0.0 0 6.3 23 150 M M 1 30 150
3 78 42 60 13 5 0 0.00 0.0 0 5.2 16 20 M M 1 23 40
4 81 39 60 13 5 0 T 0.0 0 6.9 24 170 M M 2 35 170
5 62 41 52 4 13 0 T 0.0 0 6.9 20 270 M M 6 29 260
6 62 36 49 1 16 0 0.08 0.0 0 8.6 26 280 M M 9 1 35 270
7 58 39 49 1 16 0 0.04 0.0 0 5.4 22 300 M M 7 3 27 300
8 63 36 50 1 15 0 0.00 0.0 0 3.8 14 350 M M 4 19 10
9 63 37 50 1 15 0 0.03 0.0 0 7.0 26 230 M M 4 3 38 230
10 62 29 46 -4 19 0 0.02 0.0 0 5.3 16 280 M M 4 22 20
11 63 40 52 2 13 0 0.10 0.0 0 4.4 16 280 M M 7 1 23 240
12 63 35 49 -1 16 0 0.04 0.0 0 5.0 24 50 M M 5 3 32 40
13 62 39 51 1 14 0 0.04 0.0 0 5.1 21 80 M M 9 18 25 90
14 65 48 57 6 8 0 0.00 0.0 0 6.9 29 80 M M 4 40 70
15 76 40 58 7 7 0 0.00 0.0 0 3.6 23 280 M M 2 33 290
16 78 41 60 8 5 0 T 0.0 0 5.4 20 330 M M 2 3 26 320
17 68 49 59 7 6 0 0.00 0.0 0 5.4 18 140 M M 6 138 24 180
18 71 42 57 5 8 0 0.00 0.0 0 3.7 18 160 M M 2 18 24 160
19 79 36 58 6 7 0 0.00 0.0 0 4.0 13 150 M M 0 18 14 170
20 83 40 62 9 3 0 0.00 0.0 0 5.5 14 150 M M 0 8 17 140
21 85 45 65 12 0 0 T 0.0 0 6.4 33 250 M M 1 8 44 260
22 81 43 62 9 3 0 0.04 0.0 0 5.3 20 270 M M 3 3 26 280
23 73 43 58 4 7 0 0.05 0.0 0 6.8 24 160 M M 3 30 170
24 72 52 62 8 3 0 0.16 0.0 0 6.3 23 270 M M 9 1 30 260
25 70 48 59 5 6 0 0.74 0.0 0 6.0 31 360 M M 7 1358 39 360
26 63 46 55 1 10 0 0.09 0.0 0 4.6 16 210 M M 7 1 21 210
27 68 46 57 2 8 0 0.37 0.0 0 5.6 25 260 M M 4 3 31 260
28 68 45 57 2 8 0 0.03 0.0 0 5.7 25 240 M M 5 35 230
29 74 47 61 6 4 0 0.00 0.0 0 4.7 15 330 M M 4 20 330
30 76 49 63 8 2 0 0.05 0.0 0 6.8 24 280 M M 3 3 31 250
31 75 43 59 3 6 0 1.00 0.0 0 5.4 40 240 M M 1 135 50 240
================================================================================
SM 2200 1299 257 0 2.88 0.0 177.0 M 122
================================================================================
AV 71.0 41.9 5.7 FASTST M M 4 MAX(MPH)
MISC ----> 40 240 50 240
================================================================================
NOTES:
# LAST OF SEVERAL OCCURRENCES
COLUMN 17 PEAK WIND IN M.P.H.
PRELIMINARY LOCAL CLIMATOLOGICAL DATA (WS FORM: F-6) , PAGE 2
STATION: BOZEMAN/GALLATIN FIELD MT
MONTH: MAY
YEAR: 2023
LATITUDE: 45 46 N
LONGITUDE: 111 9 W
[TEMPERATURE DATA] [PRECIPITATION DATA] SYMBOLS USED IN COLUMN 16
AVERAGE MONTHLY: 56.4 TOTAL FOR MONTH: 2.88 1 = FOG OR MIST
DPTR FM NORMAL: 5.1 DPTR FM NORMAL: 0.76 2 = FOG REDUCING VISIBILITY
HIGHEST: 85 ON 21 GRTST 24HR 1.00 ON 31-31 TO 1/4 MILE OR LESS
LOWEST: 29 ON 10 3 = THUNDER
SNOW, ICE PELLETS, HAIL 4 = ICE PELLETS
TOTAL MONTH: 0.0 INCH 5 = HAIL
GRTST 24HR 0.0 6 = FREEZING RAIN OR DRIZZLE
GRTST DEPTH: 0 7 = DUSTSTORM OR SANDSTORM:
VSBY 1/2 MILE OR LESS
8 = SMOKE OR HAZE
[NO. OF DAYS WITH] [WEATHER - DAYS WITH] 9 = BLOWING SNOW
X = TORNADO
MAX 32 OR BELOW: 0 0.01 INCH OR MORE: 16
MAX 90 OR ABOVE: 0 0.10 INCH OR MORE: 5
MIN 32 OR BELOW: 1 0.50 INCH OR MORE: 2
MIN 0 OR BELOW: 0 1.00 INCH OR MORE: 1
[HDD (BASE 65) ]
TOTAL THIS MO. 257 CLEAR (SCALE 0-3) 13
DPTR FM NORMAL -169 PTCLDY (SCALE 4-7) 15
TOTAL FM JUL 1 8728 CLOUDY (SCALE 8-10) 3
DPTR FM NORMAL 679
[CDD (BASE 65) ]
TOTAL THIS MO. 0
DPTR FM NORMAL -1 [PRESSURE DATA]
TOTAL FM JAN 1 0 HIGHEST SLP 30.47 ON 13
DPTR FM NORMAL -1 LOWEST SLP 29.54 ON 4
[REMARKS]
#FINAL-05-23#