000
CXUS52 KCAE 271400
CF6CAE
PRELIMINARY LOCAL CLIMATOLOGICAL DATA (WS FORM: F-6)
STATION: COLUMBIA METRO AIRPORT SC
MONTH: MARCH
YEAR: 2024
LATITUDE: 33 57 N
LONGITUDE: 81 7 W
TEMPERATURE IN F: :PCPN: SNOW: WIND :SUNSHINE: SKY :PK WND
================================================================================
1 2 3 4 5 6A 6B 7 8 9 10 11 12 13 14 15 16 17 18
12Z AVG MX 2MIN
DY MAX MIN AVG DEP HDD CDD WTR SNW DPTH SPD SPD DIR MIN PSBL S-S WX SPD DR
================================================================================
1 49 43 46 -6 19 0 2.12 0.0 0 6.0 16 290 M M 10 18 23 310
2 69 46 58 6 7 0 0.01 0.0 0 3.2 9 310 M M 8 1 12 290
3 66 48 57 4 8 0 T 0.0 0 2.6 8 330 M M 8 12 10 290
4 M M M M M M M M M M M M M M M M M
5 75 44 60 7 5 0 0.03 0.0 M 3.1 14 110 M M 6 18 17 100
6 73 58 66 13 0 1 2.68 0.0 M 5.3 13 60 M M 10 13 16 290
7 73 54 64 10 1 0 0.00 0.0 M 3.3 9 160 M M 7 1 14 160
8 67 51 59 5 6 0 0.06 0.0 M 6.6 20 110 M M 7 18 26 90
9 78 54 66 12 0 1 0.37 0.0 M 13.3 24 220 M M 8 18 41 220
10 66 48 57 3 8 0 0.00 0.0 0 12.9 24 270 M M 3 32 270
11 66 37 52 -3 13 0 0.00 0.0 0 5.7 15 310 M M 3 21 320
12 75 39 57 2 8 0 0.00 0.0 0 4.7 14 270 M M 5 18 20 230
13 79 42 61 6 4 0 0.00 0.0 0 5.4 18 250 M M 3 8 24 190
14 83 43 63 8 2 0 0.00 0.0 0 4.6 14 220 M M 1 18 22 220
15 74 53 64 8 1 0 0.27 0.0 0 6.5 17 240 M M 6 138 27 260
16 80 56 68 12 0 3 T 0.0 0 3.8 15 240 M M 6 1 19 260
17 73 50 62 6 3 0 T 0.0 0 8.4 20 230 M M 7 32 220
18 66 46 56 0 9 0 0.00 0.0 0 9.5 30 290 M M 5 40 290
19 61 37 49 -8 16 0 0.00 0.0 0 7.4 18 260 M M 0 8 26 320
20 76 41 59 2 6 0 0.00 0.0 0 7.6 21 260 M M 1 8 28 260
21 76 43 60 3 5 0 0.00 0.0 0 5.7 14 110 M M 1 18 18 120
22 67 54 61 3 4 0 0.31 0.0 0 8.3 16 100 M M 10 18 21 120
23 68 54 61 3 4 0 0.02 0.0 0 8.2 21 310 M M 9 1 31 10
24 62 42 52 -6 13 0 0.00 0.0 0 9.5 17 50 M M 2 29 60
25 65 40 53 -5 12 0 0.00 0.0 0 8.1 14 80 M M 8 8 25 110
26 73 53 63 5 2 0 0.03 0.0 0 10.6 21 130 M M 10 38 27 120
================================================================================
SM 1760 1176 156 5 5.90 0.0 170.3 M 144
================================================================================
AV 70.4 47.0 6.8 FASTST M M 6 MAX(MPH)
MISC ----> 30 290 41 220
================================================================================
NOTES:
# LAST OF SEVERAL OCCURRENCES
COLUMN 17 PEAK WIND IN M.P.H.
PRELIMINARY LOCAL CLIMATOLOGICAL DATA (WS FORM: F-6) , PAGE 2
STATION: COLUMBIA METRO AIRPORT SC
MONTH: MARCH
YEAR: 2024
LATITUDE: 33 57 N
LONGITUDE: 81 7 W
[TEMPERATURE DATA] [PRECIPITATION DATA] SYMBOLS USED IN COLUMN 16
AVERAGE MONTHLY: 58.7 TOTAL FOR MONTH: 5.90 1 = FOG OR MIST
DPTR FM NORMAL: 3.5 DPTR FM NORMAL: 2.87 2 = FOG REDUCING VISIBILITY
HIGHEST: 83 ON 14 GRTST 24HR 2.71 ON 5- 6 TO 1/4 MILE OR LESS
LOWEST: 37 ON 19,11 3 = THUNDER
SNOW, ICE PELLETS, HAIL 4 = ICE PELLETS
TOTAL MONTH: 0.0 INCH 5 = HAIL
GRTST 24HR 0.0 6 = FREEZING RAIN OR DRIZZLE
GRTST DEPTH: 0 7 = DUSTSTORM OR SANDSTORM:
VSBY 1/2 MILE OR LESS
8 = SMOKE OR HAZE
[NO. OF DAYS WITH] [WEATHER - DAYS WITH] 9 = BLOWING SNOW
X = TORNADO
MAX 32 OR BELOW: 0 0.01 INCH OR MORE: 10
MAX 90 OR ABOVE: 0 0.10 INCH OR MORE: 5
MIN 32 OR BELOW: 0 0.50 INCH OR MORE: 2
MIN 0 OR BELOW: 0 1.00 INCH OR MORE: 2
[HDD (BASE 65) ]
TOTAL THIS MO. 156 CLEAR (SCALE 0-3) 7
DPTR FM NORMAL -112 PTCLDY (SCALE 4-7) 12
TOTAL FM JUL 1 2003 CLOUDY (SCALE 8-10) 6
DPTR FM NORMAL -309
[CDD (BASE 65) ]
TOTAL THIS MO. 5
DPTR FM NORMAL -9 [PRESSURE DATA]
TOTAL FM JAN 1 13 HIGHEST SLP M ON M
DPTR FM NORMAL -7 LOWEST SLP 29.65 ON 9
[REMARKS]