000
CXUS51 KCLE 010800
CF6CAK
PRELIMINARY LOCAL CLIMATOLOGICAL DATA (WS FORM: F-6)
STATION: AKRON CANTON OH
MONTH: APRIL
YEAR: 2020
LATITUDE: 40 55 N
LONGITUDE: 81 26 W
TEMPERATURE IN F: :PCPN: SNOW: WIND :SUNSHINE: SKY :PK WND
================================================================================
1 2 3 4 5 6A 6B 7 8 9 10 11 12 13 14 15 16 17 18
12Z AVG MX 2MIN
DY MAX MIN AVG DEP HDD CDD WTR SNW DPTH SPD SPD DIR MIN PSBL S-S WX SPD DR
================================================================================
1 52 37 45 1 20 0 0.04 0.0 0 8.9 17 340 M M 8 1 22 340
2 57 33 45 1 20 0 0.00 0.0 0 9.2 22 310 M M 1 18 30 320
3 59 32 46 2 19 0 0.00 0.0 0 8.8 21 310 M M 1 27 340
4 68 32 50 5 15 0 0.00 0.0 0 4.2 12 300 M M 3 16 310
5 57 35 46 1 19 0 T 0.0 0 8.2 14 350 M M 8 8 26 340
6 66 31 49 3 16 0 0.00 0.0 0 4.0 9 240 M M 5 18 14 280
7 70 49 60 14 5 0 0.50 0.0 0 8.0 45 10 M M 7 138 51 360
8 69 53 61 15 4 0 0.43 0.0 0 8.1 23 220 M M 5 138 31 220
9 58 36 47 0 18 0 0.12 T 0 15.4 37 300 M M 7 18 48 300
10 47 32 40 -7 25 0 0.13 1.3 1 15.2 25 300 M M 8 18 35 320
11 54 30 42 -6 23 0 0.00 0.0 0 7.8 17 270 M M 5 23 280
12 62 45 54 6 11 0 0.16 0.0 0 11.3 26 210 M M 10 1 35 210
13 61 41 51 3 14 0 0.40 0.0 0 15.2 35 280 M M 10 18 45 280
14 44 32 38 -11 27 0 T T 0 8.8 21 270 M M 7 8 27 240
15 48 27 38 -11 27 0 0.08 T 0 10.3 25 300 M M 4 18 36 290
16 45 26 36 -14 29 0 T T 0 10.4 24 270 M M 7 8 32 270
17 42 31 37 -13 28 0 0.37 0.8 0 6.1 17 100 M M 10 18 20 350
18 51 34 43 -7 22 0 T T 0 10.8 20 230 M M 7 18 26 220
19 58 38 48 -3 17 0 T 0.0 0 11.9 21 220 M M 6 25 220
20 58 33 46 -5 19 0 0.00 0.0 0 8.6 18 220 M M 2 23 220
21 54 33 44 -7 21 0 0.03 T 0 16.2 33 260 M M 7 43 270
22 44 26 35 -17 30 0 0.02 T 0 7.6 15 260 M M 6 8 20 280
23 64 38 51 -1 14 0 0.08 0.0 0 8.6 16 240 M M 9 20 240
24 64 44 54 2 11 0 0.00 0.0 0 8.9 15 330 M M 7 18 21 10
25 69 38 54 1 11 0 0.11 0.0 0 8.4 21 30 M M 5 1 24 30
26 52 42 47 -6 18 0 0.72 0.0 0 15.4 26 20 M M 10 18 35 360
27 61 37 49 -4 16 0 0.03 0.0 0 7.4 17 260 M M 7 8 24 270
28 64 48 56 2 9 0 T 0.0 0 10.1 17 180 M M 8 21 180
29 74 53 64 10 1 0 0.19 0.0 0 12.3 26 170 M M 9 1 34 180
30 57 45 51 -3 14 0 0.08 0.0 0 11.1 23 240 M M 10 18 28 200
================================================================================
SM 1729 1111 523 0 3.49 2.1 297.2 M 199
================================================================================
AV 57.6 37.0 9.9 FASTST M M 7 MAX(MPH)
MISC ----> # 45 10 # 51 360
================================================================================
NOTES:
# LAST OF SEVERAL OCCURRENCES
COLUMN 17 PEAK WIND IN M.P.H.
PRELIMINARY LOCAL CLIMATOLOGICAL DATA (WS FORM: F-6) , PAGE 2
STATION: AKRON CANTON OH
MONTH: APRIL
YEAR: 2020
LATITUDE: 40 55 N
LONGITUDE: 81 26 W
[TEMPERATURE DATA] [PRECIPITATION DATA] SYMBOLS USED IN COLUMN 16
AVERAGE MONTHLY: 47.3 TOTAL FOR MONTH: 3.49 1 = FOG OR MIST
DPTR FM NORMAL: -1.9 DPTR FM NORMAL: -0.06 2 = FOG REDUCING VISIBILITY
HIGHEST: 74 ON 29 GRTST 24HR 0.72 ON 26-26 TO 1/4 MILE OR LESS
LOWEST: 26 ON 22,16 3 = THUNDER
SNOW, ICE PELLETS, HAIL 4 = ICE PELLETS
TOTAL MONTH: 2.1 INCHES 5 = HAIL
GRTST 24HR 1.3 ON 10-10 6 = FREEZING RAIN OR DRIZZLE
GRTST DEPTH: 1 ON 10 7 = DUSTSTORM OR SANDSTORM:
VSBY 1/2 MILE OR LESS
8 = SMOKE OR HAZE
[NO. OF DAYS WITH] [WEATHER - DAYS WITH] 9 = BLOWING SNOW
X = TORNADO
MAX 32 OR BELOW: 0 0.01 INCH OR MORE: 17
MAX 90 OR ABOVE: 0 0.10 INCH OR MORE: 10
MIN 32 OR BELOW: 10 0.50 INCH OR MORE: 2
MIN 0 OR BELOW: 0 1.00 INCH OR MORE: 0
[HDD (BASE 65) ]
TOTAL THIS MO. 523 CLEAR (SCALE 0-3) 3
DPTR FM NORMAL 42 PTCLDY (SCALE 4-7) 20
TOTAL FM JUL 1 4948 CLOUDY (SCALE 8-10) 7
DPTR FM NORMAL -928
[CDD (BASE 65) ]
TOTAL THIS MO. 0
DPTR FM NORMAL -6 [PRESSURE DATA]
TOTAL FM JAN 1 0 HIGHEST SLP 30.30 ON 17
DPTR FM NORMAL -6 LOWEST SLP 29.30 ON 13
[REMARKS]
#FINAL-04-20#