936
CXUS51 KCLE 020414
CLSCAK
CLIMATE REPORT
NATIONAL WEATHER SERVICE CLEVELAND, OH
1214 AM EDT WED SEP 02 2020
...................................
...THE AKRON CANTON OH CLIMATE SUMMARY FOR THE SEASON, FROM
6/1/2020 TO 8/31/2020...
CLIMATE NORMAL PERIOD 1981 TO 2010
CLIMATE RECORD PERIOD 1887 TO 2020
WEATHER OBSERVED NORMAL DEPART
VALUE DATE(S) VALUE FROM
NORMAL
................................................
TEMPERATURE (F)
RECORD
HIGH 104 08/06/1918
LOW 32 06/11/1972
HIGHEST 95 07/27
LOWEST 43 06/01
AVG. MAXIMUM 84.8 80.1 4.7
AVG. MINIMUM 63.5 60.1 3.4
MEAN 74.2 70.1 4.1
DAYS MAX >= 90 25 5.0
DAYS MAX <= 32 0 0.0
DAYS MIN <= 32 0 0.0
DAYS MIN <= 0 0 0.0
PRECIPITATION (INCHES)
RECORD
MAXIMUM 19.89 1990
MINIMUM 3.19 1991
TOTALS 8.73 11.47 -2.74
DAYS >= .01 35 33.0
DAYS >= .10 21 20.7
DAYS >= .50 5 7.9
DAYS >= 1.00 2 2.6
SNOWFALL (INCHES)
RECORDS
TOTAL T 2002
TOTALS 0.0 0.0
DAYS >= TRACE 0
DAYS >= 1.0 0 0.0
DEGREE DAYS
HEATING TOTAL 15 70 -55
COOLING TOTAL 881 539 342
................................................
WIND (MPH)
HIGHEST GUST SPEED/DIRECTION 51/280 DATE 07/27
SKY COVER
POSSIBLE SUNSHINE (PERCENT) MM
NUMBER OF DAYS FAIR 29
NUMBER OF DAYS PC 52
NUMBER OF DAYS CLOUDY 11
WEATHER CONDITIONS. NUMBER OF DAYS WITH
THUNDERSTORM 24 MIXED PRECIP 0
HEAVY RAIN 9 RAIN 16
LIGHT RAIN 35 FREEZING RAIN 0
LT FREEZING RAIN 0 HAIL 0
HEAVY SNOW 0 SNOW 0
LIGHT SNOW 0 SLEET 0
FOG 39 FOG W/VIS <= 1/4 MILE 4
HAZE 28
- INDICATES NEGATIVE NUMBERS.
R INDICATES RECORD WAS SET OR TIED.
MM INDICATES DATA IS MISSING.
T INDICATES TRACE AMOUNT.
$$