000
CXUS55 KABQ 011452
CF6CAO
PRELIMINARY LOCAL CLIMATOLOGICAL DATA (WS FORM: F-6)
STATION: CLAYTON NM
MONTH: MARCH
YEAR: 2024
LATITUDE: 36 27 N
LONGITUDE: 103 9 W
TEMPERATURE IN F: :PCPN: SNOW: WIND :SUNSHINE: SKY :PK WND
================================================================================
1 2 3 4 5 6A 6B 7 8 9 10 11 12 13 14 15 16 17 18
12Z AVG MX 2MIN
DY MAX MIN AVG DEP HDD CDD WTR SNW DPTH SPD SPD DIR MIN PSBL S-S WX SPD DR
================================================================================
1 71 37 54 14 11 0 0.00 0.0 0 12.9 28 250 M M 0 38 260
2 71 38 55 14 10 0 0.00 0.0 0 20.6 33 200 M M 0 47 200
3 73 42 58 17 7 0 0.00 0.0 0 23.1 45 250 M M 0 67 230
4 54 29 42 1 23 0 0.00 0.0 0 12.4 25 360 M M 0 32 10
5 53 25 39 -3 26 0 0.00 0.0 0 7.1 20 120 M M 0 25 110
6 61 25 43 1 22 0 0.00 0.0 0 10.7 23 200 M M 0 29 200
7 62 33 48 6 17 0 0.00 0.0 0 15.1 30 50 M M 4 38 50
8 34 27 31 -12 34 0 0.03 T 0 20.1 30 10 M M 10 1 39 360
9 51 20 36 -7 29 0 0.00 0.0 0 8.6 16 180 M M 1 22 220
10 61 29 45 2 20 0 0.00 0.0 0 12.4 21 200 M M 0 30 230
11 69 31 50 6 15 0 0.00 0.0 0 14.5 26 200 M M 0 35 210
12 68 40 54 10 11 0 0.00 0.0 0 10.1 18 160 M M 0 25 360
13 63 39 51 7 14 0 T 0.0 0 11.8 32 260 M M 3 3 44 270
14 44 36 40 -4 25 0 T T 0 15.6 25 10 M M 9 1 31 10
15 39 33 36 -9 29 0 0.03 T 0 13.1 26 40 M M 10 1 35 30
16 47 38 43 -2 22 0 T 0.0 0 9.0 17 360 M M 10 22 360
17 49 31 40 -5 25 0 0.00 0.0 0 7.6 18 350 M M 9 27 360
18 59 30 45 -1 20 0 0.00 0.0 0 9.6 16 250 M M 1 22 170
19 66 36 51 5 14 0 0.00 0.0 0 12.7 24 240 M M 1 33 240
20 68 31 50 4 15 0 0.00 0.0 0 9.0 21 40 M M 1 35 70
21 68 32 50 4 15 0 0.00 0.0 0 8.0 16 70 M M 0 22 80
22 61 34 48 1 17 0 0.00 0.0 0 14.6 29 360 M M 0 36 360
23 60 34 47 0 18 0 0.00 0.0 0 18.5 38 190 M M 3 48 190
24 62 30 46 -1 19 0 0.15 T 0 17.3 36 210 M M 4 12 46 200
25 32 22 27 -21 38 0 0.11 2.0 1 18.5 33 340 M M 9 1 44 340
26 43 18 31 -17 34 0 0.00 0.0 0 9.1 20 210 M M 4 26 190
27 53 27 40 -8 25 0 T 0.0 0 8.1 18 360 M M 6 1 23 340
28 70 30 50 2 15 0 0.00 0.0 0 14.3 29 210 M M 0 36 210
29 74 42 58 10 7 0 0.00 0.0 0 13.8 32 260 M M 0 47 270
30 76 33 55 6 10 0 0.00 0.0 0 14.7 32 200 M M 0 50 210
31 75 49 62 13 3 0 0.00 0.0 0 21.8 40 210 M M 0 58 220
================================================================================
SM 1837 1001 590 0 0.32 2.0 414.7 M 85
================================================================================
AV 59.3 32.3 13.4 FASTST M M 3 MAX(MPH)
MISC ----> 45 250 67 230
================================================================================
NOTES:
# LAST OF SEVERAL OCCURRENCES
COLUMN 17 PEAK WIND IN M.P.H.
PRELIMINARY LOCAL CLIMATOLOGICAL DATA (WS FORM: F-6) , PAGE 2
STATION: CLAYTON NM
MONTH: MARCH
YEAR: 2024
LATITUDE: 36 27 N
LONGITUDE: 103 9 W
[TEMPERATURE DATA] [PRECIPITATION DATA] SYMBOLS USED IN COLUMN 16
AVERAGE MONTHLY: 45.8 TOTAL FOR MONTH: 0.32 1 = FOG OR MIST
DPTR FM NORMAL: 0.9 DPTR FM NORMAL: -0.59 2 = FOG REDUCING VISIBILITY
HIGHEST: 76 ON 30 GRTST 24HR 0.26 ON 24-25 TO 1/4 MILE OR LESS
LOWEST: 18 ON 26 3 = THUNDER
SNOW, ICE PELLETS, HAIL 4 = ICE PELLETS
TOTAL MONTH: 2.0 INCHES 5 = HAIL
GRTST 24HR 2.0 ON 25-25 6 = FREEZING RAIN OR DRIZZLE
GRTST DEPTH: 1 ON 25 7 = DUSTSTORM OR SANDSTORM:
VSBY 1/2 MILE OR LESS
8 = SMOKE OR HAZE
[NO. OF DAYS WITH] [WEATHER - DAYS WITH] 9 = BLOWING SNOW
X = TORNADO
MAX 32 OR BELOW: 1 0.01 INCH OR MORE: 4
MAX 90 OR ABOVE: 0 0.10 INCH OR MORE: 2
MIN 32 OR BELOW: 16 0.50 INCH OR MORE: 0
MIN 0 OR BELOW: 0 1.00 INCH OR MORE: 0
[HDD (BASE 65) ]
TOTAL THIS MO. 590 CLEAR (SCALE 0-3) 21
DPTR FM NORMAL -34 PTCLDY (SCALE 4-7) 4
TOTAL FM JUL 1 3903 CLOUDY (SCALE 8-10) 6
DPTR FM NORMAL -373
[CDD (BASE 65) ]
TOTAL THIS MO. 0
DPTR FM NORMAL -1 [PRESSURE DATA]
TOTAL FM JAN 1 0 HIGHEST SLP 30.36 ON 15
DPTR FM NORMAL -1 LOWEST SLP 29.08 ON 24
[REMARKS]
#FINAL-03-24#