000
CXUS54 KLZK 011230
CF6CCA
PRELIMINARY LOCAL CLIMATOLOGICAL DATA (WS FORM: F-6)
STATION: CLINTON
MONTH: JANUARY
YEAR: 2022
LATITUDE: 35 32 N
LONGITUDE: 92 22 W
TEMPERATURE IN F: :PCPN: SNOW: WIND :SUNSHINE: SKY :PK WND
================================================================================
1 2 3 4 5 6A 6B 7 8 9 10 11 12 13 14 15 16 17 18
12Z AVG MX 2MIN
DY MAX MIN AVG DEP HDD CDD WTR SNW DPTH SPD SPD DIR MIN PSBL S-S WX SPD DR
================================================================================
1 61 34 48 M 17 0 M M M 3.1 14 320 M M 9 13 26 290
2 34 21 28 M 37 0 M M M 8.6 15 320 M M 7 26 320
3 43 16 30 M 35 0 M M M 0.5 6 190 M M 0 M M
4 45 19 32 M 33 0 M M M 3.2 14 200 M M 0 22 200
5 52 28 40 M 25 0 M M M 1.9 12 320 M M 3 21 320
6 36 21 29 M 36 0 M M M 5.9 13 330 M M 8 18 330
7 34 18 26 M 39 0 M M M 2.7 8 90 M M 2 13 99
8 39 27 33 M 32 0 M M M 1.4 6 99 M M 10 13 M M
9 52 34 43 M 22 0 M M M 4.5 13 350 M M 7 1 22 360
10 54 21 38 M 27 0 M M M 1.3 8 260 M M 0 8 14 M
11 57 23 40 M 25 0 M M M M M M M M M M M
12 59 34 47 M 18 0 M M M 3.5 14 240 M M 0 23 240
13 70 28 49 M 16 0 M M M 2.7 16 330 M M 0 28 330
14 55 30 43 M 22 0 M M M 0.8 6 150 M M 1 M M
15 46 34 40 M 25 0 M M M 4.0 7 320 M M 10 1 20 330
16 45 30 38 M 27 0 M M M 7.0 12 300 M M 3 21 99
17 52 27 40 M 25 0 M M M 4.1 12 290 M M 0 1 20 310
18 59 25 42 M 23 0 M M M 2.3 12 170 M M 2 18 150
19 54 28 41 M 24 0 M M M 3.5 13 320 M M 10 8 25 320
20 30 18 24 M 41 0 M M M 6.7 12 340 M M 2 26 340
21 34 10 22 M 43 0 M M M 1.2 7 99 M M 0 M M
22 46 9 28 M 37 0 M M M 1.1 7 180 M M 0 M M
23 61 18 40 M 25 0 M M M 2.1 12 310 M M 0 18 260
24 66 23 45 M 20 0 M M M 2.2 12 250 M M 0 21 250
25 48 30 39 M 26 0 M M M 4.6 9 330 M M 4 17 99
26 37 21 29 M 36 0 M M M 3.2 8 30 M M 2 13 99
27 43 23 33 M 32 0 M M M 0.1 3 240 M M 9 M M
28 45 19 32 M 33 0 M M M 5.5 22 320 M M 2 38 340
29 50 14 32 M 33 0 M M M 2.4 13 220 M M 1 18 190
30 63 19 41 M 24 0 M M M 1.9 10 300 M M 0 15 330
31 66 21 44 M 21 0 M M M 1.7 9 170 M M 3 8 16 180
================================================================================
SM 1536 723 879 0 M M 93.5 M 95
================================================================================
AV 49.5 23.3 3.1 FASTST M M 3 MAX(MPH)
MISC ----> 22 320 38 340
================================================================================
NOTES:
# LAST OF SEVERAL OCCURRENCES
COLUMN 17 PEAK WIND IN M.P.H.
PRELIMINARY LOCAL CLIMATOLOGICAL DATA (WS FORM: F-6) , PAGE 2
STATION: CLINTON
MONTH: JANUARY
YEAR: 2022
LATITUDE: 35 32 N
LONGITUDE: 92 22 W
[TEMPERATURE DATA] [PRECIPITATION DATA] SYMBOLS USED IN COLUMN 16
AVERAGE MONTHLY: 36.4 TOTAL FOR MONTH: M 1 = FOG OR MIST
DPTR FM NORMAL: 0.0 DPTR FM NORMAL: M 2 = FOG REDUCING VISIBILITY
HIGHEST: 70 ON 13 GRTST 24HR 1.26 ON 8- 9 TO 1/4 MILE OR LESS
LOWEST: 9 ON 22 3 = THUNDER
SNOW, ICE PELLETS, HAIL 4 = ICE PELLETS
TOTAL MONTH: M 5 = HAIL
GRTST 24HR M ON M 6 = FREEZING RAIN OR DRIZZLE
GRTST DEPTH: M ON M 7 = DUSTSTORM OR SANDSTORM:
VSBY 1/2 MILE OR LESS
8 = SMOKE OR HAZE
[NO. OF DAYS WITH] [WEATHER - DAYS WITH] 9 = BLOWING SNOW
X = TORNADO
MAX 32 OR BELOW: 1 0.01 INCH OR MORE: 0
MAX 90 OR ABOVE: 0 0.10 INCH OR MORE: 0
MIN 32 OR BELOW: 27 0.50 INCH OR MORE: 0
MIN 0 OR BELOW: 0 1.00 INCH OR MORE: 0
[HDD (BASE 65) ]
TOTAL THIS MO. 879 CLEAR (SCALE 0-3) 20
DPTR FM NORMAL M PTCLDY (SCALE 4-7) 5
TOTAL FM JUL 1 1969 CLOUDY (SCALE 8-10) 6
DPTR FM NORMAL M
[CDD (BASE 65) ]
TOTAL THIS MO. 0
DPTR FM NORMAL M [PRESSURE DATA]
TOTAL FM JAN 1 0 HIGHEST SLP M ON M
DPTR FM NORMAL M LOWEST SLP M ON M
[REMARKS]
#FINAL-01-22#