000
CXUS54 KLZK 011230
CF6CCA
PRELIMINARY LOCAL CLIMATOLOGICAL DATA (WS FORM: F-6)
STATION: CLINTON
MONTH: NOVEMBER
YEAR: 2021
LATITUDE: 35 32 N
LONGITUDE: 92 22 W
TEMPERATURE IN F: :PCPN: SNOW: WIND :SUNSHINE: SKY :PK WND
================================================================================
1 2 3 4 5 6A 6B 7 8 9 10 11 12 13 14 15 16 17 18
12Z AVG MX 2MIN
DY MAX MIN AVG DEP HDD CDD WTR SNW DPTH SPD SPD DIR MIN PSBL S-S WX SPD DR
================================================================================
1 57 39 48 M 17 0 M M M 1.4 9 100 M M 5 1 14 100
2 50 43 47 M 18 0 M M M 1.5 7 99 M M 9 1 13 99
3 52 32 42 M 23 0 M M M 1.1 7 99 M M 6 1 12 99
4 57 28 43 M 22 0 M M M 1.0 7 99 M M 3 12 15 99
5 57 27 42 M 23 0 M M M 1.0 7 120 M M 1 1 13 0
6 64 27 46 M 19 0 M M M 0.7 5 99 M M 0 1 M M
7 68 30 49 M 16 0 M M M 1.1 7 99 M M 0 1 13 99
8 72 32 52 M 13 0 M M M 1.3 9 150 M M 0 1 15 160
9 70 37 54 M 11 0 M M M 0.9 7 99 M M 3 1 14 99
10 70 50 60 M 5 0 M M M 2.4 10 150 M M 8 12 18 170
11 66 36 51 M 14 0 M M M 5.3 15 310 M M 3 24 310
12 59 32 46 M 19 0 M M M 5.6 15 280 M M 3 1 22 240
13 55 27 41 M 24 0 M M M 1.2 7 220 M M 0 14 0
14 63 30 47 M 18 0 M M M 2.0 12 300 M M 0 18 300
15 68 30 49 M 16 0 M M M 2.2 9 210 M M 0 1 20 0
16 73 39 56 M 9 0 M M M 2.9 10 160 M M 7 18 18 160
17 72 46 59 M 6 0 M M M 7.6 16 320 M M 10 26 320
18 57 28 43 M 22 0 M M M 3.7 12 310 M M 2 17 99
19 54 23 39 M 26 0 M M M 1.3 8 70 M M 0 17 70
20 61 30 46 M 19 0 M M M 1.5 9 160 M M 4 13 99
21 59 48 54 M 11 0 M M M 1.1 6 320 M M 7 14 0
22 57 30 44 M 21 0 M M M 1.3 6 99 M M 0 14 0
23 59 27 43 M 22 0 M M M 2.3 10 130 M M 0 15 130
24 63 30 47 M 18 0 M M M 4.2 12 200 M M 7 22 200
25 59 36 48 M 17 0 M M M 5.3 13 320 M M 6 12 22 99
26 52 25 39 M 26 0 M M M 1.8 8 200 M M 0 15 210
27 59 25 42 M 23 0 M M M 2.3 10 210 M M 0 16 220
28 61 32 47 M 18 0 M M M 1.6 8 310 M M 0 16 310
29 64 28 46 M 19 0 M M M 2.0 12 190 M M 0 1 21 230
30 72 30 51 M 14 0 M M M 0.4 5 120 M M 0 1 M M
================================================================================
SM 1850 977 529 0 M M 67.9 M 84
================================================================================
AV 61.7 32.6 2.3 FASTST M M 3 MAX(MPH)
MISC ----> 16 320 26 320
================================================================================
NOTES:
# LAST OF SEVERAL OCCURRENCES
COLUMN 17 PEAK WIND IN M.P.H.
PRELIMINARY LOCAL CLIMATOLOGICAL DATA (WS FORM: F-6) , PAGE 2
STATION: CLINTON
MONTH: NOVEMBER
YEAR: 2021
LATITUDE: 35 32 N
LONGITUDE: 92 22 W
[TEMPERATURE DATA] [PRECIPITATION DATA] SYMBOLS USED IN COLUMN 16
AVERAGE MONTHLY: 47.1 TOTAL FOR MONTH: M 1 = FOG OR MIST
DPTR FM NORMAL: 0.0 DPTR FM NORMAL: M 2 = FOG REDUCING VISIBILITY
HIGHEST: 73 ON 16 GRTST 24HR M ON M TO 1/4 MILE OR LESS
LOWEST: 23 ON 19 3 = THUNDER
SNOW, ICE PELLETS, HAIL 4 = ICE PELLETS
TOTAL MONTH: M 5 = HAIL
GRTST 24HR M ON M 6 = FREEZING RAIN OR DRIZZLE
GRTST DEPTH: M ON M 7 = DUSTSTORM OR SANDSTORM:
VSBY 1/2 MILE OR LESS
8 = SMOKE OR HAZE
[NO. OF DAYS WITH] [WEATHER - DAYS WITH] 9 = BLOWING SNOW
X = TORNADO
MAX 32 OR BELOW: 0 0.01 INCH OR MORE: 0
MAX 90 OR ABOVE: 0 0.10 INCH OR MORE: 0
MIN 32 OR BELOW: 21 0.50 INCH OR MORE: 0
MIN 0 OR BELOW: 0 1.00 INCH OR MORE: 0
[HDD (BASE 65) ]
TOTAL THIS MO. 529 CLEAR (SCALE 0-3) 19
DPTR FM NORMAL M PTCLDY (SCALE 4-7) 9
TOTAL FM JUL 1 660 CLOUDY (SCALE 8-10) 2
DPTR FM NORMAL M
[CDD (BASE 65) ]
TOTAL THIS MO. 0
DPTR FM NORMAL M [PRESSURE DATA]
TOTAL FM JAN 1 1708 HIGHEST SLP M ON M
DPTR FM NORMAL M LOWEST SLP M ON M
[REMARKS]
#FINAL-11-21#