000
CXUS54 KLZK 011130
CF6CCA
PRELIMINARY LOCAL CLIMATOLOGICAL DATA (WS FORM: F-6)
STATION: CLINTON
MONTH: AUGUST
YEAR: 2021
LATITUDE: 35 32 N
LONGITUDE: 92 22 W
TEMPERATURE IN F: :PCPN: SNOW: WIND :SUNSHINE: SKY :PK WND
================================================================================
1 2 3 4 5 6A 6B 7 8 9 10 11 12 13 14 15 16 17 18
12Z AVG MX 2MIN
DY MAX MIN AVG DEP HDD CDD WTR SNW DPTH SPD SPD DIR MIN PSBL S-S WX SPD DR
================================================================================
1 86 72 79 M 0 14 0.00 M M 0.8 6 99 M M 5 18 13 99
2 86 68 77 M 0 12 0.00 M M 0.9 5 99 M M 5 18 13 0
3 86 66 76 M 0 11 0.00 M M 0.8 6 30 M M 5 18 M M
4 86 63 75 M 0 10 0.00 M M 0.5 5 99 M M 2 18 12 99
5 88 61 75 M 0 10 0.00 M M 0.3 6 210 M M 4 18 M M
6 86 68 77 M 0 12 0.00 M M 0.8 6 280 M M 5 18 12 260
7 91 66 79 M 0 14 0.00 M M 1.1 7 99 M M 5 128 12 150
8 93 70 82 M 0 17 0.00 M M 2.9 12 240 M M 3 18 17 230
9 95 72 84 M 0 19 0.00 M M 3.6 13 220 M M 3 18 20 220
10 97 72 85 M 0 20 0.00 M M 4.1 13 200 M M 1 18 20 200
11 97 72 85 M 0 20 0.00 M M 3.9 12 260 M M 1 18 20 250
12 99 70 85 M 0 20 0.00 M M 2.0 9 250 M M 3 18 15 0
13 95 70 83 M 0 18 0.00 M M 2.4 13 310 M M 1 18 24 0
14 86 70 78 M 0 13 0.00 M M 1.8 8 310 M M 4 8 13 330
15 90 68 79 M 0 14 0.00 M M 0.5 6 90 M M 2 8 M M
16 90 63 77 M 0 12 0.00 M M 0.5 7 99 M M 1 18 M M
17 91 64 78 M 0 13 0.00 M M 1.8 8 120 M M 2 1 17 300
18 81 72 77 M 0 12 0.00 M M 1.1 8 120 M M 6 1 M M
19 88 73 81 M 0 16 0.00 M M 1.4 7 270 M M 9 18 22 99
20 90 75 83 M 0 18 0.00 M M 1.9 7 140 M M 7 18 13 99
21 93 73 83 M 0 18 0.00 M M 2.8 9 320 M M 3 1 16 320
22 93 72 83 M 0 18 0.00 M M 0.4 5 99 M M 4 18 M M
23 95 72 84 M 0 19 0.00 M M 1.2 8 110 M M 3 18 15 110
24 97 72 85 M 0 20 0.00 M M 1.6 7 150 M M 0 18 13 99
25 99 70 85 M 0 20 0.00 M M 1.3 7 120 M M 1 18 M M
26 97 70 84 M 0 19 0.00 M M 1.3 6 110 M M 2 18 12 110
27 93 72 83 M 0 18 0.00 M M 2.5 9 150 M M 3 18 16 99
28 93 68 81 M 0 16 0.00 M M 3.0 12 150 M M 2 18 17 150
29 91 72 82 M 0 17 0.00 M M 1.3 8 170 M M 4 18 15 99
30 88 68 78 M 0 13 0.00 M M 1.0 9 110 M M 2 1 20 0
31 91 66 79 M 0 14 M M M 2.5 10 320 M M 1 18 17 99
================================================================================
SM 2831 2150 0 487 0.00 M 51.9 M 99
================================================================================
AV 91.3 69.4 1.7 FASTST M M 3 MAX(MPH)
MISC ----> # 13 220 24 0
================================================================================
NOTES:
# LAST OF SEVERAL OCCURRENCES
COLUMN 17 PEAK WIND IN M.P.H.
PRELIMINARY LOCAL CLIMATOLOGICAL DATA (WS FORM: F-6) , PAGE 2
STATION: CLINTON
MONTH: AUGUST
YEAR: 2021
LATITUDE: 35 32 N
LONGITUDE: 92 22 W
[TEMPERATURE DATA] [PRECIPITATION DATA] SYMBOLS USED IN COLUMN 16
AVERAGE MONTHLY: 80.3 TOTAL FOR MONTH: 0.00 1 = FOG OR MIST
DPTR FM NORMAL: 0.0 DPTR FM NORMAL: M 2 = FOG REDUCING VISIBILITY
HIGHEST: 99 ON 25,12 GRTST 24HR 0.00 ON 29-29 TO 1/4 MILE OR LESS
LOWEST: 61 ON 5 3 = THUNDER
SNOW, ICE PELLETS, HAIL 4 = ICE PELLETS
TOTAL MONTH: M 5 = HAIL
GRTST 24HR M ON M 6 = FREEZING RAIN OR DRIZZLE
GRTST DEPTH: M ON M 7 = DUSTSTORM OR SANDSTORM:
VSBY 1/2 MILE OR LESS
8 = SMOKE OR HAZE
[NO. OF DAYS WITH] [WEATHER - DAYS WITH] 9 = BLOWING SNOW
X = TORNADO
MAX 32 OR BELOW: 0 0.01 INCH OR MORE: 0
MAX 90 OR ABOVE: 21 0.10 INCH OR MORE: 0
MIN 32 OR BELOW: 0 0.50 INCH OR MORE: 0
MIN 0 OR BELOW: 0 1.00 INCH OR MORE: 0
[HDD (BASE 65) ]
TOTAL THIS MO. 0 CLEAR (SCALE 0-3) 18
DPTR FM NORMAL M PTCLDY (SCALE 4-7) 12
TOTAL FM JUL 1 0 CLOUDY (SCALE 8-10) 1
DPTR FM NORMAL M
[CDD (BASE 65) ]
TOTAL THIS MO. 487
DPTR FM NORMAL M [PRESSURE DATA]
TOTAL FM JAN 1 1357 HIGHEST SLP M ON M
DPTR FM NORMAL M LOWEST SLP M ON M
[REMARKS]
#FINAL-08-21#