000
CXUS54 KLZK 011330
CF6CCA
PRELIMINARY LOCAL CLIMATOLOGICAL DATA (WS FORM: F-6)
STATION: CLINTON
MONTH: NOVEMBER
YEAR: 2023
LATITUDE: 35 32 N
LONGITUDE: 92 22 W
TEMPERATURE IN F: :PCPN: SNOW: WIND :SUNSHINE: SKY :PK WND
================================================================================
1 2 3 4 5 6A 6B 7 8 9 10 11 12 13 14 15 16 17 18
12Z AVG MX 2MIN
DY MAX MIN AVG DEP HDD CDD WTR SNW DPTH SPD SPD DIR MIN PSBL S-S WX SPD DR
================================================================================
1 52 23 38 M 27 0 M M M 0.7 6 180 M M 0 M M
2 61 27 44 M 21 0 M M M 1.6 12 160 M M 0 13 180
3 68 28 48 M 17 0 M M M 2.1 13 240 M M 0 18 99
4 73 36 55 M 10 0 M M M 1.5 8 210 M M 1 1 13 210
5 75 45 60 M 5 0 M M M 1.2 7 99 M M 4 1 15 160
6 81 45 63 M 2 0 M M M 4.0 15 220 M M 2 138 21 220
7 81 52 67 M 0 2 M M M 2.2 9 150 M M 4 12 17 150
8 81 54 68 M 0 3 M M M 4.6 14 190 M M 7 12 21 200
9 64 46 55 M 10 0 M M M 2.2 7 99 M M 7 17 330
10 64 39 52 M 13 0 M M M 1.9 8 10 M M 2 1 18 99
11 63 37 50 M 15 0 M M M 1.7 7 120 M M 1 16 99
12 68 34 51 M 14 0 M M M 0.3 5 150 M M 1 8 M M
13 72 36 54 M 11 0 M M M 1.2 8 100 M M 0 18 13 110
14 68 37 53 M 12 0 M M M 0.8 7 120 M M 0 3 12 99
15 70 34 52 M 13 0 M M M 1.5 8 130 M M 2 13 99
16 66 54 60 M 5 0 M M M 2.4 7 220 M M 10 M M
17 68 46 57 M 8 0 M M M 1.4 6 150 M M 8 1 12 350
18 66 37 52 M 13 0 M M M 0.8 6 99 M M 1 1 M M
19 63 32 48 M 17 0 M M M 0.6 5 99 M M 3 M M
20 52 48 50 M 15 0 M M M 1.5 8 140 M M 9 1 25 0
21 54 46 50 M 15 0 M M M 6.2 14 310 M M 10 23 300
22 55 32 44 M 21 0 M M M 3.3 9 290 M M 4 14 99
23 61 28 45 M 20 0 M M M 0.4 6 150 M M 0 1 M M
24 57 30 44 M 21 0 M M M 1.8 6 40 M M 1 12 99
25 54 28 41 M 24 0 M M M 1.0 6 130 M M 1 1 M M
26 46 27 37 M 28 0 M M M 4.0 14 300 M M 5 1 22 320
27 54 21 38 M 27 0 M M M 1.9 10 290 M M 0 17 300
28 54 23 39 M 26 0 M M M 0.2 6 180 M M 0 M M
29 63 25 44 M 21 0 M M M 1.8 12 240 M M 0 18 230
30 48 30 39 M 26 0 1.79 M M 1.6 15 90 M M 8 17 99
================================================================================
SM 1902 1080 457 5 1.79 M 56.4 M 91
================================================================================
AV 63.4 36.0 1.9 FASTST M M 3 MAX(MPH)
MISC ----> # 15 220 25 0
================================================================================
NOTES:
# LAST OF SEVERAL OCCURRENCES
COLUMN 17 PEAK WIND IN M.P.H.
PRELIMINARY LOCAL CLIMATOLOGICAL DATA (WS FORM: F-6) , PAGE 2
STATION: CLINTON
MONTH: NOVEMBER
YEAR: 2023
LATITUDE: 35 32 N
LONGITUDE: 92 22 W
[TEMPERATURE DATA] [PRECIPITATION DATA] SYMBOLS USED IN COLUMN 16
AVERAGE MONTHLY: 49.7 TOTAL FOR MONTH: 1.79 1 = FOG OR MIST
DPTR FM NORMAL: 0.0 DPTR FM NORMAL: M 2 = FOG REDUCING VISIBILITY
HIGHEST: 81 ON 8, 7 GRTST 24HR 1.79 ON 30-30 TO 1/4 MILE OR LESS
LOWEST: 21 ON 27 3 = THUNDER
SNOW, ICE PELLETS, HAIL 4 = ICE PELLETS
TOTAL MONTH: M 5 = HAIL
GRTST 24HR M ON M 6 = FREEZING RAIN OR DRIZZLE
GRTST DEPTH: M ON M 7 = DUSTSTORM OR SANDSTORM:
VSBY 1/2 MILE OR LESS
8 = SMOKE OR HAZE
[NO. OF DAYS WITH] [WEATHER - DAYS WITH] 9 = BLOWING SNOW
X = TORNADO
MAX 32 OR BELOW: 0 0.01 INCH OR MORE: 1
MAX 90 OR ABOVE: 0 0.10 INCH OR MORE: 1
MIN 32 OR BELOW: 13 0.50 INCH OR MORE: 1
MIN 0 OR BELOW: 0 1.00 INCH OR MORE: 1
[HDD (BASE 65) ]
TOTAL THIS MO. 457 CLEAR (SCALE 0-3) 18
DPTR FM NORMAL M PTCLDY (SCALE 4-7) 8
TOTAL FM JUL 1 619 CLOUDY (SCALE 8-10) 4
DPTR FM NORMAL M
[CDD (BASE 65) ]
TOTAL THIS MO. 5
DPTR FM NORMAL M [PRESSURE DATA]
TOTAL FM JAN 1 1848 HIGHEST SLP M ON M
DPTR FM NORMAL M LOWEST SLP M ON M
[REMARKS]
#FINAL-11-23#