000
CXUS53 KARX 041209
CF6CCY
PRELIMINARY LOCAL CLIMATOLOGICAL DATA (WS FORM: F-6)
STATION: CHARLES_CITY IA
MONTH: APRIL
YEAR: 2022
LATITUDE: 43 4 N
LONGITUDE: 92 37 W
TEMPERATURE IN F: :PCPN: SNOW: WIND :SUNSHINE: SKY :PK WND
================================================================================
1 2 3 4 5 6A 6B 7 8 9 10 11 12 13 14 15 16 17 18
12Z AVG MX 2MIN
DY MAX MIN AVG DEP HDD CDD WTR SNW DPTH SPD SPD DIR MIN PSBL S-S WX SPD DR
================================================================================
1 45 23 34 -8 31 0 0.00 0.0 0 5.0 12 220 M M 3 15 240
2 52 32 42 0 23 0 0.50 M M 9.7 24 320 M M 5 31 320
3 43 27 35 -8 30 0 0.01 0.0 0 9.4 18 130 M M 4 25 130
4 46 34 40 -3 25 0 0.00 0.0 0 13.3 23 320 M M 6 32 310
5 48 34 41 -3 24 0 0.05 0.0 0 15.9 24 140 M M 6 1 33 140
6 41 36 39 -5 26 0 0.01 0.0 0 19.9 32 280 M M 8 41 270
7 41 32 37 -8 28 0 M M M 20.6 28 290 M M 9 39 320
8 45 28 37 -8 28 0 M M M 18.8 25 350 M M 7 32 340
9 52 23 38 -8 27 0 0.00 0.0 0 6.7 9 130 M M 0 17 320
10 66 37 52 6 13 0 0.00 0.0 0 17.8 35 130 M M 3 43 130
11 61 36 49 3 16 0 0.00 0.0 0 11.5 20 280 M M 0 30 280
12 66 37 52 5 13 0 0.51 0.0 0 19.1 37 130 M M 6 3 53 130
13 61 32 47 0 18 0 0.17 0.0 0 14.9 24 310 M M 7 1 29 250
14 39 27 33 -15 32 0 0.00 0.0 0 24.5 36 250 M M 2 48 250
15 39 27 33 -15 32 0 0.00 0.0 0 14.1 22 310 M M 1 32 300
16 41 25 33 -16 32 0 M M M 13.9 23 310 M M 4 30 310
17 43 25 34 -15 31 0 T T 0 8.1 16 140 M M 4 22 160
18 37 28 33 -16 32 0 0.00 0.0 0 19.8 32 320 M M 9 39 300
19 43 21 32 -18 33 0 0.00 0.0 0 7.8 13 140 M M 4 18 260
20 48 41 45 -5 20 0 0.28 0.0 0 15.2 25 150 M M 10 1 32 150
21 61 37 49 -2 16 0 0.00 0.0 0 10.0 17 290 M M 4 12 24 290
22 59 46 53 2 12 0 0.57 0.0 0 18.3 32 130 M M 10 18 47 130
23 72 57 65 13 0 0 0.16 0.0 0 19.9 32 170 M M 6 1 47 180
24 57 41 49 -3 16 0 0.00 0.0 0 20.3 31 250 M M 6 44 250
25 41 30 36 -16 29 0 0.00 0.0 0 18.5 24 290 M M 10 31 290
26 46 28 37 -16 28 0 0.00 0.0 0 12.1 23 310 M M 5 23 310
27 52 32 42 -11 23 0 0.08 0.0 0 16.9 23 80 M M 5 30 80
28 50 34 42 -11 23 0 0.83 0.0 0 16.7 27 110 M M 10 32 110
29 57 46 52 -2 13 0 0.06 0.0 0 17.9 24 110 M M 9 1 37 110
30 63 46 55 1 10 0 0.18 0.0 0 20.6 30 110 M M 9 1 40 110
================================================================================
SM 1515 1002 684 0 3.41 T 457.2 M 172
================================================================================
AV 50.5 33.4 15.2 FASTST M M 6 MAX(MPH)
MISC ----> 37 130 53 130
================================================================================
NOTES:
# LAST OF SEVERAL OCCURRENCES
COLUMN 17 PEAK WIND IN M.P.H.
PRELIMINARY LOCAL CLIMATOLOGICAL DATA (WS FORM: F-6) , PAGE 2
STATION: CHARLES_CITY IA
MONTH: APRIL
YEAR: 2022
LATITUDE: 43 4 N
LONGITUDE: 92 37 W
[TEMPERATURE DATA] [PRECIPITATION DATA] SYMBOLS USED IN COLUMN 16
AVERAGE MONTHLY: 42.0 TOTAL FOR MONTH: 3.41 1 = FOG OR MIST
DPTR FM NORMAL: -6.2 DPTR FM NORMAL: -0.12 2 = FOG REDUCING VISIBILITY
HIGHEST: 72 ON 23 GRTST 24HR 0.83 ON 28-28 TO 1/4 MILE OR LESS
LOWEST: 21 ON 19 3 = THUNDER
SNOW, ICE PELLETS, HAIL 4 = ICE PELLETS
TOTAL MONTH: T 5 = HAIL
GRTST 24HR T ON 17-17 6 = FREEZING RAIN OR DRIZZLE
GRTST DEPTH: 0 7 = DUSTSTORM OR SANDSTORM:
VSBY 1/2 MILE OR LESS
8 = SMOKE OR HAZE
[NO. OF DAYS WITH] [WEATHER - DAYS WITH] 9 = BLOWING SNOW
X = TORNADO
MAX 32 OR BELOW: 0 0.01 INCH OR MORE: 13
MAX 90 OR ABOVE: 0 0.10 INCH OR MORE: 8
MIN 32 OR BELOW: 16 0.50 INCH OR MORE: 4
MIN 0 OR BELOW: 0 1.00 INCH OR MORE: 0
[HDD (BASE 65) ]
TOTAL THIS MO. 684 CLEAR (SCALE 0-3) 6
DPTR FM NORMAL 174 PTCLDY (SCALE 4-7) 16
TOTAL FM JUL 1 6959 CLOUDY (SCALE 8-10) 8
DPTR FM NORMAL -140
[CDD (BASE 65) ]
TOTAL THIS MO. 0
DPTR FM NORMAL -6 [PRESSURE DATA]
TOTAL FM JAN 1 0 HIGHEST SLP M ON M
DPTR FM NORMAL -6 LOWEST SLP M ON M
[REMARKS]
#FINAL-04-22#