000
CXUS53 KARX 041457
CF6CCY
PRELIMINARY LOCAL CLIMATOLOGICAL DATA (WS FORM: F-6)
STATION: CHARLES_CITY IA
MONTH: DECEMBER
YEAR: 2021
LATITUDE: 43 4 N
LONGITUDE: 92 37 W
TEMPERATURE IN F: :PCPN: SNOW: WIND :SUNSHINE: SKY :PK WND
================================================================================
1 2 3 4 5 6A 6B 7 8 9 10 11 12 13 14 15 16 17 18
12Z AVG MX 2MIN
DY MAX MIN AVG DEP HDD CDD WTR SNW DPTH SPD SPD DIR MIN PSBL S-S WX SPD DR
================================================================================
1 52 36 44 18 21 0 M 0.0 0 10.7 14 270 M M 3 22 230
2 54 39 47 22 18 0 0.00 0.0 0 11.1 18 320 M M 6 27 320
3 52 30 41 16 24 0 0.00 0.0 0 8.0 14 340 M M 2 18 350
4 37 28 33 9 32 0 0.00 0.0 0 7.0 9 110 M M 7 13 340
5 39 30 35 11 30 0 0.00 0.0 0 15.4 28 290 M M 9 41 290
6 28 3 16 -8 49 0 0.00 0.0 0 21.0 31 300 M M 2 45 300
7 28 7 18 -5 47 0 0.00 0.0 0 11.0 18 140 M M 8 22 150
8 27 10 19 -4 46 0 M M 0 8.6 20 140 M M 3 1 28 140
9 45 27 36 14 29 0 0.00 0.0 0 13.2 22 140 M M 5 28 140
10 34 27 31 9 34 0 M M 0 13.4 33 290 M M 8 1 37 M
11 30 23 27 5 38 0 M M M 8.0 12 230 M M 2 14 99
12 41 21 31 10 34 0 0.00 0.0 M 10.6 17 210 M M 1 22 220
13 46 27 37 16 28 0 0.00 0.0 M 5.6 14 200 M M 1 M M
14 45 32 39 19 26 0 0.00 0.0 0 12.4 17 140 M M 2 25 140
15 68 37 53 33 12 0 M 0.0 0 18.5 40 250 M M 8 138 61 250
16 37 21 29 9 36 0 0.00 0.0 0 21.6 43 240 M M 4 55 240
17 28 16 22 2 43 0 0.00 0.0 0 8.0 14 80 M M 3 16 50
18 25 18 22 3 43 0 0.00 0.0 0 11.6 18 330 M M 8 24 330
19 28 18 23 4 42 0 0.00 0.0 0 12.8 21 170 M M 6 24 190
20 32 9 21 2 44 0 0.00 0.0 0 11.6 20 320 M M 0 1 25 340
21 32 9 21 2 44 0 0.00 0.0 0 14.4 28 300 M M 2 40 300
22 30 9 20 2 45 0 0.00 0.0 0 8.6 15 160 M M 4 22 160
23 39 27 33 15 32 0 0.00 0.0 0 7.2 13 150 M M 3 15 140
24 48 32 40 22 25 0 0.00 0.0 0 9.9 14 340 M M 8 12 20 180
25 39 21 30 12 35 0 0.00 0.0 0 8.7 15 350 M M 5 18 350
26 36 18 27 9 38 0 M M 0 14.0 33 110 M M 5 16 41 110
27 34 18 26 8 39 0 M M M 12.6 25 280 M M 4 1 32 280
28 30 7 19 1 46 0 M M 0 10.6 21 100 M M 9 1 25 100
29 12 -6 3 -14 62 0 0.00 0.0 M 7.0 16 310 M M 5 25 310
30 27 12 20 3 45 0 M M M 9.4 16 160 M M 10 1 16 130
31 28 9 19 2 46 0 0.00 0.0 M 12.2 23 350 M M 8 12 31 360
================================================================================
SM 1131 615 1133 0 0.00 0.0 354.7 M 151
================================================================================
AV 36.5 19.8 11.4 FASTST M M 5 MAX(MPH)
MISC ----> 43 240 61 250
================================================================================
NOTES:
# LAST OF SEVERAL OCCURRENCES
COLUMN 17 PEAK WIND IN M.P.H.
PRELIMINARY LOCAL CLIMATOLOGICAL DATA (WS FORM: F-6) , PAGE 2
STATION: CHARLES_CITY IA
MONTH: DECEMBER
YEAR: 2021
LATITUDE: 43 4 N
LONGITUDE: 92 37 W
[TEMPERATURE DATA] [PRECIPITATION DATA] SYMBOLS USED IN COLUMN 16
AVERAGE MONTHLY: 28.2 TOTAL FOR MONTH: 0.00 1 = FOG OR MIST
DPTR FM NORMAL: 7.7 DPTR FM NORMAL: -1.28 2 = FOG REDUCING VISIBILITY
HIGHEST: 68 ON 15 GRTST 24HR 0.00 ON 2- 2 TO 1/4 MILE OR LESS
LOWEST: -6 ON 29 3 = THUNDER
SNOW, ICE PELLETS, HAIL 4 = ICE PELLETS
TOTAL MONTH: 0.0 INCH 5 = HAIL
GRTST 24HR 0.0 6 = FREEZING RAIN OR DRIZZLE
GRTST DEPTH: 0 7 = DUSTSTORM OR SANDSTORM:
VSBY 1/2 MILE OR LESS
8 = SMOKE OR HAZE
[NO. OF DAYS WITH] [WEATHER - DAYS WITH] 9 = BLOWING SNOW
X = TORNADO
MAX 32 OR BELOW: 14 0.01 INCH OR MORE: 0
MAX 90 OR ABOVE: 0 0.10 INCH OR MORE: 0
MIN 32 OR BELOW: 28 0.50 INCH OR MORE: 0
MIN 0 OR BELOW: 1 1.00 INCH OR MORE: 0
[HDD (BASE 65) ]
TOTAL THIS MO. 1133 CLEAR (SCALE 0-3) 9
DPTR FM NORMAL -246 PTCLDY (SCALE 4-7) 17
TOTAL FM JUL 1 2360 CLOUDY (SCALE 8-10) 5
DPTR FM NORMAL -582
[CDD (BASE 65) ]
TOTAL THIS MO. 0
DPTR FM NORMAL 0 [PRESSURE DATA]
TOTAL FM JAN 1 838 HIGHEST SLP M ON M
DPTR FM NORMAL 172 LOWEST SLP M ON M
[REMARKS]
#FINAL-12-21#