000
CXUS53 KARX 010900
CF6CCY
PRELIMINARY LOCAL CLIMATOLOGICAL DATA (WS FORM: F-6)
STATION: CHARLES_CITY IA
MONTH: JULY
YEAR: 2021
LATITUDE: 43 4 N
LONGITUDE: 92 37 W
TEMPERATURE IN F: :PCPN: SNOW: WIND :SUNSHINE: SKY :PK WND
================================================================================
1 2 3 4 5 6A 6B 7 8 9 10 11 12 13 14 15 16 17 18
12Z AVG MX 2MIN
DY MAX MIN AVG DEP HDD CDD WTR SNW DPTH SPD SPD DIR MIN PSBL S-S WX SPD DR
================================================================================
1 84 63 74 2 0 9 0.00 0.0 0 4.7 9 70 M M 2 13 20
2 81 64 73 1 0 8 0.00 0.0 0 5.5 9 10 M M 1 8 15 20
3 84 57 71 -1 0 6 0.00 0.0 0 2.6 8 210 M M 0 14 250
4 88 66 77 5 0 12 0.00 0.0 0 10.1 17 220 M M 0 25 230
5 90 70 80 8 0 15 0.00 0.0 0 8.4 13 240 M M 3 18 230
6 88 68 78 6 0 13 0.41 0.0 0 8.2 15 230 M M 3 20 240
7 68 61 65 -8 0 0 0.28 0.0 0 7.6 15 340 M M 9 1 18 330
8 72 61 67 -6 0 2 0.00 0.0 0 3.9 10 320 M M 7 M M
9 75 63 69 -4 0 4 0.30 0.0 0 6.8 10 140 M M 7 1 13 150
10 70 61 66 -7 0 1 0.00 0.0 0 8.2 13 90 M M 6 17 80
11 77 55 66 -7 0 1 0.00 0.0 0 7.9 15 40 M M 1 21 50
12 79 55 67 -6 0 2 0.00 0.0 0 4.6 9 50 M M 3 8 12 50
13 79 59 69 -4 0 4 0.00 0.0 0 4.9 9 230 M M 2 12 13 250
14 75 66 71 -2 0 6 1.73 0.0 0 7.4 22 220 M M 5 12 44 220
15 75 61 68 -5 0 3 0.00 0.0 0 6.7 12 320 M M 5 18 17 320
16 81 61 71 -1 0 6 0.00 0.0 0 4.8 8 50 M M 4 18 16 99
17 81 61 71 -1 0 6 0.00 0.0 0 2.8 8 100 M M 1 1 13 50
18 81 61 71 -1 0 6 0.00 0.0 0 4.0 7 60 M M 0 M M
19 81 59 70 -2 0 5 0.00 0.0 0 2.7 7 330 M M 1 12 320
20 84 61 73 1 0 8 0.00 0.0 0 6.0 12 310 M M 0 1 17 290
21 84 66 75 3 0 10 0.00 0.0 0 4.5 13 120 M M 2 12 16 100
22 84 68 76 4 0 11 0.00 0.0 0 7.4 12 190 M M 3 1 18 200
23 88 66 77 5 0 12 M M M 8.2 15 200 M M 0 1 20 200
24 86 68 77 5 0 12 M 0.0 0 7.6 12 320 M M 2 1 18 310
25 86 61 74 2 0 9 0.00 0.0 0 4.3 9 320 M M 1 12 17 320
26 88 63 76 4 0 11 0.00 0.0 0 6.9 14 230 M M 0 21 230
27 90 63 77 5 0 12 0.00 0.0 0 8.8 18 60 M M 1 37 60
28 90 70 80 8 0 15 0.00 0.0 0 6.5 13 190 M M 1 29 10
29 86 64 75 3 0 10 0.00 0.0 0 8.7 13 10 M M 2 8 20 10
30 73 63 68 -4 0 3 0.19 0.0 0 4.5 8 140 M M 5 18 M M
31 79 63 71 -1 0 6 0.00 0.0 0 4.5 14 290 M M 4 18 18 310
================================================================================
SM 2527 1948 0 228 2.91 0.0 189.7 M 81
================================================================================
AV 81.5 62.8 6.1 FASTST M M 3 MAX(MPH)
MISC ----> 22 220 44 220
================================================================================
NOTES:
# LAST OF SEVERAL OCCURRENCES
COLUMN 17 PEAK WIND IN M.P.H.
PRELIMINARY LOCAL CLIMATOLOGICAL DATA (WS FORM: F-6) , PAGE 2
STATION: CHARLES_CITY IA
MONTH: JULY
YEAR: 2021
LATITUDE: 43 4 N
LONGITUDE: 92 37 W
[TEMPERATURE DATA] [PRECIPITATION DATA] SYMBOLS USED IN COLUMN 16
AVERAGE MONTHLY: 72.2 TOTAL FOR MONTH: 2.91 1 = FOG OR MIST
DPTR FM NORMAL: -0.1 DPTR FM NORMAL: -1.89 2 = FOG REDUCING VISIBILITY
HIGHEST: 90 ON 28,27 GRTST 24HR 1.73 ON 14-14 TO 1/4 MILE OR LESS
LOWEST: 55 ON 12,11 3 = THUNDER
SNOW, ICE PELLETS, HAIL 4 = ICE PELLETS
TOTAL MONTH: 0.0 INCH 5 = HAIL
GRTST 24HR 0.0 6 = FREEZING RAIN OR DRIZZLE
GRTST DEPTH: 0 7 = DUSTSTORM OR SANDSTORM:
VSBY 1/2 MILE OR LESS
8 = SMOKE OR HAZE
[NO. OF DAYS WITH] [WEATHER - DAYS WITH] 9 = BLOWING SNOW
X = TORNADO
MAX 32 OR BELOW: 0 0.01 INCH OR MORE: 5
MAX 90 OR ABOVE: 3 0.10 INCH OR MORE: 5
MIN 32 OR BELOW: 0 0.50 INCH OR MORE: 1
MIN 0 OR BELOW: 0 1.00 INCH OR MORE: 1
[HDD (BASE 65) ]
TOTAL THIS MO. 0 CLEAR (SCALE 0-3) 21
DPTR FM NORMAL -8 PTCLDY (SCALE 4-7) 9
TOTAL FM JUL 1 0 CLOUDY (SCALE 8-10) 1
DPTR FM NORMAL 0
[CDD (BASE 65) ]
TOTAL THIS MO. 228
DPTR FM NORMAL -6 [PRESSURE DATA]
TOTAL FM JAN 1 569 HIGHEST SLP M ON M
DPTR FM NORMAL 149 LOWEST SLP M ON M
[REMARKS]
#FINAL-07-21#