000
CXAK56 PAFC 020114
CF6CDB
PRELIMINARY LOCAL CLIMATOLOGICAL DATA (WS FORM: F-6)
STATION: COLD BAY
MONTH: MAY
YEAR: 2021
LATITUDE: 55 13 N
LONGITUDE: 162 44 W
TEMPERATURE IN F: :PCPN: SNOW: WIND :SUNSHINE: SKY :PK WND
================================================================================
1 2 3 4 5 6A 6B 7 8 9 10 11 12 13 14 15 16 17 18
12Z AVG MX 2MIN
DY MAX MIN AVG DEP HDD CDD WTR SNW DPTH SPD SPD DIR MIN PSBL S-S WX SPD DR
================================================================================
1 44 36 40 1 25 0 0.13 M M 19.0 28 120 M M 10 18 35 120
2 42 32 37 -2 28 0 0.57 M M 20.9 31 120 M M 10 1 40 120
3 43 30 37 -2 28 0 0.10 M M 14.7 21 240 M M 7 12 28 250
4 43 31 37 -2 28 0 0.01 M M 16.7 25 290 M M 9 1 30 300
5 48 25 37 -2 28 0 T M M 18.9 37 120 M M 5 1 46 120
6 42 38 40 0 25 0 0.03 M M 30.0 40 120 M M 10 1 50 120
7 47 40 44 4 21 0 0.02 M M 15.8 37 80 M M 10 1 49 90
8 46 39 43 3 22 0 0.09 M M 16.9 28 140 M M 10 1 33 140
9 49 40 45 5 20 0 0.21 M M 17.5 26 150 M M 9 1 35 160
10 49 36 43 3 22 0 0.26 M M 9.0 20 150 M M 9 18 24 150
11 50 34 42 2 23 0 0.06 M M 5.4 12 350 M M 9 M M
12 47 32 40 0 25 0 0.00 M M 16.0 30 150 M M 6 1 37 150
13 46 40 43 2 22 0 0.01 M M 31.7 47 130 M M 10 1 58 130
14 53 32 43 2 22 0 T M M 16.6 25 160 M M 7 1 31 160
15 47 39 43 2 22 0 0.06 M M 15.7 24 150 M M 9 1 29 140
16 51 34 43 2 22 0 0.00 M M 9.2 18 330 M M 7 1 22 330
17 51 34 43 2 22 0 0.00 M M 6.5 15 350 M M 7 19 300
18 49 29 39 -3 26 0 0.06 M M 14.9 29 120 M M 5 36 140
19 49 40 45 3 20 0 0.09 M M 9.0 26 70 M M 10 1 35 80
20 51 41 46 4 19 0 0.25 M M 10.2 26 330 M M 10 1 32 330
21 43 39 41 -1 24 0 0.06 M M 18.1 30 310 M M 10 1 36 310
22 51 35 43 1 22 0 0.00 M M 17.3 32 160 M M 5 40 160
23 46 41 44 2 21 0 T M M 33.8 46 140 M M 10 1 58 130
24 48 44 46 4 19 0 0.34 M M 28.8 41 140 M M 10 1 51 140
25 50 43 47 4 18 0 T M M 29.9 46 140 M M 8 59 150
26 48 43 46 3 19 0 T M M 26.3 41 140 M M 10 1 49 140
27 53 44 49 6 16 0 0.00 M M 17.8 26 170 M M 10 18 30 170
28 54 42 48 5 17 0 T M M 12.8 35 70 M M 8 42 70
29 52 42 47 3 18 0 0.01 M M 14.9 23 160 M M 10 26 160
30 53 42 48 4 17 0 0.02 M M 11.2 24 90 M M 10 1 32 90
31 52 43 48 4 17 0 0.08 M M 10.4 18 10 M M 10 1 24 80
================================================================================
SM 1497 1160 678 0 2.46 M 535.9 M 270
================================================================================
AV 48.3 37.4 17.3 FASTST M M 9 MAX(MPH)
MISC ----> 47 130 59 150
================================================================================
NOTES:
# LAST OF SEVERAL OCCURRENCES
COLUMN 17 PEAK WIND IN M.P.H.
PRELIMINARY LOCAL CLIMATOLOGICAL DATA (WS FORM: F-6) , PAGE 2
STATION: COLD BAY
MONTH: MAY
YEAR: 2021
LATITUDE: 55 13 N
LONGITUDE: 162 44 W
[TEMPERATURE DATA] [PRECIPITATION DATA] SYMBOLS USED IN COLUMN 16
AVERAGE MONTHLY: 42.9 TOTAL FOR MONTH: 2.46 1 = FOG OR MIST
DPTR FM NORMAL: 1.7 DPTR FM NORMAL: -0.18 2 = FOG REDUCING VISIBILITY
HIGHEST: 54 ON 28 GRTST 24HR 0.62 ON 1- 2 TO 1/4 MILE OR LESS
LOWEST: 25 ON 5 3 = THUNDER
SNOW, ICE PELLETS, HAIL 4 = ICE PELLETS
TOTAL MONTH: M 5 = HAIL
GRTST 24HR M ON M 6 = FREEZING RAIN OR DRIZZLE
GRTST DEPTH: M ON M 7 = DUSTSTORM OR SANDSTORM:
VSBY 1/2 MILE OR LESS
8 = SMOKE OR HAZE
[NO. OF DAYS WITH] [WEATHER - DAYS WITH] 9 = BLOWING SNOW
X = TORNADO
MAX 32 OR BELOW: 0 0.01 INCH OR MORE: 20
MAX 90 OR ABOVE: 0 0.10 INCH OR MORE: 7
MIN 32 OR BELOW: 7 0.50 INCH OR MORE: 1
MIN 0 OR BELOW: 0 1.00 INCH OR MORE: 0
[HDD (BASE 65) ]
TOTAL THIS MO. 678 CLEAR (SCALE 0-3) 0
DPTR FM NORMAL -60 PTCLDY (SCALE 4-7) 9
TOTAL FM JUL 1 8224 CLOUDY (SCALE 8-10) 22
DPTR FM NORMAL -556
[CDD (BASE 65) ]
TOTAL THIS MO. 0
DPTR FM NORMAL 0 [PRESSURE DATA]
TOTAL FM JAN 1 0 HIGHEST SLP 30.18 ON 22
DPTR FM NORMAL 0 LOWEST SLP 29.15 ON 28
[REMARKS]
#FINAL-05-21#