000
CXUS55 KEAX 010736
CF6CDJ
PRELIMINARY LOCAL CLIMATOLOGICAL DATA (WS FORM: F-6)
STATION: CHILLICOTHE
MONTH: JULY
YEAR: 2020
LATITUDE: 39 49 N
LONGITUDE: 93 35 W
TEMPERATURE IN F: :PCPN: SNOW: WIND :SUNSHINE: SKY :PK WND
================================================================================
1 2 3 4 5 6A 6B 7 8 9 10 11 12 13 14 15 16 17 18
12Z AVG MX 2MIN
DY MAX MIN AVG DEP HDD CDD WTR SNW DPTH SPD SPD DIR MIN PSBL S-S WX SPD DR
================================================================================
1 86 68 77 1 0 12 0.74 M M 3.1 16 20 M M 0 31 30
2 89 68 79 3 0 14 0.00 M M 2.3 9 30 M M 0 12 30
3 90 72 81 5 0 16 0.00 M M 3.5 12 60 M M 0 19 40
4 90 73 82 6 0 17 0.01 M M 2.3 10 110 M M 0 16 110
5 92 70 81 5 0 16 0.00 M M 1.9 8 180 M M 0 15 100
6 92 70 81 5 0 16 0.00 M M 2.3 9 60 M M 0 15 60
7 93 71 82 6 0 17 0.00 M M 1.5 8 180 M M 0 12 160
8 94 72 83 6 0 18 0.00 M M 3.0 13 190 M M 0 20 180
9 90 74 82 5 0 17 0.00 M M 5.2 16 200 M M 0 25 190
10 94 63 79 2 0 14 0.00 M M 1.4 7 200 M M 0 13 190
11 95 69 82 5 0 17 0.00 M M 4.4 13 290 M M 0 20 290
12 90 67 79 2 0 14 0.00 M M 3.2 10 340 M M 0 19 360
13 90 64 77 0 0 12 0.00 M M 4.9 14 140 M M 0 21 120
14 90 69 80 3 0 15 0.00 M M 6.2 14 190 M M 0 21 190
15 82 67 75 -2 0 10 1.60 M M 4.6 17 30 M M 0 24 40
16 86 65 76 -1 0 11 0.00 M M 1.9 10 180 M M 0 16 120
17 94 70 82 5 0 17 0.00 M M 4.4 13 160 M M 0 23 140
18 93 76 85 8 0 20 0.00 M M 9.5 20 180 M M 0 34 180
19 88 70 79 2 0 14 0.00 M M 5.2 15 40 M M 0 21 360
20 85 68 77 0 0 12 0.63 M M 1.3 9 100 M M 0 14 90
21 84 72 78 1 0 13 0.23 M M 2.1 10 190 M M 0 16 310
22 90 69 80 3 0 15 0.00 M M 1.7 7 300 M M 0 11 300
23 90 69 80 3 0 15 0.00 M M 3.8 10 110 M M 0 17 120
24 92 73 83 6 0 18 0.00 M M 4.2 10 200 M M 0 16 190
25 91 76 84 7 0 19 0.00 M M 5.2 13 200 M M 0 19 180
26 93 75 84 7 0 19 0.85 M M 4.0 15 290 M M 0 23 300
27 86 69 78 1 0 13 0.38 M M 2.5 13 30 M M 0 17 40
28 87 62 75 -2 0 10 0.00 M M 2.9 12 190 M M 0 19 180
29 82 70 76 -1 0 11 0.92 M M 2.2 12 190 M M 0 18 180
30 82 72 77 0 0 12 0.08 M M 5.2 16 70 M M 0 28 70
31 81 64 73 -4 0 8 0.00 M M 4.0 12 10 M M 0 19 20
================================================================================
SM 2761 2157 0 452 5.44 M 109.9 M 0
================================================================================
AV 89.1 69.6 3.5 FASTST M M 0 MAX(MPH)
MISC ----> 20 180 34 180
================================================================================
NOTES:
# LAST OF SEVERAL OCCURRENCES
COLUMN 17 PEAK WIND IN M.P.H.
PRELIMINARY LOCAL CLIMATOLOGICAL DATA (WS FORM: F-6) , PAGE 2
STATION: CHILLICOTHE
MONTH: JULY
YEAR: 2020
LATITUDE: 39 49 N
LONGITUDE: 93 35 W
[TEMPERATURE DATA] [PRECIPITATION DATA] SYMBOLS USED IN COLUMN 16
AVERAGE MONTHLY: 79.3 TOTAL FOR MONTH: 5.44 1 = FOG OR MIST
DPTR FM NORMAL: 2.4 DPTR FM NORMAL: 1.58 2 = FOG REDUCING VISIBILITY
HIGHEST: 95 ON 11 GRTST 24HR 1.60 ON 15-15 TO 1/4 MILE OR LESS
LOWEST: 62 ON 28 3 = THUNDER
SNOW, ICE PELLETS, HAIL 4 = ICE PELLETS
TOTAL MONTH: M 5 = HAIL
GRTST 24HR M ON M 6 = FREEZING RAIN OR DRIZZLE
GRTST DEPTH: M ON M 7 = DUSTSTORM OR SANDSTORM:
VSBY 1/2 MILE OR LESS
8 = SMOKE OR HAZE
[NO. OF DAYS WITH] [WEATHER - DAYS WITH] 9 = BLOWING SNOW
X = TORNADO
MAX 32 OR BELOW: 0 0.01 INCH OR MORE: 9
MAX 90 OR ABOVE: 19 0.10 INCH OR MORE: 7
MIN 32 OR BELOW: 0 0.50 INCH OR MORE: 5
MIN 0 OR BELOW: 0 1.00 INCH OR MORE: 1
[HDD (BASE 65) ]
TOTAL THIS MO. 0 CLEAR (SCALE 0-3) 31
DPTR FM NORMAL 0 PTCLDY (SCALE 4-7) 0
TOTAL FM JUL 1 0 CLOUDY (SCALE 8-10) 0
DPTR FM NORMAL 0
[CDD (BASE 65) ]
TOTAL THIS MO. 452
DPTR FM NORMAL 83 [PRESSURE DATA]
TOTAL FM JAN 1 872 HIGHEST SLP M ON M
DPTR FM NORMAL 191 LOWEST SLP 29.68 ON 1
[REMARKS]
#FINAL-07-20#