000
CXUS56 KEKA 091318
CF6CEC
PRELIMINARY LOCAL CLIMATOLOGICAL DATA (WS FORM: F-6)
STATION: CRESCENT CITY CA
MONTH: MARCH
YEAR: 2021
LATITUDE: 41 46 N
LONGITUDE: 124 14 W
TEMPERATURE IN F: :PCPN: SNOW: WIND :SUNSHINE: SKY :PK WND
================================================================================
1 2 3 4 5 6A 6B 7 8 9 10 11 12 13 14 15 16 17 18
12Z AVG MX 2MIN
DY MAX MIN AVG DEP HDD CDD WTR SNW DPTH SPD SPD DIR MIN PSBL S-S WX SPD DR
================================================================================
1 M 41 M M M M 0.00 M M 4.6 13 140 M M 4 18 15 150
2 58 39 49 1 16 0 0.00 M M 5.1 13 340 M M 3 18 15 340
3 53 36 45 -3 20 0 0.00 M M 5.0 14 180 M M 3 18 18 180
4 58 46 52 4 13 0 0.00 0.0 0 20.4 35 180 M M 1 45 170
5 58 40 49 1 16 0 2.25 0.0 0 16.5 47 180 M M 9 1 58 180
6 52 39 46 -2 19 0 0.04 0.0 0 9.7 21 160 M M 7 1 26 160
7 52 41 47 -1 18 0 0.20 0.0 0 6.4 28 190 M M 5 18 34 180
8 49 37 43 -5 22 0 0.26 0.0 0 16.4 36 180 M M 6 18 45 190
9 49 42 46 -2 19 0 0.73 M M 15.7 37 180 M M 9 1 45 150
10 54 39 47 -1 18 0 T M M 8.2 18 340 M M 4 8 25 350
11 53 33 43 -5 22 0 0.00 M M 7.0 18 340 M M 0 18 26 330
12 52 35 44 -4 21 0 0.00 M M 5.0 12 330 M M 3 18 14 320
13 51 44 48 0 17 0 0.00 M M 9.5 20 150 M M 10 26 160
14 53 38 46 -2 19 0 1.08 M M 13.8 29 340 M M 10 1 38 340
15 50 38 44 -4 21 0 0.00 M M 15.8 29 340 M M 4 8 37 340
16 50 36 43 -5 22 0 0.00 M M 7.4 13 340 M M 0 8 19 10
17 52 37 45 -3 20 0 T M M 8.0 14 150 M M 1 18 170
18 53 45 49 1 16 0 0.20 M M 17.3 30 210 M M 10 18 42 210
19 50 42 46 -2 19 0 0.64 M M 12.8 25 210 M M 8 18 32 190
20 51 39 45 -4 20 0 0.07 M M 6.9 15 350 M M 5 18 21 340
21 51 34 43 -6 22 0 0.00 M M 7.0 15 330 M M 2 24 330
22 47 41 44 -5 21 0 0.14 M M 10.4 20 340 M M 8 18 27 340
23 52 38 45 -4 20 0 0.00 M M 15.7 29 340 M M 0 18 42 330
24 51 39 45 -4 20 0 0.17 M M 9.1 22 330 M M 5 18 29 340
25 50 38 44 -5 21 0 0.00 M M 13.8 26 340 M M 1 18 37 340
26 54 37 46 -3 19 0 0.00 M M 11.4 21 350 M M 0 18 30 350
27 56 40 48 -1 17 0 0.00 M M 5.3 15 320 M M 0 18 17 320
28 50 41 46 -3 19 0 0.04 M M 6.1 21 340 M M 10 18 30 340
29 57 41 49 0 16 0 0.00 0.0 M 18.5 33 340 M M 1 8 46 330
30 53 43 48 -1 17 0 0.00 0.0 M 15.6 24 340 M M 0 18 33 340
31 68 38 53 4 12 0 0.00 0.0 M 5.3 10 160 M M 0 18 12 160
================================================================================
SM 1587 1217 562 0 5.82 0.0 329.7 M 129
================================================================================
AV 52.9 39.3 10.6 FASTST M M 4 MAX(MPH)
MISC ----> 47 180 58 180
================================================================================
NOTES:
# LAST OF SEVERAL OCCURRENCES
COLUMN 17 PEAK WIND IN M.P.H.
PRELIMINARY LOCAL CLIMATOLOGICAL DATA (WS FORM: F-6) , PAGE 2
STATION: CRESCENT CITY CA
MONTH: MARCH
YEAR: 2021
LATITUDE: 41 46 N
LONGITUDE: 124 14 W
[TEMPERATURE DATA] [PRECIPITATION DATA] SYMBOLS USED IN COLUMN 16
AVERAGE MONTHLY: 46.1 TOTAL FOR MONTH: 5.82 1 = FOG OR MIST
DPTR FM NORMAL: -2.4 DPTR FM NORMAL: -2.04 2 = FOG REDUCING VISIBILITY
HIGHEST: 68 ON 31 GRTST 24HR 2.26 ON 5- 6 TO 1/4 MILE OR LESS
LOWEST: 33 ON 11 3 = THUNDER
SNOW, ICE PELLETS, HAIL 4 = ICE PELLETS
TOTAL MONTH: 0.0 INCH 5 = HAIL
GRTST 24HR 0.0 6 = FREEZING RAIN OR DRIZZLE
GRTST DEPTH: 0 7 = DUSTSTORM OR SANDSTORM:
VSBY 1/2 MILE OR LESS
8 = SMOKE OR HAZE
[NO. OF DAYS WITH] [WEATHER - DAYS WITH] 9 = BLOWING SNOW
X = TORNADO
MAX 32 OR BELOW: 0 0.01 INCH OR MORE: 12
MAX 90 OR ABOVE: 0 0.10 INCH OR MORE: 9
MIN 32 OR BELOW: 0 0.50 INCH OR MORE: 4
MIN 0 OR BELOW: 0 1.00 INCH OR MORE: 2
[HDD (BASE 65) ]
TOTAL THIS MO. 562 CLEAR (SCALE 0-3) 15
DPTR FM NORMAL 49 PTCLDY (SCALE 4-7) 9
TOTAL FM JUL 1 3459 CLOUDY (SCALE 8-10) 7
DPTR FM NORMAL -224
[CDD (BASE 65) ]
TOTAL THIS MO. 0
DPTR FM NORMAL 0 [PRESSURE DATA]
TOTAL FM JAN 1 0 HIGHEST SLP 30.46 ON 21
DPTR FM NORMAL 0 LOWEST SLP 29.83 ON 18
[REMARKS]
#FINAL-03-21#