000
CXUS55 KGJT 011010
CF6CEZ
PRELIMINARY LOCAL CLIMATOLOGICAL DATA (WS FORM: F-6)
STATION: CORTEZ CO
MONTH: JANUARY
YEAR: 2022
LATITUDE: 37 17 N
LONGITUDE: 108 38 W
TEMPERATURE IN F: :PCPN: SNOW: WIND :SUNSHINE: SKY :PK WND
================================================================================
1 2 3 4 5 6A 6B 7 8 9 10 11 12 13 14 15 16 17 18
12Z AVG MX 2MIN
DY MAX MIN AVG DEP HDD CDD WTR SNW DPTH SPD SPD DIR MIN PSBL S-S WX SPD DR
================================================================================
1 32 11 22 -5 43 0 T M M 11.9 29 330 M M 5 18 41 330
2 31 5 18 -9 47 0 0.00 M M 5.6 15 210 M M 0 18 210
3 36 9 23 -4 42 0 0.00 M M 3.9 10 210 M M 0 14 200
4 46 18 32 5 33 0 0.00 M M 4.2 13 290 M M 2 16 300
5 47 17 32 5 33 0 0.00 M M 4.7 10 50 M M 0 14 200
6 50 21 36 9 29 0 0.00 M M 5.8 13 290 M M 0 17 280
7 54 22 38 11 27 0 0.00 M M 4.2 14 210 M M 0 1 17 180
8 45 25 35 8 30 0 0.00 M M 4.1 22 350 M M 5 30 350
9 45 15 30 3 35 0 0.00 M M 4.3 9 200 M M 0 12 200
10 46 15 31 4 34 0 0.00 M M 2.9 8 80 M M 0 11 230
11 45 16 31 4 34 0 0.00 M M 4.9 13 270 M M 0 8 15 270
12 47 17 32 5 33 0 0.00 M M 5.7 17 280 M M 0 8 23 280
13 50 18 34 7 31 0 0.00 M M 3.7 14 210 M M 0 17 210
14 50 23 37 10 28 0 0.00 M M 9.6 23 340 M M 1 33 340
15 46 17 32 5 33 0 0.00 M M 5.9 21 330 M M 0 30 320
16 46 14 30 2 35 0 0.00 M M 4.9 12 200 M M 0 16 210
17 45 11 28 0 37 0 0.00 M M 4.5 14 200 M M 0 17 220
18 48 16 32 4 33 0 0.00 M M 4.7 14 310 M M 2 17 310
19 47 19 33 5 32 0 0.00 M M 5.8 14 280 M M 0 18 280
20 46 15 31 3 34 0 0.00 M M 7.7 21 280 M M 0 27 280
21 41 14 28 0 37 0 0.00 M M 3.1 10 300 M M 6 13 300
22 51 19 35 7 30 0 0.00 M M 4.9 20 140 M M 2 25 150
23 49 12 31 3 34 0 0.00 M M 4.4 15 290 M M 0 18 280
24 49 18 34 6 31 0 0.00 M M 7.8 23 280 M M 0 29 270
25 47 14 31 3 34 0 0.00 M M 5.8 15 290 M M 4 18 19 310
26 43 18 31 2 34 0 0.00 M M 4.6 14 280 M M 5 18 280
27 42 10 26 -3 39 0 0.00 M M 8.2 24 330 M M 0 37 340
28 42 6 24 -5 41 0 0.00 M M 4.3 12 200 M M 0 14 210
29 46 7 27 -2 38 0 0.00 M M 3.7 10 210 M M 0 8 15 220
30 45 8 27 -2 38 0 0.00 M M 6.2 17 290 M M 0 18 21 280
31 49 8 29 -1 36 0 0.00 M M 4.7 12 70 M M 0 13 70
================================================================================
SM 1406 458 1075 0 T M 166.7 M 32
================================================================================
AV 45.4 14.8 5.4 FASTST M M 1 MAX(MPH)
MISC ----> 29 330 41 330
================================================================================
NOTES:
# LAST OF SEVERAL OCCURRENCES
COLUMN 17 PEAK WIND IN M.P.H.
PRELIMINARY LOCAL CLIMATOLOGICAL DATA (WS FORM: F-6) , PAGE 2
STATION: CORTEZ CO
MONTH: JANUARY
YEAR: 2022
LATITUDE: 37 17 N
LONGITUDE: 108 38 W
[TEMPERATURE DATA] [PRECIPITATION DATA] SYMBOLS USED IN COLUMN 16
AVERAGE MONTHLY: 30.1 TOTAL FOR MONTH: T 1 = FOG OR MIST
DPTR FM NORMAL: 2.4 DPTR FM NORMAL: -1.07 2 = FOG REDUCING VISIBILITY
HIGHEST: 54 ON 7 GRTST 24HR 0.14 ON 31- 1 TO 1/4 MILE OR LESS
LOWEST: 5 ON 2 3 = THUNDER
SNOW, ICE PELLETS, HAIL 4 = ICE PELLETS
TOTAL MONTH: M 5 = HAIL
GRTST 24HR M ON M 6 = FREEZING RAIN OR DRIZZLE
GRTST DEPTH: M ON M 7 = DUSTSTORM OR SANDSTORM:
VSBY 1/2 MILE OR LESS
8 = SMOKE OR HAZE
[NO. OF DAYS WITH] [WEATHER - DAYS WITH] 9 = BLOWING SNOW
X = TORNADO
MAX 32 OR BELOW: 2 0.01 INCH OR MORE: 0
MAX 90 OR ABOVE: 0 0.10 INCH OR MORE: 0
MIN 32 OR BELOW: 31 0.50 INCH OR MORE: 0
MIN 0 OR BELOW: 0 1.00 INCH OR MORE: 0
[HDD (BASE 65) ]
TOTAL THIS MO. 1075 CLEAR (SCALE 0-3) 26
DPTR FM NORMAL -81 PTCLDY (SCALE 4-7) 5
TOTAL FM JUL 1 3392 CLOUDY (SCALE 8-10) 0
DPTR FM NORMAL -359
[CDD (BASE 65) ]
TOTAL THIS MO. 0
DPTR FM NORMAL 0 [PRESSURE DATA]
TOTAL FM JAN 1 0 HIGHEST SLP 30.75 ON 10
DPTR FM NORMAL 0 LOWEST SLP 29.44 ON 1
[REMARKS]
#FINAL-01-22#