000
CXUS55 KGJT 010910
CF6CEZ
PRELIMINARY LOCAL CLIMATOLOGICAL DATA (WS FORM: F-6)
STATION: CORTEZ CO
MONTH: SEPTEMBER
YEAR: 2021
LATITUDE: 37 17 N
LONGITUDE: 108 38 W
TEMPERATURE IN F: :PCPN: SNOW: WIND :SUNSHINE: SKY :PK WND
================================================================================
1 2 3 4 5 6A 6B 7 8 9 10 11 12 13 14 15 16 17 18
12Z AVG MX 2MIN
DY MAX MIN AVG DEP HDD CDD WTR SNW DPTH SPD SPD DIR MIN PSBL S-S WX SPD DR
================================================================================
1 72 59 66 0 0 1 0.48 M M 4.8 26 300 M M 6 1 37 300
2 74 56 65 -1 0 0 0.09 M M 2.2 8 70 M M 6 1 12 230
3 81 51 66 0 0 1 0.01 M M 3.5 15 350 M M 1 24 360
4 86 48 67 2 0 2 0.00 M M 6.6 18 10 M M 1 1 26 20
5 88 43 66 1 0 1 0.00 M M 6.5 17 310 M M 0 26 320
6 90 42 66 1 0 1 0.00 M M 7.2 17 280 M M 0 27 320
7 93 44 69 5 0 4 0.00 M M 6.2 14 110 M M 0 18 210
8 92 45 69 5 0 4 0.00 M M 4.9 17 290 M M 0 22 290
9 93 45 69 5 0 4 0.00 M M 6.8 17 290 M M 0 23 290
10 92 47 70 6 0 5 0.00 M M 6.3 17 200 M M 0 22 220
11 89 49 69 6 0 4 0.00 M M 6.0 17 190 M M 0 23 190
12 88 49 69 6 0 4 0.00 M M 6.9 18 290 M M 0 28 270
13 87 47 67 5 0 2 0.00 M M 6.9 21 270 M M 1 29 290
14 88 50 69 7 0 4 0.00 M M 6.3 20 270 M M 2 29 270
15 87 41 64 2 1 0 0.00 M M 5.9 17 290 M M 0 23 290
16 85 42 64 3 1 0 0.00 M M 6.1 20 200 M M 0 26 220
17 85 40 63 2 2 0 0.00 M M 4.8 13 290 M M 0 18 290
18 86 41 64 3 1 0 0.27 M M 7.1 35 280 M M 4 1 51 280
19 78 51 65 5 0 0 0.02 M M 5.5 17 180 M M 3 1 27 180
20 74 38 56 -4 9 0 0.00 M M 6.7 17 270 M M 0 27 290
21 77 33 55 -4 10 0 0.00 M M 6.3 15 280 M M 0 20 270
22 79 33 56 -3 9 0 0.00 M M 5.2 14 290 M M 0 19 290
23 81 34 58 -1 7 0 0.00 M M 5.6 20 290 M M 0 26 300
24 83 39 61 3 4 0 0.00 M M 6.0 16 190 M M 0 24 220
25 84 38 61 3 4 0 0.00 M M 6.8 22 200 M M 1 8 27 200
26 76 44 60 3 5 0 T M M 5.2 20 220 M M 2 27 220
27 70 50 60 3 5 0 0.11 M M 4.4 17 130 M M 5 13 23 120
28 69 43 56 0 9 0 T M M 3.0 13 220 M M 6 13 17 220
29 67 47 57 1 8 0 0.02 M M 6.1 18 290 M M 7 3 24 300
30 61 41 51 -5 14 0 0.41 M M 4.6 15 290 M M 7 1 20 290
================================================================================
SM 2455 1330 89 37 1.41 M 170.4 M 52
================================================================================
AV 81.8 44.3 5.7 FASTST M M 2 MAX(MPH)
MISC ----> 35 280 51 280
================================================================================
NOTES:
# LAST OF SEVERAL OCCURRENCES
COLUMN 17 PEAK WIND IN M.P.H.
PRELIMINARY LOCAL CLIMATOLOGICAL DATA (WS FORM: F-6) , PAGE 2
STATION: CORTEZ CO
MONTH: SEPTEMBER
YEAR: 2021
LATITUDE: 37 17 N
LONGITUDE: 108 38 W
[TEMPERATURE DATA] [PRECIPITATION DATA] SYMBOLS USED IN COLUMN 16
AVERAGE MONTHLY: 63.1 TOTAL FOR MONTH: 1.41 1 = FOG OR MIST
DPTR FM NORMAL: 1.7 DPTR FM NORMAL: -0.17 2 = FOG REDUCING VISIBILITY
HIGHEST: 93 ON 9, 7 GRTST 24HR 0.49 ON 1- 2 TO 1/4 MILE OR LESS
LOWEST: 33 ON 22,21 3 = THUNDER
SNOW, ICE PELLETS, HAIL 4 = ICE PELLETS
TOTAL MONTH: M 5 = HAIL
GRTST 24HR M ON M 6 = FREEZING RAIN OR DRIZZLE
GRTST DEPTH: M ON M 7 = DUSTSTORM OR SANDSTORM:
VSBY 1/2 MILE OR LESS
8 = SMOKE OR HAZE
[NO. OF DAYS WITH] [WEATHER - DAYS WITH] 9 = BLOWING SNOW
X = TORNADO
MAX 32 OR BELOW: 0 0.01 INCH OR MORE: 8
MAX 90 OR ABOVE: 5 0.10 INCH OR MORE: 4
MIN 32 OR BELOW: 0 0.50 INCH OR MORE: 0
MIN 0 OR BELOW: 0 1.00 INCH OR MORE: 0
[HDD (BASE 65) ]
TOTAL THIS MO. 89 CLEAR (SCALE 0-3) 23
DPTR FM NORMAL -45 PTCLDY (SCALE 4-7) 7
TOTAL FM JUL 1 92 CLOUDY (SCALE 8-10) 0
DPTR FM NORMAL -53
[CDD (BASE 65) ]
TOTAL THIS MO. 37
DPTR FM NORMAL 12 [PRESSURE DATA]
TOTAL FM JAN 1 704 HIGHEST SLP M ON M
DPTR FM NORMAL 215 LOWEST SLP 29.69 ON 1
[REMARKS]
#FINAL-09-21#