000
CXUS53 KPAH 010700
CF6CGI
PRELIMINARY LOCAL CLIMATOLOGICAL DATA (WS FORM: F-6)
STATION: CAPE GIRARDEAU MO
MONTH: MARCH
YEAR: 2023
LATITUDE: 37 13 N
LONGITUDE: 89 35 W
TEMPERATURE IN F: :PCPN: SNOW: WIND :SUNSHINE: SKY :PK WND
================================================================================
1 2 3 4 5 6A 6B 7 8 9 10 11 12 13 14 15 16 17 18
12Z AVG MX 2MIN
DY MAX MIN AVG DEP HDD CDD WTR SNW DPTH SPD SPD DIR MIN PSBL S-S WX SPD DR
================================================================================
1 73 44 59 16 6 0 0.00 M M 7.5 17 230 M M 2 8 25 240
2 59 46 53 10 12 0 0.81 M M 12.5 20 60 M M 5 1 26 70
3 52 42 47 3 18 0 2.47 M M 16.3 40 290 M M 9 13 57 280
4 59 33 46 2 19 0 0.00 M M 2.4 12 270 M M 0 18 15 270
5 66 34 50 6 15 0 0.00 M M 6.8 17 160 M M 0 1 26 160
6 74 50 62 17 3 0 0.00 M M 10.5 25 20 M M 0 33 20
7 55 44 50 5 15 0 0.00 M M 15.8 26 20 M M 3 8 37 360
8 53 45 49 4 16 0 T M M 10.9 20 100 M M 7 27 100
9 49 45 47 1 18 0 0.10 M M 6.7 14 70 M M 10 1 18 330
10 53 38 46 0 19 0 0.00 M M 11.8 23 330 M M 6 32 320
11 49 34 42 -4 23 0 0.04 M M 8.4 15 130 M M 6 1 21 120
12 50 33 42 -4 23 0 0.00 M M 11.3 20 330 M M 9 1 26 340
13 42 33 38 -9 27 0 0.00 M M 12.7 21 350 M M 9 27 10
14 46 27 37 -10 28 0 0.00 M M 5.6 16 350 M M 6 8 19 360
15 53 22 38 -9 27 0 0.00 M M 6.3 14 210 M M 1 8 20 190
16 58 38 48 0 17 0 0.67 M M 12.3 28 190 M M 9 138 38 190
17 56 32 44 -4 21 0 0.16 M M 13.2 29 320 M M 4 1 41 320
18 41 27 34 -14 31 0 0.00 M M 12.9 24 300 M M 1 32 290
19 43 23 33 -16 32 0 0.00 M M 7.1 18 350 M M 3 25 360
20 51 25 38 -11 27 0 0.00 M M 9.2 22 210 M M 0 32 190
21 46 39 43 -6 22 0 0.56 M M 10.3 22 190 M M 9 1 31 190
22 66 44 55 5 10 0 T M M 11.2 21 190 M M 9 1 29 200
23 77 54 66 16 0 1 0.00 M M 13.7 30 340 M M 8 1 40 340
24 59 47 53 3 12 0 2.08 M M 8.0 37 100 M M 10 13 46 100
25 61 44 53 3 12 0 0.00 M M 11.1 26 280 M M 5 33 280
26 71 38 55 4 10 0 0.00 M M 6.0 28 360 M M 0 12 35 10
27 55 40 48 -3 17 0 0.00 M M 10.4 22 350 M M 5 30 340
28 56 33 45 -7 20 0 0.00 M M 6.8 26 330 M M 2 18 36 320
29 60 30 45 -7 20 0 0.00 M M 2.8 9 140 M M 0 18 17 190
30 70 35 53 1 12 0 0.28 M M 8.7 25 220 M M 4 1 35 220
31 73 53 63 11 2 0 0.48 M M 18.4 35 210 M M 8 138 53 180
================================================================================
SM 1776 1172 534 1 7.65 M 307.6 M 150
================================================================================
AV 57.3 37.8 9.9 FASTST M M 5 MAX(MPH)
MISC ----> 40 290 57 280
================================================================================
NOTES:
# LAST OF SEVERAL OCCURRENCES
COLUMN 17 PEAK WIND IN M.P.H.
PRELIMINARY LOCAL CLIMATOLOGICAL DATA (WS FORM: F-6) , PAGE 2
STATION: CAPE GIRARDEAU MO
MONTH: MARCH
YEAR: 2023
LATITUDE: 37 13 N
LONGITUDE: 89 35 W
[TEMPERATURE DATA] [PRECIPITATION DATA] SYMBOLS USED IN COLUMN 16
AVERAGE MONTHLY: 47.5 TOTAL FOR MONTH: 7.65 1 = FOG OR MIST
DPTR FM NORMAL: -0.2 DPTR FM NORMAL: 2.96 2 = FOG REDUCING VISIBILITY
HIGHEST: 77 ON 23 GRTST 24HR 3.28 ON 2- 3 TO 1/4 MILE OR LESS
LOWEST: 22 ON 15 3 = THUNDER
SNOW, ICE PELLETS, HAIL 4 = ICE PELLETS
TOTAL MONTH: M 5 = HAIL
GRTST 24HR M ON M 6 = FREEZING RAIN OR DRIZZLE
GRTST DEPTH: M ON M 7 = DUSTSTORM OR SANDSTORM:
VSBY 1/2 MILE OR LESS
8 = SMOKE OR HAZE
[NO. OF DAYS WITH] [WEATHER - DAYS WITH] 9 = BLOWING SNOW
X = TORNADO
MAX 32 OR BELOW: 0 0.01 INCH OR MORE: 10
MAX 90 OR ABOVE: 0 0.10 INCH OR MORE: 9
MIN 32 OR BELOW: 7 0.50 INCH OR MORE: 5
MIN 0 OR BELOW: 0 1.00 INCH OR MORE: 2
[HDD (BASE 65) ]
TOTAL THIS MO. 534 CLEAR (SCALE 0-3) 12
DPTR FM NORMAL -7 PTCLDY (SCALE 4-7) 10
TOTAL FM JUL 1 3492 CLOUDY (SCALE 8-10) 9
DPTR FM NORMAL -381
[CDD (BASE 65) ]
TOTAL THIS MO. 1
DPTR FM NORMAL -3 [PRESSURE DATA]
TOTAL FM JAN 1 1 HIGHEST SLP M ON M
DPTR FM NORMAL -3 LOWEST SLP 28.95 ON 3
[REMARKS]
#FINAL-03-23#