000
CXUS51 KLWX 020153
CF6CHO
PRELIMINARY LOCAL CLIMATOLOGICAL DATA (WS FORM: F-6)
STATION: CHARLOTTESVILLE VA
MONTH: AUGUST
YEAR: 2021
LATITUDE: 38 7 N
LONGITUDE: 78 27 W
TEMPERATURE IN F: :PCPN: SNOW: WIND :SUNSHINE: SKY :PK WND
================================================================================
1 2 3 4 5 6A 6B 7 8 9 10 11 12 13 14 15 16 17 18
12Z AVG MX 2MIN
DY MAX MIN AVG DEP HDD CDD WTR SNW DPTH SPD SPD DIR MIN PSBL S-S WX SPD DR
================================================================================
1 86 70 78 0 0 13 T M M 2.9 10 50 M M 8 1 13 50
2 85 64 75 -3 0 10 0.00 M M 4.5 12 130 M M 2 16 30
3 83 64 74 -4 0 9 0.00 M M 3.3 12 100 M M 1 15 90
4 86 62 74 -4 0 9 0.00 M M 5.7 18 60 M M 0 25 60
5 90 58 74 -4 0 9 T M M 3.3 12 120 M M 1 15 130
6 92 65 79 1 0 14 0.00 M M 5.2 14 180 M M 0 19 190
7 77 65 71 -7 0 6 0.01 M M 2.3 12 70 M M 4 14 50
8 92 61 77 -1 0 12 0.01 M M 3.3 21 200 M M 1 13 31 200
9 96 68 82 4 0 17 0.00 M M 5.9 18 180 M M 2 1 23 200
10 97 73 85 7 0 20 0.11 M M 6.7 18 190 M M 0 38 38 240
11 99 70 85 7 0 20 0.82 M M 3.3 25 300 M M 1 13 39 280
12 98 71 85 7 0 20 0.00 M M 4.6 16 180 M M 1 1 22 190
13 97 73 85 8 0 20 0.03 M M 2.4 17 70 M M 2 138 22 290
14 92 70 81 4 0 16 0.12 M M 3.6 14 70 M M 3 123 17 70
15 79 71 75 -2 0 10 0.10 M M 5.6 15 40 M M 8 1 19 40
16 85 71 78 1 0 13 0.51 M M 1.8 12 160 M M 9 13 15 290
17 84 71 78 1 0 13 0.06 M M 1.8 14 140 M M 6 128 17 120
18 89 74 82 5 0 17 1.02 M M 9.0 20 190 M M 7 13 27 170
19 92 74 83 6 0 18 0.12 M M 2.6 10 330 M M 5 13 17 330
20 85 70 78 2 0 13 0.28 M M 3.7 15 30 M M 5 1 20 30
21 89 66 78 2 0 13 0.04 M M 1.7 10 360 M M 3 13 18 10
22 89 68 79 3 0 14 T M M 3.2 12 60 M M 2 15 70
23 92 70 81 5 0 16 0.00 M M 3.3 13 350 M M 1 1 16 340
24 93 71 82 6 0 17 0.00 M M 1.8 9 180 M M 0 1 10 180
25 94 72 83 7 0 18 0.03 M M 2.5 22 130 M M 1 138 28 160
26 93 72 83 7 0 18 0.00 M M 2.3 10 150 M M 1 3 14 140
27 95 72 84 8 0 19 0.00 M M 3.4 10 210 M M 1 1 15 200
28 96 70 83 8 0 18 1.80 M M 3.2 25 20 M M 3 13 35 20
29 85 70 78 3 0 13 0.01 M M 0.9 6 180 M M 7 12 7 180
30 92 70 81 6 0 16 0.05 M M 2.2 10 270 M M 2 13 17 270
31 86 69 78 3 0 13 2.14 M M 2.0 14 110 M M 3 13 19 90
================================================================================
SM 2788 2135 0 454 7.26 M 108.0 M 90
================================================================================
AV 89.9 68.9 3.5 FASTST M M 3 MAX(MPH)
MISC ----> # 25 300 39 280
================================================================================
NOTES:
# LAST OF SEVERAL OCCURRENCES
COLUMN 17 PEAK WIND IN M.P.H.
PRELIMINARY LOCAL CLIMATOLOGICAL DATA (WS FORM: F-6) , PAGE 2
STATION: CHARLOTTESVILLE VA
MONTH: AUGUST
YEAR: 2021
LATITUDE: 38 7 N
LONGITUDE: 78 27 W
[TEMPERATURE DATA] [PRECIPITATION DATA] SYMBOLS USED IN COLUMN 16
AVERAGE MONTHLY: 79.4 TOTAL FOR MONTH: 7.26 1 = FOG OR MIST
DPTR FM NORMAL: 2.5 DPTR FM NORMAL: 3.39 2 = FOG REDUCING VISIBILITY
HIGHEST: 99 ON 11 GRTST 24HR 2.14 ON 31-31 TO 1/4 MILE OR LESS
LOWEST: 58 ON 5 3 = THUNDER
SNOW, ICE PELLETS, HAIL 4 = ICE PELLETS
TOTAL MONTH: M 5 = HAIL
GRTST 24HR M ON M 6 = FREEZING RAIN OR DRIZZLE
GRTST DEPTH: M ON M 7 = DUSTSTORM OR SANDSTORM:
VSBY 1/2 MILE OR LESS
8 = SMOKE OR HAZE
[NO. OF DAYS WITH] [WEATHER - DAYS WITH] 9 = BLOWING SNOW
X = TORNADO
MAX 32 OR BELOW: 0 0.01 INCH OR MORE: 18
MAX 90 OR ABOVE: 17 0.10 INCH OR MORE: 10
MIN 32 OR BELOW: 0 0.50 INCH OR MORE: 5
MIN 0 OR BELOW: 0 1.00 INCH OR MORE: 3
[HDD (BASE 65) ]
TOTAL THIS MO. 0 CLEAR (SCALE 0-3) 20
DPTR FM NORMAL -1 PTCLDY (SCALE 4-7) 9
TOTAL FM JUL 1 0 CLOUDY (SCALE 8-10) 2
DPTR FM NORMAL 0
[CDD (BASE 65) ]
TOTAL THIS MO. 454
DPTR FM NORMAL 84 [PRESSURE DATA]
TOTAL FM JAN 1 1398 HIGHEST SLP 30.23 ON 28
DPTR FM NORMAL 127 LOWEST SLP 29.75 ON 31
[REMARKS]
#FINAL-08-21#