000
CXUS53 KDVN 011624
CLSCID
CLIMATE REPORT
NATIONAL WEATHER SERVICE QUAD CITIES IA IL
1030 AM CST TUE MAR 01 2022
...................................
...THE CEDAR RAPIDS IA CLIMATE SUMMARY FOR THE SEASON, FROM
12/1/2021 TO 2/28/2022...
CLIMATE NORMAL PERIOD 1991 TO 2020
CLIMATE RECORD PERIOD 1891 TO 2022
WEATHER OBSERVED NORMAL DEPART LAST YEAR`S
VALUE DATE(S) VALUE FROM VALUE
NORMAL
..............................................................
TEMPERATURE (F)
RECORD
HIGH 76 02/22/2017
LOW -30 01/31/2019
HIGHEST 73 12/15 39 34
LOWEST -15 01/21 11 -26
01/26
AVG. MAXIMUM 31.8 31.3 0.5
AVG. MINIMUM 11.1 14.7 -3.6
MEAN 21.5 23.0 -1.5
DAYS MAX >= 90 0
DAYS MAX <= 32 45
DAYS MIN <= 32 87
DAYS MIN <= 0 21
PRECIPITATION (INCHES)
TOTALS 2.17 3.76 -1.59
DAILY AVG. 0.02 0.04 -0.02
DAYS >= .01 16
DAYS >= .10 6
DAYS >= .50 1
DAYS >= 1.00 0
GREATEST
24 HR. TOTAL 0.56 01/14 TO 01/15
DEGREE DAYS
HEATING TOTAL 3889 3787 102
SINCE 7/1 5065 5229 -164
COOLING TOTAL 0 0 0
SINCE 1/1 0 0 0
..............................................................
WIND (MPH)
AVERAGE WIND SPEED 12.3
HIGHEST WIND SPEED/DIRECTION 46/250 DATE 12/15
HIGHEST GUST SPEED/DIRECTION 65/180 DATE 12/15
SKY COVER
POSSIBLE SUNSHINE (PERCENT) MM
AVERAGE SKY COVER 0.35
NUMBER OF DAYS FAIR 48
NUMBER OF DAYS PC 32
NUMBER OF DAYS CLOUDY 10
AVERAGE RH (PERCENT) 78
WEATHER CONDITIONS. NUMBER OF DAYS WITH
THUNDERSTORM 5 HAIL 0
SLEET 0 FOG 44
FOG W/VIS <= 1/4 MILE 5 HAZE 14
- INDICATES NEGATIVE NUMBERS.
R INDICATES RECORD WAS SET OR TIED.
MM INDICATES DATA IS MISSING.
T INDICATES TRACE AMOUNT.
$$
NOTE: SUPPLEMENTAL CLIMATE DATA WAS USED FROM A NEARBY
CLIMATOLOGICALLY REPRESENTATIVE STATION.