000
CXUS53 KDVN 010705
CLSCID
CLIMATE REPORT
NATIONAL WEATHER SERVICE QUAD CITIES IA IL
205 AM CDT WED SEP 01 2021
...................................
...THE CEDAR RAPIDS IA CLIMATE SUMMARY FOR THE SEASON, FROM
6/1/2021 TO 8/31/2021...
CLIMATE NORMAL PERIOD 1991 TO 2020
CLIMATE RECORD PERIOD 1891 TO 2021
WEATHER OBSERVED NORMAL DEPART LAST YEAR`S
VALUE DATE(S) VALUE FROM VALUE
NORMAL
..............................................................
TEMPERATURE (F)
RECORD
HIGH 110 07/05/1911
LOW 36 06/04/1945
HIGHEST 94 08/24 84 10
LOWEST 43 06/22 55 -12
AVG. MAXIMUM 84.4 81.3 3.1
AVG. MINIMUM 61.9 60.9 1.0
MEAN 73.1 71.1 2.0
DAYS MAX >= 90 18
DAYS MAX <= 32 0
DAYS MIN <= 32 0
DAYS MIN <= 0 0
PRECIPITATION (INCHES)
TOTALS 5.54 14.04 -8.50
DAILY AVG. 0.06 0.15 -0.09
DAYS >= .01 27
DAYS >= .10 17
DAYS >= .50 2
DAYS >= 1.00 1
GREATEST
24 HR. TOTAL 1.12 08/23 TO 08/23
DEGREE DAYS
HEATING TOTAL 15 44 -29
SINCE 7/1 0 13 -13
COOLING TOTAL 786 610 176
SINCE 1/1 852 669 183
..............................................................
WIND (MPH)
AVERAGE WIND SPEED 7.3
HIGHEST WIND SPEED/DIRECTION 38/240 DATE 07/14
HIGHEST GUST SPEED/DIRECTION 53/240 DATE 07/14
SKY COVER
POSSIBLE SUNSHINE (PERCENT) MM
AVERAGE SKY COVER 0.23
NUMBER OF DAYS FAIR 66
NUMBER OF DAYS PC 22
NUMBER OF DAYS CLOUDY 4
AVERAGE RH (PERCENT) 72
WEATHER CONDITIONS. NUMBER OF DAYS WITH
THUNDERSTORM 20 HAIL 0
SLEET 0 FOG 59
FOG W/VIS <= 1/4 MILE 7 HAZE 21
- INDICATES NEGATIVE NUMBERS.
R INDICATES RECORD WAS SET OR TIED.
MM INDICATES DATA IS MISSING.
T INDICATES TRACE AMOUNT.
$$