000
CXUS54 KHGX 011510
CF6CLL
PRELIMINARY LOCAL CLIMATOLOGICAL DATA (WS FORM: F-6)
STATION: COLLEGE STATION
MONTH: DECEMBER
YEAR: 2021
LATITUDE: 30 34 N
LONGITUDE: 96 22 W
TEMPERATURE IN F: :PCPN: SNOW: WIND :SUNSHINE: SKY :PK WND
================================================================================
1 2 3 4 5 6A 6B 7 8 9 10 11 12 13 14 15 16 17 18
12Z AVG MX 2MIN
DY MAX MIN AVG DEP HDD CDD WTR SNW DPTH SPD SPD DIR MIN PSBL S-S WX SPD DR
================================================================================
1 78 49 64 8 1 0 0.00 0.0 0 4.6 15 210 M M 0 1 20 220
2 78 52 65 9 0 0 0.00 0.0 0 3.0 12 170 M M 3 12 16 190
3 77 64 71 16 0 6 T 0.0 0 6.5 10 170 M M 5 1 15 180
4 82 66 74 19 0 9 0.00 0.0 0 6.5 16 190 M M 6 1 21 200
5 81 68 75 20 0 10 0.00 0.0 0 10.4 18 180 M M 7 27 170
6 74 48 61 6 4 0 0.56 0.0 0 11.4 29 340 M M 4 1 39 340
7 69 45 57 3 8 0 0.00 0.0 0 6.7 13 180 M M 4 17 190
8 76 55 66 12 0 1 0.00 0.0 0 7.0 21 170 M M 5 1 29 170
9 80 65 73 19 0 8 0.00 0.0 0 9.9 22 210 M M 8 12 32 210
10 85 73 79 25 0 14 T 0.0 0 13.7 25 190 M M 7 1 37 180
11 76 41 59 5 6 0 0.80 0.0 0 13.2 30 280 M M 6 13 48 280
12 63 37 50 -4 15 0 0.00 0.0 0 4.6 12 70 M M 0 8 16 60
13 65 47 56 3 9 0 0.01 0.0 0 3.1 9 90 M M 8 1 14 80
14 78 65 72 19 0 7 0.05 0.0 0 9.3 18 160 M M 9 1 25 160
15 83 71 77 24 0 12 T 0.0 0 14.1 25 170 M M 8 1 38 160
16 83 71 77 24 0 12 T 0.0 0 10.2 18 160 M M 8 1 25 170
17 80 68 74 21 0 9 T 0.0 0 10.7 21 160 M M 7 29 180
18 72 49 61 9 4 0 0.86 0.0 0 13.2 25 340 M M 10 13 37 340
19 57 42 50 -2 15 0 T 0.0 0 10.2 18 20 M M 4 25 350
20 59 44 52 0 13 0 0.01 0.0 0 5.6 15 80 M M 5 22 80
21 64 39 52 0 13 0 0.00 0.0 0 3.1 8 280 M M 0 18 12 260
22 72 47 60 8 5 0 0.00 0.0 0 8.6 21 150 M M 0 27 150
23 77 56 67 15 0 2 0.00 0.0 0 11.5 21 190 M M 3 30 170
24 79 60 70 18 0 5 0.00 0.0 0 13.7 24 200 M M 2 33 190
25 75 63 69 17 0 4 0.00 0.0 0 6.4 17 190 M M 5 1 25 190
26 82 62 72 20 0 7 0.00 0.0 0 12.6 24 170 M M 6 1 32 160
27 81 69 75 23 0 10 0.00 0.0 0 12.4 20 210 M M 7 28 200
28 79 66 73 22 0 8 0.00 0.0 0 8.9 20 190 M M 7 1 30 170
29 82 65 74 23 0 9 0.00 0.0 0 5.6 15 170 M M 6 18 19 180
30 81 58 70 19 0 5 0.00 0.0 0 3.5 14 170 M M 1 128 16 160
31 83 64 74 23 0 9 0.00 0.0 0 13.1 23 170 M M 7 12 33 160
================================================================================
SM 2351 1769 93 147 2.29 0.0 273.3 M 158
================================================================================
AV 75.8 57.1 8.8 FASTST M M 5 MAX(MPH)
MISC ----> 30 280 48 280
================================================================================
NOTES:
# LAST OF SEVERAL OCCURRENCES
COLUMN 17 PEAK WIND IN M.P.H.
PRELIMINARY LOCAL CLIMATOLOGICAL DATA (WS FORM: F-6) , PAGE 2
STATION: COLLEGE STATION
MONTH: DECEMBER
YEAR: 2021
LATITUDE: 30 34 N
LONGITUDE: 96 22 W
[TEMPERATURE DATA] [PRECIPITATION DATA] SYMBOLS USED IN COLUMN 16
AVERAGE MONTHLY: 66.5 TOTAL FOR MONTH: 2.29 1 = FOG OR MIST
DPTR FM NORMAL: 13.4 DPTR FM NORMAL: -1.42 2 = FOG REDUCING VISIBILITY
HIGHEST: 85 ON 10 GRTST 24HR 0.86 ON 18-18 TO 1/4 MILE OR LESS
LOWEST: 37 ON 12 3 = THUNDER
SNOW, ICE PELLETS, HAIL 4 = ICE PELLETS
TOTAL MONTH: 0.0 INCH 5 = HAIL
GRTST 24HR 0.0 6 = FREEZING RAIN OR DRIZZLE
GRTST DEPTH: 0 7 = DUSTSTORM OR SANDSTORM:
VSBY 1/2 MILE OR LESS
8 = SMOKE OR HAZE
[NO. OF DAYS WITH] [WEATHER - DAYS WITH] 9 = BLOWING SNOW
X = TORNADO
MAX 32 OR BELOW: 0 0.01 INCH OR MORE: 6
MAX 90 OR ABOVE: 0 0.10 INCH OR MORE: 3
MIN 32 OR BELOW: 0 0.50 INCH OR MORE: 3
MIN 0 OR BELOW: 0 1.00 INCH OR MORE: 0
[HDD (BASE 65) ]
TOTAL THIS MO. 93 CLEAR (SCALE 0-3) 6
DPTR FM NORMAL -294 PTCLDY (SCALE 4-7) 22
TOTAL FM JUL 1 251 CLOUDY (SCALE 8-10) 3
DPTR FM NORMAL -366
[CDD (BASE 65) ]
TOTAL THIS MO. 147
DPTR FM NORMAL 129 [PRESSURE DATA]
TOTAL FM JAN 1 3334 HIGHEST SLP 30.36 ON 19
DPTR FM NORMAL 163 LOWEST SLP 29.66 ON 29
[REMARKS]
#FINAL-12-21#