000
CXUS54 KHGX 011537
CLMCLL
CLIMATE REPORT
NATIONAL WEATHER SERVICE HOUSTON/GALVESTON TX
1037 AM CDT WED NOV 01 2023
...................................
...THE COLLEGE STATION CLIMATE SUMMARY FOR THE MONTH OF OCTOBER 2023...
CLIMATE NORMAL PERIOD: 1991 TO 2020
CLIMATE RECORD PERIOD: 1888 TO 2023
WEATHER OBSERVED NORMAL DEPART LAST YEAR`S
VALUE DATE(S) VALUE FROM VALUE DATE(S)
NORMAL
................................................................
TEMPERATURE (F)
RECORD
HIGH 102 10/02/1938
LOW 29 10/31/1993
10/30/1917
HIGHEST 98 10/01 MM MM 95 10/12
LOWEST 43 10/31 MM MM 42 10/19
AVG. MAXIMUM 84.8 81.9 2.9 84.0
AVG. MINIMUM 63.5 60.2 3.3 58.8
MEAN 74.2 71.1 3.1 71.4
DAYS MAX >= 90 12 4.9 7.1 9
DAYS MAX <= 32 0 0.0 0.0 0
DAYS MIN <= 32 0 0.1 -0.1 0
DAYS MIN <= 0 0 0.0 0.0 0
PRECIPITATION (INCHES)
RECORD
MAXIMUM 18.77 1994
TOTALS 3.72 4.93 -1.21 1.85
DAILY AVG. 0.12 0.16 -0.04 0.06
DAYS >= .01 9 7.2 1.8 5
DAYS >= .10 4 4.9 -0.9 3
DAYS >= .50 2 3.0 -1.0 2
DAYS >= 1.00 1 1.4 -0.4 0
GREATEST
24 HR. TOTAL 2.19 10/05 TO 10/05 0.90 10/28 TO 10/28
SNOWFALL (INCHES)
RECORDS
TOTAL 0.0 2002
TOTALS 0.0
SINCE 7/1 0.0
LIQUID 7/1 0.00
DAYS >= TRACE 0
GREATEST
24 HR TOTAL 0.0
DEGREE DAYS
HEATING TOTAL 35 36 -1 26
SINCE 7/1 35 35 0 MM
COOLING TOTAL 325 224 101 233
SINCE 1/1 4067 3095 972 MM
................................................................
WIND (MPH)
AVERAGE WIND SPEED 8.6
HIGHEST WIND SPEED/DIRECTION 26/360 DATE 10/05
26/140 10/24
HIGHEST GUST SPEED/DIRECTION 35/350 DATE 10/15
35/130 10/24
SKY COVER
AVERAGE SKY COVER 0.35
AVERAGE RH (PERCENT) 60
WEATHER CONDITIONS. NUMBER OF DAYS WITH
THUNDERSTORM 2 MIXED PRECIP 0
HEAVY RAIN 2 RAIN 6
LIGHT RAIN 13 FREEZING RAIN 0
LT FREEZING RAIN 0 HAIL 0
HEAVY SNOW 0 SNOW 0
LIGHT SNOW 0 SLEET 0
FOG 8 FOG W/VIS <= 1/4 MILE 0
HAZE 4
- INDICATES NEGATIVE NUMBERS.
R INDICATES RECORD WAS SET OR TIED.
MM INDICATES DATA IS MISSING.
T INDICATES TRACE AMOUNT.
$$