000
CXUS54 KHGX 032318
CLMCLL
CLIMATE REPORT
NATIONAL WEATHER SERVICE HOUSTON/GALVESTON TX
618 PM CDT TUE OCT 03 2023
...................................
...THE COLLEGE STATION CLIMATE SUMMARY FOR THE MONTH OF SEPTEMBER 2023...
CLIMATE NORMAL PERIOD: 1991 TO 2020
CLIMATE RECORD PERIOD: 1888 TO 2023
WEATHER OBSERVED NORMAL DEPART LAST YEAR`S
VALUE DATE(S) VALUE FROM VALUE DATE(S)
NORMAL
................................................................
TEMPERATURE (F)
RECORD
HIGH 112 09/04/2000
LOW 42 09/27/1942
HIGHEST 109 09/08 MM MM 98 09/22
LOWEST 69 09/11 MM MM 57 09/27
09/18
AVG. MAXIMUM 99.7 91.2 8.5 92.8
AVG. MINIMUM 76.3 70.0 6.3 70.0
MEAN 88.0 80.6 7.4 81.4
DAYS MAX >= 90 29 20.3 8.7 27
DAYS MAX <= 32 0 0.0 0.0 0
DAYS MIN <= 32 0 0.0 0.0 0
DAYS MIN <= 0 0 0.0 0.0 0
PRECIPITATION (INCHES)
RECORD
MAXIMUM 12.13 1958
TOTALS 0.23 3.50 -3.27 2.54
DAILY AVG. 0.01 0.12 -0.11 0.08
DAYS >= .01 4 7.1 -3.1 5
DAYS >= .10 1 4.6 -3.6 4
DAYS >= .50 0 2.0 -2.0 2
DAYS >= 1.00 0 1.2 -1.2 1
GREATEST
24 HR. TOTAL 0.15 09/13 TO 09/14 1.42 09/02 TO 09/03
SNOWFALL (INCHES)
RECORDS
TOTAL 0.0 2002
TOTALS 0.0
SINCE 7/1 0.0
LIQUID 7/1 0.00
DAYS >= TRACE 0
GREATEST
24 HR TOTAL 0.0
DEGREE DAYS
HEATING TOTAL 0 1 -1 0
SINCE 7/1 0 0 0 MM
COOLING TOTAL 696 469 227 498
SINCE 1/1 3742 2871 871 MM
................................................................
WIND (MPH)
AVERAGE WIND SPEED 6.6
HIGHEST WIND SPEED/DIRECTION 24/060 DATE 09/25
HIGHEST GUST SPEED/DIRECTION 35/050 DATE 09/25
SKY COVER
AVERAGE SKY COVER 0.18
AVERAGE RH (PERCENT) 55
WEATHER CONDITIONS. NUMBER OF DAYS WITH
THUNDERSTORM 7 MIXED PRECIP 0
HEAVY RAIN 1 RAIN 2
LIGHT RAIN 7 FREEZING RAIN 0
LT FREEZING RAIN 0 HAIL 0
HEAVY SNOW 0 SNOW 0
LIGHT SNOW 0 SLEET 0
FOG 3 FOG W/VIS <= 1/4 MILE 0
HAZE 1
- INDICATES NEGATIVE NUMBERS.
R INDICATES RECORD WAS SET OR TIED.
MM INDICATES DATA IS MISSING.
T INDICATES TRACE AMOUNT.
$$