000
CXUS53 KILX 012108
CLACMI
CLIMATE REPORT
NATIONAL WEATHER SERVICE LINCOLN IL
308 PM CST MON JAN 01 2024
...................................
...THE CHAMPAIGN IL AIRPORT CLIMATE SUMMARY FOR THE YEAR OF 2023...
CLIMATE NORMAL PERIOD 1991 TO 2020
CLIMATE RECORD PERIOD 9999 TO 9999
WEATHER OBSERVED NORMAL DEPART LAST YEAR`S
VALUE DATE(S) VALUE FROM VALUE DATE(S)
NORMAL
................................................................
TEMPERATURE (F)
RECORD
HIGH MM MM
LOW -9 12/23/2022
HIGHEST 96 08/24 MM MM 100
LOWEST 4 02/01 MM MM -9
AVG. MAXIMUM 67.7 62.8 4.9 63.0
AVG. MINIMUM 45.1 42.1 3.0 41.6
MEAN 56.4 52.5 3.9 52.3
DAYS MAX >= 90 20 21.7 -1.7 30
DAYS MAX <= 32 10 34.7 -24.7 36
DAYS MIN <= 32 85 122.2 -37.2 118
DAYS MIN <= 0 0 6.5 -6.5 7
PRECIPITATION (INCHES)
RECORD
MAXIMUM 40.50 2021
MINIMUM 29.89 2022
TOTALS 25.60R 36.97 -11.37 29.89
DAILY AVG. 0.09 0.09
DAYS >= .01 92 122.2 -30.2 96
DAYS >= .10 54 67.8 -13.8 57
DAYS >= .50 18 24.4 -6.4 24
DAYS >= 1.00 7 8.6 -1.6 8
GREATEST
24 HR. TOTAL 2.01 07/08 TO 07/08 1.79
SNOWFALL (INCHES)
RECORDS
TOTAL MM MM
24 HR TOTAL MM
TOTALS MM MM MM MM
DAYS >= TRACE MM MM MM MM
DAYS >= 1.0 MM MM MM MM
GREATEST
SNOW DEPTH MM MM MM
24 HR TOTAL MM MM
DEGREE DAYS
HEATING TOTAL 3777 5586 -1809 5704
COOLING TOTAL 1074 1054 20 1205
FREEZE DATES
RECORD
EARLIEST MM
LATEST MM
EARLIEST 10/30
LATEST 04/24
................................................................
SKY COVER
POSSIBLE SUNSHINE (PERCENT) MM
- INDICATES NEGATIVE NUMBERS.
R INDICATES RECORD WAS SET OR TIED.
MM INDICATES DATA IS MISSING.
T INDICATES TRACE AMOUNT.
$$