000
CXUS53 KARX 100607
CF6CMY
PRELIMINARY LOCAL CLIMATOLOGICAL DATA (WS FORM: F-6)
STATION: SPARTA - FORT MCCOY WI
MONTH: AUGUST
YEAR: 2021
LATITUDE: 43 58 N
LONGITUDE: 90 44 W
TEMPERATURE IN F: :PCPN: SNOW: WIND :SUNSHINE: SKY :PK WND
================================================================================
1 2 3 4 5 6A 6B 7 8 9 10 11 12 13 14 15 16 17 18
12Z AVG MX 2MIN
DY MAX MIN AVG DEP HDD CDD WTR SNW DPTH SPD SPD DIR MIN PSBL S-S WX SPD DR
================================================================================
1 74 48 61 M 4 0 0.00 0.0 0 4.5 13 330 M M 0 12 22 350
2 76 43 60 M 5 0 0.00 0.0 0 1.4 7 330 M M 0 12 M M
3 79 46 63 M 2 0 0.00 0.0 0 1.7 6 310 M M 0 M M
4 81 48 65 M 0 0 0.00 0.0 0 1.5 6 240 M M 0 1 M M
5 75 53 64 M 1 0 0.03 0.0 0 5.0 13 160 M M 0 20 180
6 82 56 69 M 0 4 0.00 M M 2.5 7 300 M M 0 1 M M
7 63 54 59 M 6 0 1.56 0.0 0 4.8 12 340 M M 0 13 21 100
8 78 59 69 M 0 4 1.30 0.0 0 2.1 10 210 M M 0 13 27 210
9 81 59 70 M 0 5 0.21 0.0 0 2.6 7 120 M M 0 M M
10 85 56 71 M 0 6 0.00 0.0 0 3.2 10 190 M M 0 12 M M
11 82 55 69 M 0 4 1.66 0.0 0 3.8 13 180 M M 0 13 23 0
12 80 50 65 M 0 0 0.00 0.0 0 3.2 13 290 M M 0 17 290
13 76 44 60 M 5 0 0.00 0.0 0 3.7 12 300 M M 0 20 310
14 78 41 60 M 5 0 0.00 0.0 0 1.5 6 280 M M 0 M M
15 78 45 62 M 3 0 0.00 0.0 0 2.5 9 170 M M 0 M M
16 78 44 61 M 4 0 0.00 0.0 0 3.0 10 180 M M 0 16 180
17 81 46 64 M 1 0 0.00 0.0 0 2.8 9 190 M M 0 M M
18 84 48 66 M 0 1 0.00 0.0 0 2.2 9 150 M M 0 M M
19 86 50 68 M 0 3 0.00 0.0 0 0.5 6 180 M M 0 1 M M
20 86 50 68 M 0 3 0.00 0.0 0 5.2 13 140 M M 0 18 140
21 80 50 65 M 0 0 0.22 0.0 0 6.0 16 270 M M 0 3 21 270
22 76 43 60 M 5 0 0.00 0.0 0 2.4 8 30 M M 0 1 M M
23 84 58 71 M 0 6 0.20 0.0 0 3.2 9 130 M M 0 3 17 250
24 70 56 63 M 2 0 0.25 0.0 0 3.2 17 300 M M 0 13 21 300
25 83 54 69 M 0 4 0.00 0.0 0 2.6 10 320 M M 0 M M
26 77 51 64 M 1 0 0.31 0.0 0 1.2 8 360 M M 0 13 M M
27 M M M M M M M 0.0 0 M M M M M M M M
28 M M M M M M M 0.0 0 M M M M M M M M
29 M M M M M M M 0.0 0 M M M M M M M M
30 M M M M M M 0.00 0.0 0 M M M M M M M M
31 M M M M M M M 0.0 0 M M M M M M M M
================================================================================
SM 2053 1307 44 40 5.74 0.0 76.3 M 0
================================================================================
AV 79.0 50.3 2.9 FASTST M M 0 MAX(MPH)
MISC ----> 17 300 27 210
================================================================================
NOTES:
# LAST OF SEVERAL OCCURRENCES
COLUMN 17 PEAK WIND IN M.P.H.
PRELIMINARY LOCAL CLIMATOLOGICAL DATA (WS FORM: F-6) , PAGE 2
STATION: SPARTA - FORT MCCOY WI
MONTH: AUGUST
YEAR: 2021
LATITUDE: 43 58 N
LONGITUDE: 90 44 W
[TEMPERATURE DATA] [PRECIPITATION DATA] SYMBOLS USED IN COLUMN 16
AVERAGE MONTHLY: 64.6 TOTAL FOR MONTH: 5.74 1 = FOG OR MIST
DPTR FM NORMAL: 0.0 DPTR FM NORMAL: M 2 = FOG REDUCING VISIBILITY
HIGHEST: 86 ON 20,19 GRTST 24HR 1.66 ON 11-11 TO 1/4 MILE OR LESS
LOWEST: 41 ON 14 3 = THUNDER
SNOW, ICE PELLETS, HAIL 4 = ICE PELLETS
TOTAL MONTH: 0.0 INCH 5 = HAIL
GRTST 24HR 0.0 6 = FREEZING RAIN OR DRIZZLE
GRTST DEPTH: 0 7 = DUSTSTORM OR SANDSTORM:
VSBY 1/2 MILE OR LESS
8 = SMOKE OR HAZE
[NO. OF DAYS WITH] [WEATHER - DAYS WITH] 9 = BLOWING SNOW
X = TORNADO
MAX 32 OR BELOW: 0 0.01 INCH OR MORE: 9
MAX 90 OR ABOVE: 0 0.10 INCH OR MORE: 8
MIN 32 OR BELOW: 0 0.50 INCH OR MORE: 3
MIN 0 OR BELOW: 0 1.00 INCH OR MORE: 3
[HDD (BASE 65) ]
TOTAL THIS MO. 44 CLEAR (SCALE 0-3) 26
DPTR FM NORMAL M PTCLDY (SCALE 4-7) 0
TOTAL FM JUL 1 76 CLOUDY (SCALE 8-10) 5
DPTR FM NORMAL M
[CDD (BASE 65) ]
TOTAL THIS MO. 40
DPTR FM NORMAL M [PRESSURE DATA]
TOTAL FM JAN 1 319 HIGHEST SLP M ON M
DPTR FM NORMAL M LOWEST SLP M ON M
[REMARKS]
#FINAL-08-21#