000
CXUS53 KTOP 010810
CF6CNK
PRELIMINARY LOCAL CLIMATOLOGICAL DATA (WS FORM: F-6)
STATION: CONCORDIA KS
MONTH: JULY
YEAR: 2023
LATITUDE: 39 32 N
LONGITUDE: 97 39 W
TEMPERATURE IN F: :PCPN: SNOW: WIND :SUNSHINE: SKY :PK WND
================================================================================
1 2 3 4 5 6A 6B 7 8 9 10 11 12 13 14 15 16 17 18
12Z AVG MX 2MIN
DY MAX MIN AVG DEP HDD CDD WTR SNW DPTH SPD SPD DIR MIN PSBL S-S WX SPD DR
================================================================================
1 86 66 76 -2 0 11 0.63 M M 6.7 21 40 M M 3 13 30 40
2 88 63 76 -2 0 11 0.00 M M 5.4 10 270 M M 0 14 300
3 92 66 79 1 0 14 0.00 M M 7.7 15 170 M M 0 21 160
4 97 67 82 4 0 17 0.34 M M 10.4 39 260 M M 1 3 57 250
5 79 66 73 -5 0 8 T M M 6.0 13 30 M M 7 1 19 30
6 78 62 70 -9 0 5 0.00 M M 6.1 14 140 M M 7 21 140
7 83 66 75 -4 0 10 0.02 M M 6.9 17 160 M M 4 13 22 160
8 77 61 69 -10 0 4 T M M 6.2 16 20 M M 5 1 23 10
9 83 59 71 -8 0 6 0.00 M M 4.2 9 180 M M 2 13 180
10 92 66 79 0 0 14 T M M 11.5 28 250 M M 0 3 42 260
11 95 65 80 1 0 15 T M M 7.2 32 210 M M 0 49 220
12 93 74 84 5 0 19 0.00 M M 8.6 21 60 M M 4 31 70
13 94 69 82 3 0 17 0.00 M M 4.4 13 50 M M 2 12 20 40
14 88 67 78 -1 0 13 0.15 M M 6.6 22 10 M M 2 13 38 20
15 94 66 80 1 0 15 0.00 M M 5.0 10 320 M M 1 16 270
16 89 71 80 1 0 15 0.03 M M 6.7 18 180 M M 2 3 26 180
17 91 65 78 -1 0 13 0.00 M M 7.2 17 60 M M 2 13 26 50
18 90 69 80 1 0 15 0.00 M M 11.0 20 70 M M 6 18 29 80
19 85 69 77 -2 0 12 0.04 M M 5.4 16 60 M M 4 18 24 60
20 89 70 80 1 0 15 0.00 0.0 0 6.8 16 70 M M 1 1 22 50
21 87 65 76 -3 0 11 0.01 0.0 0 3.8 10 20 M M 5 19 40
22 96 63 80 1 0 15 0.67 0.0 0 6.5 32 320 M M 1 13 52 340
23 96 62 79 0 0 14 0.00 0.0 0 4.9 12 150 M M 0 17 150
24 99 72 86 7 0 21 0.00 M M 10.4 20 140 M M 0 28 120
25 103 72 88 9 0 23 0.00 M M 7.0 15 200 M M 0 23 200
26 108 83 96 17 0 31 0.00 M M 7.0 16 230 M M 0 23 250
27 103 80 92 13 0 27 T 0.0 0 9.1 20 180 M M 0 31 180
28 109 74 92 13 0 27 0.28 0.0 0 10.0 47 320 M M 1 13 69 330
29 97 70 84 5 0 19 0.00 0.0 0 6.8 28 330 M M 1 40 320
30 103 70 87 8 0 22 0.20 0.0 0 8.0 21 40 M M 2 13 31 30
31 91 71 81 2 0 16 T 0.0 0 9.6 20 350 M M 0 27 350
================================================================================
SM 2855 2109 0 475 2.37 0.0 223.1 M 63
================================================================================
AV 92.1 68.0 7.2 FASTST M M 2 MAX(MPH)
MISC ----> 47 320 69 330
================================================================================
NOTES:
# LAST OF SEVERAL OCCURRENCES
COLUMN 17 PEAK WIND IN M.P.H.
PRELIMINARY LOCAL CLIMATOLOGICAL DATA (WS FORM: F-6) , PAGE 2
STATION: CONCORDIA KS
MONTH: JULY
YEAR: 2023
LATITUDE: 39 32 N
LONGITUDE: 97 39 W
[TEMPERATURE DATA] [PRECIPITATION DATA] SYMBOLS USED IN COLUMN 16
AVERAGE MONTHLY: 80.1 TOTAL FOR MONTH: 2.37 1 = FOG OR MIST
DPTR FM NORMAL: 1.2 DPTR FM NORMAL: -1.78 2 = FOG REDUCING VISIBILITY
HIGHEST: 109 ON 28 GRTST 24HR 1.11 ON 30- 1 TO 1/4 MILE OR LESS
LOWEST: 59 ON 9 3 = THUNDER
SNOW, ICE PELLETS, HAIL 4 = ICE PELLETS
TOTAL MONTH: 0.0 INCH 5 = HAIL
GRTST 24HR 0.0 6 = FREEZING RAIN OR DRIZZLE
GRTST DEPTH: 0 7 = DUSTSTORM OR SANDSTORM:
VSBY 1/2 MILE OR LESS
8 = SMOKE OR HAZE
[NO. OF DAYS WITH] [WEATHER - DAYS WITH] 9 = BLOWING SNOW
X = TORNADO
MAX 32 OR BELOW: 0 0.01 INCH OR MORE: 10
MAX 90 OR ABOVE: 19 0.10 INCH OR MORE: 6
MIN 32 OR BELOW: 0 0.50 INCH OR MORE: 2
MIN 0 OR BELOW: 0 1.00 INCH OR MORE: 0
[HDD (BASE 65) ]
TOTAL THIS MO. 0 CLEAR (SCALE 0-3) 23
DPTR FM NORMAL 0 PTCLDY (SCALE 4-7) 8
TOTAL FM JUL 1 0 CLOUDY (SCALE 8-10) 0
DPTR FM NORMAL 0
[CDD (BASE 65) ]
TOTAL THIS MO. 475
DPTR FM NORMAL 45 [PRESSURE DATA]
TOTAL FM JAN 1 988 HIGHEST SLP M ON M
DPTR FM NORMAL 165 LOWEST SLP 29.69 ON 11
[REMARKS]
#FINAL-07-23#