000
CXUS53 KTOP 010810
CF6CNK
PRELIMINARY LOCAL CLIMATOLOGICAL DATA (WS FORM: F-6)
STATION: CONCORDIA KS
MONTH: JUNE
YEAR: 2023
LATITUDE: 39 32 N
LONGITUDE: 97 39 W
TEMPERATURE IN F: :PCPN: SNOW: WIND :SUNSHINE: SKY :PK WND
================================================================================
1 2 3 4 5 6A 6B 7 8 9 10 11 12 13 14 15 16 17 18
12Z AVG MX 2MIN
DY MAX MIN AVG DEP HDD CDD WTR SNW DPTH SPD SPD DIR MIN PSBL S-S WX SPD DR
================================================================================
1 83 67 75 5 0 10 0.04 M M 11.5 23 210 M M 2 31 220
2 87 64 76 6 0 11 0.02 M M 9.4 26 260 M M 5 13 36 140
3 89 61 75 4 0 10 0.55 M M 6.5 25 210 M M 5 123 34 230
4 89 61 75 4 0 10 0.00 M M 4.8 15 120 M M 0 1 21 110
5 90 64 77 6 0 12 0.00 M M 5.4 20 50 M M 2 3 27 50
6 90 59 75 3 0 10 0.00 M M 3.9 12 210 M M 0 3 15 200
7 93 62 78 6 0 13 0.00 M M 5.3 12 190 M M 0 14 40
8 96 69 83 11 0 18 T M M 5.9 18 20 M M 1 3 25 20
9 89 64 77 4 0 12 0.37 M M 9.3 31 330 M M 2 13 44 330
10 79 65 72 -1 0 7 0.06 M M 4.6 15 280 M M 5 21 160
11 77 59 68 -5 0 3 0.67 M M 10.0 21 20 M M 6 13 31 10
12 75 53 64 -10 1 0 0.00 M M 4.0 13 10 M M 0 18 18 20
13 84 51 68 -6 0 3 0.00 M M 3.5 13 210 M M 4 8 16 210
14 86 57 72 -2 0 7 0.00 M M 5.3 15 200 M M 2 20 190
15 88 64 76 1 0 11 0.00 0.0 0 8.8 15 210 M M 1 8 21 220
16 91 64 78 3 0 13 0.00 0.0 0 5.1 12 240 M M 1 38 18 240
17 82 64 73 -2 0 8 0.27 0.0 0 7.8 23 280 M M 2 13 33 280
18 87 61 74 -1 0 9 0.00 0.0 0 5.2 13 190 M M 1 18 220
19 93 68 81 5 0 16 0.00 0.0 0 11.8 22 160 M M 0 8 29 150
20 93 63 78 2 0 13 0.00 M 0 10.7 21 140 M M 1 31 110
21 81 68 75 -1 0 10 1.01 0.0 0 6.1 22 120 M M 5 13 34 130
22 88 64 76 0 0 11 0.00 M M 3.2 10 100 M M 2 1 15 100
23 91 69 80 4 0 15 0.00 M M 9.4 18 180 M M 2 25 170
24 97 72 85 8 0 20 0.00 M M 9.0 20 300 M M 1 27 300
25 87 63 75 -2 0 10 0.00 M M 10.7 22 330 M M 0 32 330
26 90 60 75 -2 0 10 0.00 M M 4.2 14 10 M M 0 18 10
27 87 64 76 -1 0 11 0.05 0.0 0 10.8 37 170 M M 1 54 170
28 98 68 83 5 0 18 0.00 0.0 0 6.4 14 190 M M 0 3 21 160
29 89 71 80 2 0 15 0.04 M M 9.0 32 340 M M 0 3 50 340
30 94 70 82 4 0 17 0.49 M M 9.6 28 250 M M 2 13 43 250
================================================================================
SM 2643 1909 1 333 3.57 0.0 217.2 M 53
================================================================================
AV 88.1 63.6 7.2 FASTST M M 2 MAX(MPH)
MISC ----> 37 170 54 170
================================================================================
NOTES:
# LAST OF SEVERAL OCCURRENCES
COLUMN 17 PEAK WIND IN M.P.H.
PRELIMINARY LOCAL CLIMATOLOGICAL DATA (WS FORM: F-6) , PAGE 2
STATION: CONCORDIA KS
MONTH: JUNE
YEAR: 2023
LATITUDE: 39 32 N
LONGITUDE: 97 39 W
[TEMPERATURE DATA] [PRECIPITATION DATA] SYMBOLS USED IN COLUMN 16
AVERAGE MONTHLY: 75.9 TOTAL FOR MONTH: 3.57 1 = FOG OR MIST
DPTR FM NORMAL: 1.5 DPTR FM NORMAL: -0.26 2 = FOG REDUCING VISIBILITY
HIGHEST: 98 ON 28 GRTST 24HR 1.01 ON 21-21 TO 1/4 MILE OR LESS
LOWEST: 51 ON 13 3 = THUNDER
SNOW, ICE PELLETS, HAIL 4 = ICE PELLETS
TOTAL MONTH: 0.0 INCH 5 = HAIL
GRTST 24HR 0.0 6 = FREEZING RAIN OR DRIZZLE
GRTST DEPTH: 0 7 = DUSTSTORM OR SANDSTORM:
VSBY 1/2 MILE OR LESS
8 = SMOKE OR HAZE
[NO. OF DAYS WITH] [WEATHER - DAYS WITH] 9 = BLOWING SNOW
X = TORNADO
MAX 32 OR BELOW: 0 0.01 INCH OR MORE: 11
MAX 90 OR ABOVE: 12 0.10 INCH OR MORE: 6
MIN 32 OR BELOW: 0 0.50 INCH OR MORE: 3
MIN 0 OR BELOW: 0 1.00 INCH OR MORE: 1
[HDD (BASE 65) ]
TOTAL THIS MO. 1 CLEAR (SCALE 0-3) 24
DPTR FM NORMAL -9 PTCLDY (SCALE 4-7) 6
TOTAL FM JUL 1 4876 CLOUDY (SCALE 8-10) 0
DPTR FM NORMAL -434
[CDD (BASE 65) ]
TOTAL THIS MO. 333
DPTR FM NORMAL 41 [PRESSURE DATA]
TOTAL FM JAN 1 513 HIGHEST SLP M ON M
DPTR FM NORMAL 120 LOWEST SLP 29.65 ON 28
[REMARKS]
#FINAL-06-23#