000
CXUS53 KTOP 010800
CF6CNK
PRELIMINARY LOCAL CLIMATOLOGICAL DATA (WS FORM: F-6)
STATION: Concordia KS
MONTH: JULY
YEAR: 2020
LATITUDE: 39 32 N
LONGITUDE: 97 39 W
TEMPERATURE IN F: :PCPN: SNOW: WIND :SUNSHINE: SKY :PK WND
================================================================================
1 2 3 4 5 6A 6B 7 8 9 10 11 12 13 14 15 16 17 18
12Z AVG MX 2MIN
DY MAX MIN AVG DEP HDD CDD WTR SNW DPTH SPD SPD DIR MIN PSBL S-S WX SPD DR
================================================================================
1 91 75 83 5 0 18 0.00 0.0 0 9.1 21 70 M M 4 33 50
2 93 69 81 3 0 16 0.27 0.0 0 10.0 30 290 M M 3 13 44 310
3 89 69 79 1 0 14 0.16 0.0 0 6.5 21 170 M M 4 8 29 160
4 92 70 81 3 0 16 0.00 0.0 0 5.4 13 60 M M 2 18 19 70
5 91 69 80 1 0 15 0.00 0.0 0 4.7 13 90 M M 2 138 19 80
6 88 71 80 1 0 15 0.55 0.0 0 3.6 22 80 M M 2 138 29 100
7 95 69 82 3 0 17 0.00 0.0 0 7.3 15 160 M M 1 18 19 160
8 95 66 81 2 0 16 0.41 0.0 0 15.2 40 330 M M 0 13 60 320
9 88 66 77 -2 0 12 1.10 0.0 0 8.5 37 330 M M 2 13 58 330
10 92 70 81 2 0 16 0.00 0.0 0 6.4 16 170 M M 1 8 20 190
11 92 72 82 3 0 17 0.00 0.0 0 10.2 21 200 M M 3 28 20
12 89 64 77 -2 0 12 0.00 0.0 0 5.2 14 130 M M 0 18 130
13 95 66 81 2 0 16 0.00 0.0 0 12.2 20 160 M M 0 28 160
14 92 71 82 3 0 17 0.08 0.0 0 10.5 25 140 M M 3 3 32 250
15 82 67 75 -4 0 10 1.45 0.0 0 5.2 20 220 M M 7 13 28 230
16 89 68 79 0 0 14 0.00 0.0 0 8.5 16 160 M M 1 1 21 170
17 94 73 84 5 0 19 0.00 0.0 0 10.6 21 180 M M 0 29 170
18 99 74 87 8 0 22 0.02 0.0 0 18.8 35 270 M M 0 3 54 270
19 91 71 81 2 0 16 0.08 0.0 0 7.6 20 310 M M 2 13 28 300
20 88 70 79 0 0 14 0.91 0.0 0 9.2 38 230 M M 1 13 56 220
21 89 69 79 0 0 14 0.05 0.0 0 6.6 24 330 M M 4 32 330
22 91 70 81 2 0 16 0.00 0.0 0 6.5 15 130 M M 1 21 110
23 94 72 83 4 0 18 0.00 0.0 0 10.4 18 160 M M 0 25 160
24 94 77 86 7 0 21 0.00 0.0 0 12.7 21 180 M M 1 28 170
25 94 78 86 7 0 21 0.00 0.0 0 13.2 22 170 M M 1 30 160
26 96 73 85 6 0 20 2.54 0.0 0 11.5 30 30 M M 3 13 41 30
27 86 72 79 0 0 14 1.09 0.0 0 4.4 10 80 M M 6 18 19 60
28 88 69 79 0 0 14 0.00 0.0 0 4.0 15 180 M M 6 12 20 180
29 87 74 81 2 0 16 0.00 0.0 0 5.8 15 40 M M 6 3 22 70
30 76 69 73 -6 0 8 1.53 0.0 0 9.1 17 360 M M 8 1 24 360
31 84 64 74 -5 0 9 0.00 0.0 0 7.8 15 10 M M 0 21 10
================================================================================
SM 2804 2177 0 483 10.24 0.0 266.7 M 74
================================================================================
AV 90.5 70.2 8.6 FASTST M M 2 MAX(MPH)
MISC ----> # 40 330 # 60 320
================================================================================
NOTES:
# LAST OF SEVERAL OCCURRENCES
COLUMN 17 PEAK WIND IN M.P.H.
PRELIMINARY LOCAL CLIMATOLOGICAL DATA (WS FORM: F-6) , PAGE 2
STATION: Concordia KS
MONTH: JULY
YEAR: 2020
LATITUDE: 39 32 N
LONGITUDE: 97 39 W
[TEMPERATURE DATA] [PRECIPITATION DATA] SYMBOLS USED IN COLUMN 16
AVERAGE MONTHLY: 80.3 TOTAL FOR MONTH: 10.24 1 = FOG OR MIST
DPTR FM NORMAL: 1.2 DPTR FM NORMAL: 6.32 2 = FOG REDUCING VISIBILITY
HIGHEST: 99 ON 18 GRTST 24HR 2.54 ON 26-26 TO 1/4 MILE OR LESS
LOWEST: 64 ON 31,12 3 = THUNDER
SNOW, ICE PELLETS, HAIL 4 = ICE PELLETS
TOTAL MONTH: 0.0 INCH 5 = HAIL
GRTST 24HR 0.0 6 = FREEZING RAIN OR DRIZZLE
GRTST DEPTH: 0 7 = DUSTSTORM OR SANDSTORM:
VSBY 1/2 MILE OR LESS
8 = SMOKE OR HAZE
[NO. OF DAYS WITH] [WEATHER - DAYS WITH] 9 = BLOWING SNOW
X = TORNADO
MAX 32 OR BELOW: 0 0.01 INCH OR MORE: 14
MAX 90 OR ABOVE: 18 0.10 INCH OR MORE: 10
MIN 32 OR BELOW: 0 0.50 INCH OR MORE: 7
MIN 0 OR BELOW: 0 1.00 INCH OR MORE: 5
[HDD (BASE 65) ]
TOTAL THIS MO. 0 CLEAR (SCALE 0-3) 23
DPTR FM NORMAL 0 PTCLDY (SCALE 4-7) 7
TOTAL FM JUL 1 0 CLOUDY (SCALE 8-10) 1
DPTR FM NORMAL 0
[CDD (BASE 65) ]
TOTAL THIS MO. 483
DPTR FM NORMAL 47 [PRESSURE DATA]
TOTAL FM JAN 1 1004 HIGHEST SLP M ON M
DPTR FM NORMAL 214 LOWEST SLP 29.67 ON 9
[REMARKS]
#FINAL-07-20#